-- Data for Name: appointment_users; Type: TABLE DATA; Schema: public; Owner: -
--

INSERT INTO public.appointment_users VALUES ('a58753e8-3bf1-4a66-bfff-51d96f9268c8', '287910d5-aae5-4aae-ac50-f67e44b2dc38', '1e79d958-9e84-4d3a-b352-64cf8aa9d18f');
INSERT INTO public.appointment_users VALUES ('21d8fb13-926e-4b7f-9f9e-1daca82d08b8', '51538633-066f-4b4b-b426-fb826e9b31ac', '1e79d958-9e84-4d3a-b352-64cf8aa9d18f');
INSERT INTO public.appointment_users VALUES ('ac132c87-9cec-47b1-b0a8-54f7edf34454', '51538633-066f-4b4b-b426-fb826e9b31ac', 'f6c6c289-8ab4-40fb-be72-b9a72c46f250');
INSERT INTO public.appointment_users VALUES ('1832fe39-59ac-4079-95ca-10d53318a39f', '171f37d1-87e7-483c-9247-bf572dec070a', '1e79d958-9e84-4d3a-b352-64cf8aa9d18f');
INSERT INTO public.appointment_users VALUES ('95798d86-ff3f-41d2-89ab-5f1a5a54c349', '171f37d1-87e7-483c-9247-bf572dec070a', 'f6c6c289-8ab4-40fb-be72-b9a72c46f250');
INSERT INTO public.appointment_users VALUES ('c6ec1c2a-7d25-476f-8c68-89a9acc18c38', '9f2f14df-b8c5-4d36-967d-854fe061656c', '1e79d958-9e84-4d3a-b352-64cf8aa9d18f');
INSERT INTO public.appointment_users VALUES ('c13d2f6f-4892-4210-a7cc-316b42e7f92b', '9f2f14df-b8c5-4d36-967d-854fe061656c', 'f6c6c289-8ab4-40fb-be72-b9a72c46f250');
INSERT INTO public.appointment_users VALUES ('466ae329-fba4-4758-a2b5-d864e8ab8929', '2ab5d1ea-89c3-42fb-8b97-22faf498327c', '1e79d958-9e84-4d3a-b352-64cf8aa9d18f');
INSERT INTO public.appointment_users VALUES ('7e92d856-e4bc-47fe-bde5-197ec5a6cf17', '2ab5d1ea-89c3-42fb-8b97-22faf498327c', 'f6c6c289-8ab4-40fb-be72-b9a72c46f250');
INSERT INTO public.appointment_users VALUES ('a6dbe9d7-24d4-475c-8f56-245e18a510fc', '3789f39c-997c-48ae-9ece-763d59ed4ace', '1e79d958-9e84-4d3a-b352-64cf8aa9d18f');
INSERT INTO public.appointment_users VALUES ('04d96d68-4bb8-4a08-bb44-032fca6bf76d', '3789f39c-997c-48ae-9ece-763d59ed4ace', 'f6c6c289-8ab4-40fb-be72-b9a72c46f250');
INSERT INTO public.appointment_users VALUES ('30f9530c-2630-4ac5-853a-ff15940eb3dd', 'fddc6eeb-70c7-4dcd-921c-3b419b994e7d', '1e79d958-9e84-4d3a-b352-64cf8aa9d18f');
INSERT INTO public.appointment_users VALUES ('69db3391-18a8-42e7-a93e-e207efbff74c', 'fddc6eeb-70c7-4dcd-921c-3b419b994e7d', 'f6c6c289-8ab4-40fb-be72-b9a72c46f250');
INSERT INTO public.appointment_users VALUES ('cb5f6086-bce2-40f0-a11a-ad64a3e20f04', '6086f1cc-e2e7-4470-a19d-471816148f90', 'f6c6c289-8ab4-40fb-be72-b9a72c46f250');
INSERT INTO public.appointment_users VALUES ('cc986a9d-5453-48f5-92df-a02194b80fd4', '54572d4c-4eda-4020-96b4-682b58eab0bb', '1e79d958-9e84-4d3a-b352-64cf8aa9d18f');
INSERT INTO public.appointment_users VALUES ('49aaa86e-db23-4a81-aa24-782b97769558', '54572d4c-4eda-4020-96b4-682b58eab0bb', 'f6c6c289-8ab4-40fb-be72-b9a72c46f250');
INSERT INTO public.appointment_users VALUES ('507a9679-f72d-42a3-a7bd-e018520d7fbc', '716a900a-9abb-4e78-8df8-0b742962d286', '1e79d958-9e84-4d3a-b352-64cf8aa9d18f');
INSERT INTO public.appointment_users VALUES ('9c1041cc-241a-4c04-880d-564ae450e9f8', '716a900a-9abb-4e78-8df8-0b742962d286', 'f6c6c289-8ab4-40fb-be72-b9a72c46f250');
INSERT INTO public.appointment_users VALUES ('ef8c741f-370a-43ff-86a6-c25023d2f710', '2e98106a-2f03-4f61-a1b8-28e59178df14', 'f6c6c289-8ab4-40fb-be72-b9a72c46f250');
INSERT INTO public.appointment_users VALUES ('64af5587-bef5-41ee-aaf2-32f64225ef11', '2e98106a-2f03-4f61-a1b8-28e59178df14', '1e79d958-9e84-4d3a-b352-64cf8aa9d18f');
INSERT INTO public.appointment_users VALUES ('df150b72-700c-4562-9366-b33df445f7cd', 'a730c218-cab2-42cb-bfc4-015943384561', '1e79d958-9e84-4d3a-b352-64cf8aa9d18f');
INSERT INTO public.appointment_users VALUES ('adf3099e-7f52-40fc-bd5c-5656d3745a53', 'a730c218-cab2-42cb-bfc4-015943384561', 'f6c6c289-8ab4-40fb-be72-b9a72c46f250');
INSERT INTO public.appointment_users VALUES ('0437baac-ea19-4ed6-9a4b-09bf699e85b5', '618aad44-4867-473e-9a4d-0a9ab17aa3ed', 'f6c6c289-8ab4-40fb-be72-b9a72c46f250');
INSERT INTO public.appointment_users VALUES ('287f334d-44ec-4b7d-beaa-141eeeab38d8', '618aad44-4867-473e-9a4d-0a9ab17aa3ed', '1e79d958-9e84-4d3a-b352-64cf8aa9d18f');
INSERT INTO public.appointment_users VALUES ('1ecc6d61-1eab-43c4-bb89-6c045acd2a58', '9475949b-3abc-4e46-b35f-745d5b636298', 'f6c6c289-8ab4-40fb-be72-b9a72c46f250');
INSERT INTO public.appointment_users VALUES ('5c8beb20-9d64-48ae-8eff-23d78552f62f', '9475949b-3abc-4e46-b35f-745d5b636298', '1e79d958-9e84-4d3a-b352-64cf8aa9d18f');
INSERT INTO public.appointment_users VALUES ('db662aba-6b02-47a0-a8de-8e269e8fa1a8', 'd2140fe8-e8e3-4073-bf39-d50753aaf214', 'f6c6c289-8ab4-40fb-be72-b9a72c46f250');
INSERT INTO public.appointment_users VALUES ('5342757b-d3b4-4d5b-b14b-60a120de9d0d', 'd2140fe8-e8e3-4073-bf39-d50753aaf214', '1e79d958-9e84-4d3a-b352-64cf8aa9d18f');
INSERT INTO public.appointment_users VALUES ('2f41a696-b64e-4712-8415-e435d59fd86a', '0e1b3104-6703-451c-995d-0661d46b1256', 'f6c6c289-8ab4-40fb-be72-b9a72c46f250');
INSERT INTO public.appointment_users VALUES ('4424daf8-a247-4b75-9ac6-6724fac75f33', '0e1b3104-6703-451c-995d-0661d46b1256', '1e79d958-9e84-4d3a-b352-64cf8aa9d18f');
INSERT INTO public.appointment_users VALUES ('be64d8bf-3191-4fd7-bd8b-e7572b964fdf', '96372e04-0507-47a9-8da0-467e4bc51378', '1e79d958-9e84-4d3a-b352-64cf8aa9d18f');
INSERT INTO public.appointment_users VALUES ('8c54a48d-01fa-4db8-8671-f77b40057ccd', '2bc8d8a6-c655-47bb-83a7-233aa721a851', '1e79d958-9e84-4d3a-b352-64cf8aa9d18f');
INSERT INTO public.appointment_users VALUES ('ce18bcb1-4012-4e06-b67a-bf196a11e42b', '1a12af4d-5f62-4690-a5dd-6856667127e1', 'f6c6c289-8ab4-40fb-be72-b9a72c46f250');
INSERT INTO public.appointment_users VALUES ('9984a3b4-d05c-49f8-91df-2908acc48d80', '7e2304d0-7be9-41ef-aaf9-d9b4daad31e9', 'f6c6c289-8ab4-40fb-be72-b9a72c46f250');
INSERT INTO public.appointment_users VALUES ('ec674b42-a3fa-4232-8913-2fd6ad6a493e', '7e2304d0-7be9-41ef-aaf9-d9b4daad31e9', '1e79d958-9e84-4d3a-b352-64cf8aa9d18f');
INSERT INTO public.appointment_users VALUES ('206d0306-1bf1-44ab-aa07-dba4db6d18a5', 'c68bc2f0-dba6-4516-a081-3cbd9a8a9ebd', 'f6c6c289-8ab4-40fb-be72-b9a72c46f250');
INSERT INTO public.appointment_users VALUES ('f4f53445-08f0-4e32-9b79-2b878345409e', 'c68bc2f0-dba6-4516-a081-3cbd9a8a9ebd', '1e79d958-9e84-4d3a-b352-64cf8aa9d18f');
INSERT INTO public.appointment_users VALUES ('080964e5-c0f8-4f21-afdc-c99af8e0e1e5', '11d3c062-5bcc-4e54-ae2f-4ef62bde7534', 'f6c6c289-8ab4-40fb-be72-b9a72c46f250');
INSERT INTO public.appointment_users VALUES ('f8f53ff7-cae3-47fa-8ef2-ee953c2aab67', '11d3c062-5bcc-4e54-ae2f-4ef62bde7534', '1e79d958-9e84-4d3a-b352-64cf8aa9d18f');
INSERT INTO public.appointment_users VALUES ('b26c80d3-b0b7-4037-a242-82a04fdaf567', '2c8bb8de-b21a-4b6c-9d07-df469bec3559', '1e79d958-9e84-4d3a-b352-64cf8aa9d18f');
INSERT INTO public.appointment_users VALUES ('7b51b76b-a8fa-4f52-bbcb-d09036828aee', '2c8bb8de-b21a-4b6c-9d07-df469bec3559', 'f6c6c289-8ab4-40fb-be72-b9a72c46f250');
INSERT INTO public.appointment_users VALUES ('19ac1221-be9f-4199-8461-751b9ffa58e1', '6ad08eb9-ecf9-45e0-9acd-696a67179dd1', 'f6c6c289-8ab4-40fb-be72-b9a72c46f250');
INSERT INTO public.appointment_users VALUES ('c4070815-ffc2-4a0d-a831-474c4f1b5927', '6ad08eb9-ecf9-45e0-9acd-696a67179dd1', '1e79d958-9e84-4d3a-b352-64cf8aa9d18f');
INSERT INTO public.appointment_users VALUES ('8f214fc5-aa4e-455d-9996-308cdd2b2469', '9ef04061-460c-45d3-8abd-aa5bf095f219', '1e79d958-9e84-4d3a-b352-64cf8aa9d18f');
INSERT INTO public.appointment_users VALUES ('f7a4fc54-f56e-4aec-8e4d-de16ac92c3c7', '9ef04061-460c-45d3-8abd-aa5bf095f219', 'f6c6c289-8ab4-40fb-be72-b9a72c46f250');
INSERT INTO public.appointment_users VALUES ('95480a6f-e7e6-4030-8ad5-fc8c35bc289a', 'c0a6547a-9415-472b-913b-703069c6b78c', 'f6c6c289-8ab4-40fb-be72-b9a72c46f250');
INSERT INTO public.appointment_users VALUES ('30d9931f-620e-4c41-8222-8e554a06fb01', 'fedba4b2-3a8c-4138-9338-678384bf66d4', 'f6c6c289-8ab4-40fb-be72-b9a72c46f250');
INSERT INTO public.appointment_users VALUES ('830dcd60-1a05-48ee-bbd2-6e27a739edc5', '566edb9d-b404-4cba-96f2-0e7248194892', 'f6c6c289-8ab4-40fb-be72-b9a72c46f250');
INSERT INTO public.appointment_users VALUES ('d376a77a-f26c-45a0-8f72-b1e883c230c7', '69e29588-9197-485b-a2de-f512c583e4de', 'f6c6c289-8ab4-40fb-be72-b9a72c46f250');
INSERT INTO public.appointment_users VALUES ('d49d4c3a-a65b-4033-b92d-e21ff5af0988', 'f3248bbe-aa07-4d26-8604-829176dfc98e', 'efc297b8-def8-4bfb-8b26-a6fb2fde502e');
INSERT INTO public.appointment_users VALUES ('9d3b5a60-a06e-470f-b24a-a347d4c2a13c', 'd587bafa-85c8-4777-ad81-0c52cd80a9fe', 'f6c6c289-8ab4-40fb-be72-b9a72c46f250');
INSERT INTO public.appointment_users VALUES ('87baf050-5be9-4d5e-a66a-978040a25147', '365f8c95-77f0-4ced-bc8a-cb665bf4bff5', 'f6c6c289-8ab4-40fb-be72-b9a72c46f250');
INSERT INTO public.appointment_users VALUES ('1183d0c8-da8b-404b-a5a2-ccf4135a326e', 'cdaa3722-1eed-4dec-b875-5fafab500103', 'f6c6c289-8ab4-40fb-be72-b9a72c46f250');
INSERT INTO public.appointment_users VALUES ('da43342c-7d6f-490f-9827-0d7bd9021a53', '24a1f7d5-1c52-4b52-98d1-c103200e0cef', 'f6c6c289-8ab4-40fb-be72-b9a72c46f250');
INSERT INTO public.appointment_users VALUES ('e3663853-5912-47a5-b28c-0decfba1c3e5', 'feadd164-aee7-4b0e-a67b-4bef78daf2b5', 'f6c6c289-8ab4-40fb-be72-b9a72c46f250');
INSERT INTO public.appointment_users VALUES ('b69d1a2b-f282-4763-9ee8-0941b0ee6623', 'ddc0a284-b763-4f75-b2d4-fe92f79b0c7a', 'efc297b8-def8-4bfb-8b26-a6fb2fde502e');
INSERT INTO public.appointment_users VALUES ('35f4e2b8-3a5d-4ed8-be6a-c52020573f6e', 'ddc0a284-b763-4f75-b2d4-fe92f79b0c7a', 'f6c6c289-8ab4-40fb-be72-b9a72c46f250');


--
-- Data for Name: appointments; Type: TABLE DATA; Schema: public; Owner: -
--

INSERT INTO public.appointments VALUES ('287910d5-aae5-4aae-ac50-f67e44b2dc38', 'c913c010-4244-4cd9-ae9a-10590afa2b45', '8de6ff31-e7f3-474a-a2e9-9602cddec1b6', '4f77550d-5a76-4241-81b3-8a03cf250337', '250918001', '2025-09-18 21:00:00.059+03', 'ENFEKSİYON ', 'POLGY + 500 CC DEKORT DESEFİN REDOKS *2 PANDEV 1 ', '2025-09-18 18:16:34.167044+03');
INSERT INTO public.appointments VALUES ('51538633-066f-4b4b-b426-fb826e9b31ac', 'c913c010-4244-4cd9-ae9a-10590afa2b45', '8de6ff31-e7f3-474a-a2e9-9602cddec1b6', '4f77550d-5a76-4241-81b3-8a03cf250337', '250918002', '2025-09-19 09:00:00+03', 'ENFEKSİYON ', 'POLGY + 500 CC DEKORT DESEFİN REDOKS *2 PANDEV 1 ', '2025-09-18 20:03:42.873213+03');
INSERT INTO public.appointments VALUES ('171f37d1-87e7-483c-9247-bf572dec070a', 'c913c010-4244-4cd9-ae9a-10590afa2b45', '8de6ff31-e7f3-474a-a2e9-9602cddec1b6', '4f77550d-5a76-4241-81b3-8a03cf250337', '250918003', '2025-09-19 21:00:00+03', 'ENFEKSİYON', 'POLGY + 500 CC DEKORT DESEFİN REDOKS *2 PANDEV 1 ', '2025-09-18 20:06:54.32632+03');
INSERT INTO public.appointments VALUES ('9f2f14df-b8c5-4d36-967d-854fe061656c', 'c913c010-4244-4cd9-ae9a-10590afa2b45', '8de6ff31-e7f3-474a-a2e9-9602cddec1b6', '4f77550d-5a76-4241-81b3-8a03cf250337', '250918005', '2025-09-20 21:00:00+03', NULL, 'POLGY + 500 CC DEKORT DESEFİN REDOKS *2 PANDEV 1 ', '2025-09-18 20:08:02.437412+03');
INSERT INTO public.appointments VALUES ('2ab5d1ea-89c3-42fb-8b97-22faf498327c', 'c913c010-4244-4cd9-ae9a-10590afa2b45', '8de6ff31-e7f3-474a-a2e9-9602cddec1b6', '4f77550d-5a76-4241-81b3-8a03cf250337', '250918004', '2025-09-20 09:00:00+03', NULL, 'POLGY + 500 CC DEKORT DESEFİN REDOKS *2 PANDEV 1 ', '2025-09-18 20:07:35.399805+03');
INSERT INTO public.appointments VALUES ('3789f39c-997c-48ae-9ece-763d59ed4ace', 'c913c010-4244-4cd9-ae9a-10590afa2b45', '8de6ff31-e7f3-474a-a2e9-9602cddec1b6', '4f77550d-5a76-4241-81b3-8a03cf250337', '250918006', '2025-09-21 09:00:00+03', NULL, 'POLGY + 500 CC DEKORT DESEFİN REDOKS *2 PANDEV 1 ', '2025-09-18 20:09:12.633893+03');
INSERT INTO public.appointments VALUES ('fddc6eeb-70c7-4dcd-921c-3b419b994e7d', 'c913c010-4244-4cd9-ae9a-10590afa2b45', '8de6ff31-e7f3-474a-a2e9-9602cddec1b6', '40aa91a9-e38b-466b-a196-d0afe2df8245', '250920007', '2025-09-20 10:00:00.197+03', 'ENFEKSİYON', 'CRP +ALT+AST+GGT+ D-DIMER+ÜRE +KREATİN+ÜRİK ASİT+TAM İDRAR +HEMOGRAM +FERRİTİN+AMİLAZ+LİPAZ +SODYUM+POTASYUM 
2 SARI 1 MOR 1MAVİ 1İDRAR KABI  İLE ALINICAK.7
 3500 TL ALINCAK KAN ÜCRETİ ', '2025-09-20 15:13:03.781868+03');
INSERT INTO public.appointments VALUES ('6086f1cc-e2e7-4470-a19d-471816148f90', 'c913c010-4244-4cd9-ae9a-10590afa2b45', '8de6ff31-e7f3-474a-a2e9-9602cddec1b6', '40aa91a9-e38b-466b-a196-d0afe2df8245', '250929002', '2025-09-29 09:00:00+03', 'glukoz açlık
alt
ast
ggt
alp
crp
biliribun inderk
total biliribun
üre
kreatin 
ferritin
hemogram
kalsıyum
demir
demirbağlama
', '2 sarı 1 mor ', '2025-09-29 02:37:23.997981+03');
INSERT INTO public.appointments VALUES ('54572d4c-4eda-4020-96b4-682b58eab0bb', '360715b4-6ffc-4064-8b6f-61f068b5fdba', '8de6ff31-e7f3-474a-a2e9-9602cddec1b6', '40aa91a9-e38b-466b-a196-d0afe2df8245', '250928001', '2025-09-29 09:00:00+03', 'hdl ldl totalkolestrol  bilirıbun indirelk total  bilirubin crp hemogramü
trigliserid 
Demir  çinko magnezyum 
Ferritin', NULL, '2025-09-28 15:25:01.528729+03');
INSERT INTO public.appointments VALUES ('716a900a-9abb-4e78-8df8-0b742962d286', '9da415bb-d077-4b9c-a0cf-d09d0abcda70', '8de6ff31-e7f3-474a-a2e9-9602cddec1b6', 'e40f110f-a583-41e1-b7fc-144f290cce1e', '250929003', '2025-09-30 10:00:00+03', NULL, 'Novosef sabah akşam 
Enox sabah 
2 günde bir pansuman ', '2025-09-29 23:08:53.465662+03');
INSERT INTO public.appointments VALUES ('2e98106a-2f03-4f61-a1b8-28e59178df14', '9da415bb-d077-4b9c-a0cf-d09d0abcda70', '8de6ff31-e7f3-474a-a2e9-9602cddec1b6', 'e40f110f-a583-41e1-b7fc-144f290cce1e', '250930006', '2025-09-30 22:00:44.875+03', NULL, NULL, '2025-09-30 12:51:01.48916+03');
INSERT INTO public.appointments VALUES ('2c8bb8de-b21a-4b6c-9d07-df469bec3559', 'aa1b00b8-1b2d-42dc-92fe-305929465bc8', 'f6c6c289-8ab4-40fb-be72-b9a72c46f250', '4f77550d-5a76-4241-81b3-8a03cf250337', '251008018', '2025-10-10 14:00:00+03', NULL, NULL, '2025-10-08 17:52:27.601506+03');
INSERT INTO public.appointments VALUES ('6ad08eb9-ecf9-45e0-9acd-696a67179dd1', 'aa1b00b8-1b2d-42dc-92fe-305929465bc8', 'f6c6c289-8ab4-40fb-be72-b9a72c46f250', '4f77550d-5a76-4241-81b3-8a03cf250337', '251008019', '2025-10-11 14:00:00+03', NULL, NULL, '2025-10-08 17:53:00.679644+03');
INSERT INTO public.appointments VALUES ('9ef04061-460c-45d3-8abd-aa5bf095f219', 'aa1b00b8-1b2d-42dc-92fe-305929465bc8', 'f6c6c289-8ab4-40fb-be72-b9a72c46f250', '4f77550d-5a76-4241-81b3-8a03cf250337', '251008020', '2025-10-12 14:00:00+03', NULL, NULL, '2025-10-08 17:53:37.459484+03');
INSERT INTO public.appointments VALUES ('a730c218-cab2-42cb-bfc4-015943384561', '9da415bb-d077-4b9c-a0cf-d09d0abcda70', '8de6ff31-e7f3-474a-a2e9-9602cddec1b6', 'e40f110f-a583-41e1-b7fc-144f290cce1e', '250930005', '2025-10-01 22:00:00+03', 'novasef 1 gr 2*1
enox 6000 1*1', 'pansuman 2 gunde  1', '2025-09-30 12:49:35.044599+03');
INSERT INTO public.appointments VALUES ('618aad44-4867-473e-9a4d-0a9ab17aa3ed', '9da415bb-d077-4b9c-a0cf-d09d0abcda70', '8de6ff31-e7f3-474a-a2e9-9602cddec1b6', 'e40f110f-a583-41e1-b7fc-144f290cce1e', '250930004', '2025-10-01 10:00:00+03', 'novasef 1 gr 2*1
enox 6000 1*1
Pansuman ', NULL, '2025-09-30 12:48:56.939552+03');
INSERT INTO public.appointments VALUES ('9475949b-3abc-4e46-b35f-745d5b636298', '9da415bb-d077-4b9c-a0cf-d09d0abcda70', 'f6c6c289-8ab4-40fb-be72-b9a72c46f250', 'e40f110f-a583-41e1-b7fc-144f290cce1e', '250930007', '2025-10-02 10:00:00+03', 'Enox 
Novosef', NULL, '2025-09-30 12:56:12.916975+03');
INSERT INTO public.appointments VALUES ('d2140fe8-e8e3-4073-bf39-d50753aaf214', '9da415bb-d077-4b9c-a0cf-d09d0abcda70', 'f6c6c289-8ab4-40fb-be72-b9a72c46f250', 'e40f110f-a583-41e1-b7fc-144f290cce1e', '250930008', '2025-10-02 22:00:00+03', 'Enox 
Novosef', NULL, '2025-09-30 12:57:10.242292+03');
INSERT INTO public.appointments VALUES ('0e1b3104-6703-451c-995d-0661d46b1256', '9da415bb-d077-4b9c-a0cf-d09d0abcda70', 'f6c6c289-8ab4-40fb-be72-b9a72c46f250', '65e0e75e-7ce1-431d-898f-113db3ec083a', '250930009', '2025-10-03 10:00:00+03', 'Pansuman 
Enox ', NULL, '2025-09-30 15:27:06.216554+03');
INSERT INTO public.appointments VALUES ('96372e04-0507-47a9-8da0-467e4bc51378', '9da415bb-d077-4b9c-a0cf-d09d0abcda70', 'f6c6c289-8ab4-40fb-be72-b9a72c46f250', 'e40f110f-a583-41e1-b7fc-144f290cce1e', '250930010', '2025-10-05 10:00:00+03', 'Enox', NULL, '2025-09-30 15:27:56.105899+03');
INSERT INTO public.appointments VALUES ('2bc8d8a6-c655-47bb-83a7-233aa721a851', '2a2827ae-7dd7-41c1-9bf6-1d1bc111242b', '8de6ff31-e7f3-474a-a2e9-9602cddec1b6', '65e0e75e-7ce1-431d-898f-113db3ec083a', '251002011', '2025-10-03 10:30:00+03', 'KOLONOSTAPİ DEĞİŞİMİ MALZESİZ ', NULL, '2025-10-02 11:53:28.533564+03');
INSERT INTO public.appointments VALUES ('1a12af4d-5f62-4690-a5dd-6856667127e1', 'c913c010-4244-4cd9-ae9a-10590afa2b45', '8de6ff31-e7f3-474a-a2e9-9602cddec1b6', '40aa91a9-e38b-466b-a196-d0afe2df8245', '251002012', '2025-10-03 00:00:00+03', 'anti tpo 
anti tg
tsh
t3
t4
hemogram
', '1 sarı 1 mor ', '2025-10-02 21:46:08.118117+03');
INSERT INTO public.appointments VALUES ('7e2304d0-7be9-41ef-aaf9-d9b4daad31e9', '14f2625d-e5be-4d18-96b1-24a9087d3e75', 'f6c6c289-8ab4-40fb-be72-b9a72c46f250', '65e0e75e-7ce1-431d-898f-113db3ec083a', '251003012', '2025-10-07 14:00:00+03', 'Sağ diz protez pansumanı', '800 tl ücret ', '2025-10-03 18:29:54.948656+03');
INSERT INTO public.appointments VALUES ('c68bc2f0-dba6-4516-a081-3cbd9a8a9ebd', '14f2625d-e5be-4d18-96b1-24a9087d3e75', 'f6c6c289-8ab4-40fb-be72-b9a72c46f250', '65e0e75e-7ce1-431d-898f-113db3ec083a', '251003013', '2025-10-11 14:00:00+03', 'Sağ diz protez pansumanı', '800 tl ücret', '2025-10-03 18:31:09.031701+03');
INSERT INTO public.appointments VALUES ('11d3c062-5bcc-4e54-ae2f-4ef62bde7534', 'aa1b00b8-1b2d-42dc-92fe-305929465bc8', 'f6c6c289-8ab4-40fb-be72-b9a72c46f250', '4f77550d-5a76-4241-81b3-8a03cf250337', '251008017', '2025-10-09 14:00:00+03', NULL, 'Boş serum kendi malzemeleri 800 tl', '2025-10-08 17:51:52.139281+03');
INSERT INTO public.appointments VALUES ('c0a6547a-9415-472b-913b-703069c6b78c', '4a55b867-d913-4665-aaeb-ddd1a38bc4b6', 'f6c6c289-8ab4-40fb-be72-b9a72c46f250', 'e8fb911b-7c9a-4299-a2fc-f23b538537a6', '251020001', '2025-10-21 18:00:00+03', NULL, '6500 tl toplu ödeme anlaşıldı', '2025-10-20 21:42:10.780273+03');
INSERT INTO public.appointments VALUES ('fedba4b2-3a8c-4138-9338-678384bf66d4', '4a55b867-d913-4665-aaeb-ddd1a38bc4b6', 'f6c6c289-8ab4-40fb-be72-b9a72c46f250', '120b42d0-1896-40fd-8119-0534c6fb5ec7', '251020002', '2025-10-22 18:00:00+03', NULL, NULL, '2025-10-20 21:42:50.343372+03');
INSERT INTO public.appointments VALUES ('566edb9d-b404-4cba-96f2-0e7248194892', '4a55b867-d913-4665-aaeb-ddd1a38bc4b6', 'f6c6c289-8ab4-40fb-be72-b9a72c46f250', '120b42d0-1896-40fd-8119-0534c6fb5ec7', '251020003', '2025-10-23 18:00:00+03', NULL, NULL, '2025-10-20 21:43:31.434692+03');
INSERT INTO public.appointments VALUES ('69e29588-9197-485b-a2de-f512c583e4de', '4a55b867-d913-4665-aaeb-ddd1a38bc4b6', 'f6c6c289-8ab4-40fb-be72-b9a72c46f250', '120b42d0-1896-40fd-8119-0534c6fb5ec7', '251020005', '2025-10-25 18:00:00+03', NULL, NULL, '2025-10-20 21:45:11.685744+03');
INSERT INTO public.appointments VALUES ('f3248bbe-aa07-4d26-8604-829176dfc98e', '4a55b867-d913-4665-aaeb-ddd1a38bc4b6', 'f6c6c289-8ab4-40fb-be72-b9a72c46f250', '120b42d0-1896-40fd-8119-0534c6fb5ec7', '251020006', '2025-10-26 18:00:00+03', NULL, NULL, '2025-10-20 21:45:54.183884+03');
INSERT INTO public.appointments VALUES ('d587bafa-85c8-4777-ad81-0c52cd80a9fe', '4a55b867-d913-4665-aaeb-ddd1a38bc4b6', 'f6c6c289-8ab4-40fb-be72-b9a72c46f250', '120b42d0-1896-40fd-8119-0534c6fb5ec7', '251020007', '2025-10-27 18:00:00+03', NULL, NULL, '2025-10-20 21:46:21.504075+03');
INSERT INTO public.appointments VALUES ('365f8c95-77f0-4ced-bc8a-cb665bf4bff5', '4a55b867-d913-4665-aaeb-ddd1a38bc4b6', 'f6c6c289-8ab4-40fb-be72-b9a72c46f250', '120b42d0-1896-40fd-8119-0534c6fb5ec7', '251020009', '2025-10-28 18:00:00+03', NULL, NULL, '2025-10-20 21:47:22.94891+03');
INSERT INTO public.appointments VALUES ('cdaa3722-1eed-4dec-b875-5fafab500103', '4a55b867-d913-4665-aaeb-ddd1a38bc4b6', 'f6c6c289-8ab4-40fb-be72-b9a72c46f250', '120b42d0-1896-40fd-8119-0534c6fb5ec7', '251020010', '2025-10-30 18:00:00+03', NULL, NULL, '2025-10-20 21:48:13.738233+03');
INSERT INTO public.appointments VALUES ('24a1f7d5-1c52-4b52-98d1-c103200e0cef', '4a55b867-d913-4665-aaeb-ddd1a38bc4b6', 'f6c6c289-8ab4-40fb-be72-b9a72c46f250', '120b42d0-1896-40fd-8119-0534c6fb5ec7', '251020011', '2025-10-31 18:00:00+03', NULL, NULL, '2025-10-20 21:48:44.308393+03');
INSERT INTO public.appointments VALUES ('feadd164-aee7-4b0e-a67b-4bef78daf2b5', '4a55b867-d913-4665-aaeb-ddd1a38bc4b6', 'f6c6c289-8ab4-40fb-be72-b9a72c46f250', '120b42d0-1896-40fd-8119-0534c6fb5ec7', '251020012', '2025-11-01 18:00:00+03', NULL, NULL, '2025-10-20 21:49:46.548182+03');
INSERT INTO public.appointments VALUES ('ddc0a284-b763-4f75-b2d4-fe92f79b0c7a', '4a55b867-d913-4665-aaeb-ddd1a38bc4b6', 'f6c6c289-8ab4-40fb-be72-b9a72c46f250', 'e8fb911b-7c9a-4299-a2fc-f23b538537a6', '251020013', '2025-11-02 18:00:00+03', NULL, NULL, '2025-10-20 21:50:16.665374+03');


--
-- Data for Name: blood_companies; Type: TABLE DATA; Schema: public; Owner: -
--

INSERT INTO public.blood_companies VALUES ('59dd52f1-89ae-4144-85c5-29f8db1e4327', 'Biyotıp');


--
-- Data for Name: blood_test_items; Type: TABLE DATA; Schema: public; Owner: -
--



--
-- Data for Name: blood_tests; Type: TABLE DATA; Schema: public; Owner: -
--

INSERT INTO public.blood_tests VALUES ('9bd8f40a-42ee-4434-9deb-b2bcbf95660e', NULL, '8de6ff31-e7f3-474a-a2e9-9602cddec1b6', NULL, '{Ekran_g_r_nt_s__2025-09-18_183049_1758209573603.png}', '{Ekran_g_r_nt_s__2025-09-18_204329_1758217475201.png,Ekran_g_r_nt_s__2025-09-18_204400222_1758217477635.png,Ekran_g_r_nt_s__2025-09-18_183049_1758209573603_1758217586983.png}', NULL);
INSERT INTO public.blood_tests VALUES ('01b515de-1d46-46c4-9bea-8cddff94f464', NULL, '8de6ff31-e7f3-474a-a2e9-9602cddec1b6', NULL, '{}', '{Ekran_g_r_nt_s__2025-09-29_172205P_1759175407242.png,Ekran_g_r_nt_s__2025-09-29_172250_1759175410601.png}', NULL);
INSERT INTO public.blood_tests VALUES ('a94cac48-8109-4c33-ae1c-da0a5de401c0', '59dd52f1-89ae-4144-85c5-29f8db1e4327', 'f6c6c289-8ab4-40fb-be72-b9a72c46f250', NULL, '{}', '{112_1759502614100.png,13_1759502927805.png}', NULL);
INSERT INTO public.blood_tests VALUES ('b61a341c-d935-4a8f-9e54-832bd3f9dd75', NULL, '8de6ff31-e7f3-474a-a2e9-9602cddec1b6', NULL, '{}', '{IMG_2205_1759823097070.jpeg}', NULL);
INSERT INTO public.blood_tests VALUES ('4cf733a2-6c71-4a09-bff8-9ff04ccc9727', NULL, '8de6ff31-e7f3-474a-a2e9-9602cddec1b6', NULL, '{}', '{147_1760361836095.png,1478_1760361900514.png}', NULL);
INSERT INTO public.blood_tests VALUES ('751cb224-c963-4795-98a2-bbdc72753b07', NULL, '8de6ff31-e7f3-474a-a2e9-9602cddec1b6', NULL, '{}', '{orhan__avunt_1_1761388802772.png,orhan__avunt_2_1761388806285.png,orhan__avunt_3_1761388809762.png,orhan__avunt_4_1761388813230.png}', NULL);
INSERT INTO public.blood_tests VALUES ('d9736f67-be2a-4b1b-9282-50d1c5951e9f', NULL, '8de6ff31-e7f3-474a-a2e9-9602cddec1b6', NULL, '{}', '{nuran_bagban_1_1761565581974.png,nuran_bagban_12_2png_1761565584934.png}', NULL);


--
-- Data for Name: blood_values; Type: TABLE DATA; Schema: public; Owner: -
--

INSERT INTO public.blood_values VALUES ('4d2fa4dc-677f-4493-803a-da70697cd63d', 'af6a83b5-57e8-41ff-8bd1-facf250816ea', 'af864d69-3dd1-4713-a931-c193c7e6e585', 'alt');


--
-- Data for Name: categories; Type: TABLE DATA; Schema: public; Owner: -
--

INSERT INTO public.categories VALUES ('581c3639-19bf-4660-9868-74d3b67a3036', 'İşletme Giderleri', 'expenses');
INSERT INTO public.categories VALUES ('6ff1a62b-59d1-47d0-97ad-3f03f22a9c1c', 'Nakit Kasalar', 'accounts');
INSERT INTO public.categories VALUES ('529b281c-181f-476b-bc15-d25d2de11137', 'Banka Hesapları', 'accounts');
INSERT INTO public.categories VALUES ('6b0b86d6-73c5-4899-b04a-5c517442a1fa', 'Pos Hesapları', 'accounts');
INSERT INTO public.categories VALUES ('9511358b-ed23-414f-b7a6-4aabca6a72d8', 'Personel Kasaları', 'accounts');
INSERT INTO public.categories VALUES ('fcc6f5a4-be0f-4ccc-a777-0f28ed14f253', 'Personel Giderleri', 'expenses');
INSERT INTO public.categories VALUES ('44804829-2c7f-4735-8b75-01ccdf8d5118', 'Araç Giderleri', 'expenses');
INSERT INTO public.categories VALUES ('7c372729-2819-4ff2-b39b-a0d08aa6a5b4', 'Antibiyotik', 'medicines');
INSERT INTO public.categories VALUES ('f802cd2d-8f34-4c6b-9889-f4f2b739d7ba', 'Antihistaminik', 'medicines');
INSERT INTO public.categories VALUES ('2e2881fa-c2d9-4c92-aff5-2bf619b9562a', 'Kortikosteroid', 'medicines');
INSERT INTO public.categories VALUES ('c6a110a2-dd10-4b0a-b673-e949dd6cf20f', 'Ağrı Kesici', 'medicines');
INSERT INTO public.categories VALUES ('20955b08-fd8c-4166-849a-46bcd18f4ae5', 'Diüretik', 'medicines');
INSERT INTO public.categories VALUES ('68570769-2140-41e0-85ff-54afbef78278', 'Antiemetik', 'medicines');
INSERT INTO public.categories VALUES ('e7415b26-b6f9-4071-aecc-5366c13c7e6a', 'Antiemetik', 'medicines');
INSERT INTO public.categories VALUES ('cb7d0977-f750-4f9a-b3f8-f9f29ca57d45', 'Paracetamol', 'medicines');
INSERT INTO public.categories VALUES ('c28bf1eb-8f66-45f5-8c10-c5cbef38517f', 'Mide Koruyucu', 'medicines');
INSERT INTO public.categories VALUES ('d0bcabae-6488-4695-9a41-f5838092f92a', 'Mide Spazmı', 'medicines');
INSERT INTO public.categories VALUES ('de2c611d-41c7-43e6-a224-ce1cfa92e078', 'Kas Gevşetici', 'medicines');
INSERT INTO public.categories VALUES ('ba051b32-7eba-4151-802e-75af9d6bea92', 'Vitamin', 'medicines');
INSERT INTO public.categories VALUES ('79a9f9d2-b0ad-4f0e-9de8-efdcd2f21bc0', 'Nukolitik', 'medicines');
INSERT INTO public.categories VALUES ('752220de-42ca-45d4-8964-63f089698975', 'Demir Eksikliği', 'medicines');
INSERT INTO public.categories VALUES ('c76370be-8392-4c3b-bccb-3e7df2fa0529', 'Nootropik', 'medicines');
INSERT INTO public.categories VALUES ('4aa191e1-54b1-4a7d-89bd-4b97c0f4886e', 'Antipsikotik', 'medicines');
INSERT INTO public.categories VALUES ('d25c7a09-13bb-4583-87c2-1571bec8ae2d', 'Mineral', 'medicines');
INSERT INTO public.categories VALUES ('cecbcd34-2eb3-4dfc-9420-b46f30dcf14b', 'Acil Durum', 'medicines');
INSERT INTO public.categories VALUES ('d8a07b65-9bad-49c1-b070-ace29a93fe43', 'Acil Durum İlacı', 'medicines');
INSERT INTO public.categories VALUES ('60299ba4-e291-4b09-a315-e7101f837dfd', 'IV Solüsyonlar', 'medicines');
INSERT INTO public.categories VALUES ('75c14e3d-2799-4e6a-b3ef-4f5d6628db8c', 'Antioksidan', 'medicines');
INSERT INTO public.categories VALUES ('c24ae95e-f972-4c8d-abd5-fce573eff42b', 'Serum Seti', 'medicines');
INSERT INTO public.categories VALUES ('af6a83b5-57e8-41ff-8bd1-facf250816ea', 'Genel Biyokimya', 'blood_values');
INSERT INTO public.categories VALUES ('af1395f1-ce5f-48e2-8826-4746b44541d7', 'Ödenecekler', 'accounts');
INSERT INTO public.categories VALUES ('6d13e6b8-a053-40d4-bcd6-5bab46908eae', 'DIŞ HİZMET ALIMI', 'expenses');
INSERT INTO public.categories VALUES ('b4072a45-8071-46e2-a779-9c52d757225b', 'İLAÇ VE MEDİKAL MALZEME', 'expenses');
INSERT INTO public.categories VALUES ('9d647c15-70ad-4346-a07e-3c78cead03fa', 'REKLAM GİDERLERİ ', 'expenses');
INSERT INTO public.categories VALUES ('0f8eea5d-25c8-42b3-b188-b3539fded8f9', 'Şahsi Kredi Kartları', 'accounts');
INSERT INTO public.categories VALUES ('a16cceb8-caed-4bb1-a207-1c67aa2aecd8', 'BİREYSEL', 'expenses');
INSERT INTO public.categories VALUES ('711ab592-cf37-4dad-9db0-cb02f2dec990', 'DOKTORLAR', 'suppliers');
INSERT INTO public.categories VALUES ('c74ab61d-d47b-491f-b465-483bc2668254', 'İLAÇLAR', 'suppliers');
INSERT INTO public.categories VALUES ('c7bd9b03-afd7-4ec5-932c-8cb0e90280ab', 'MEDİKAL MALZEMELER', 'suppliers');
INSERT INTO public.categories VALUES ('2ef81e72-73de-4cd4-8aa8-cacf5edda07b', 'TIBBİ GÖRÜNTÜLEME', 'suppliers');
INSERT INTO public.categories VALUES ('9e72889c-0a52-47ef-b78c-f4c9425f2370', 'TIBBİ LABORATUVAR', 'suppliers');
INSERT INTO public.categories VALUES ('15fdb2b0-7e45-49ce-a865-025699a7fe44', 'HASTANELER', 'suppliers');
INSERT INTO public.categories VALUES ('d8543501-4a6d-4e85-8c70-82eacd331737', 'İNHALLER ', 'medicines');
INSERT INTO public.categories VALUES ('4e033ddb-9309-45d4-9952-9464a891b54b', ' KREM POMAD', 'medicines');
INSERT INTO public.categories VALUES ('d5740c89-f8a1-4309-864b-304b65770d1e', 'GÖZ DAMLASI ', 'medicines');
INSERT INTO public.categories VALUES ('5aefe0bf-8151-4fdf-ad33-ea08b7309565', 'HORMON İLACI', 'medicines');
INSERT INTO public.categories VALUES ('903eca7f-3813-4423-a345-9e47143ac2c0', 'GÖZ VE KULAK DAMLASI ', 'medicines');
INSERT INTO public.categories VALUES ('b24fbb85-fe9b-43d5-b047-f4ee976ff36d', 'AŞILAR', 'medicines');
INSERT INTO public.categories VALUES ('5ee1caaf-045b-4fa1-b793-eff2055bdad9', 'PODOLOG /AYAK BAKIM TEDAVİ ', 'suppliers');
INSERT INTO public.categories VALUES ('a308981b-ede7-480f-a83c-fabf3ebd4034', '......', 'accounts');
INSERT INTO public.categories VALUES ('873aebc8-f4e3-433f-824f-58e8f0287238', 'Mali Giderler', 'expenses');
INSERT INTO public.categories VALUES ('6394dd80-00e1-4208-a610-f7e3647226aa', 'ŞAHSİ BANKA HESAPLARI ', 'accounts');
INSERT INTO public.categories VALUES ('f49d881a-0fab-43ac-bbbc-b282a0266119', 'MEDİKAL ÜRÜNLER', 'medicines');
INSERT INTO public.categories VALUES ('3d6d3554-0113-40c2-914f-55b872618f8e', 'SARF MALZEMELERİ', 'medicines');
INSERT INTO public.categories VALUES ('b1899469-49d8-402d-b4d1-ce47eb638081', 'SERUMLAR ', 'medicines');
INSERT INTO public.categories VALUES ('6cfe854d-71cc-41ed-99d0-efc8fcaefa7e', 'NG SONDA', 'medicines');
INSERT INTO public.categories VALUES ('ae92f824-c553-4611-8ee9-2f567bcafd41', 'ASPİRASYON SONDA', 'medicines');
INSERT INTO public.categories VALUES ('f7ec8644-06ac-486d-8f0b-ed33287cd5c7', 'İDRAR SONDA MALZEMESİ ', 'medicines');
INSERT INTO public.categories VALUES ('480644c6-3faf-4dea-b34a-1d902902f130', 'Antiseptik Solüsyonlar', 'medicines');
INSERT INTO public.categories VALUES ('90dc9c12-809f-4d64-80f9-0d3861f8164f', 'ORTOPEDİ GRUBU', 'medicines');
INSERT INTO public.categories VALUES ('3af724b0-32d3-4362-91db-a338700158fa', 'Ortopedi grubu', 'medicines');
INSERT INTO public.categories VALUES ('67394c13-3ac9-4132-aa22-92beec8f4548', 'HAZIR ENJEKTÖR KAN SULANDIRICI', 'medicines');
INSERT INTO public.categories VALUES ('0d69db45-5520-4d35-aec0-15bdddef284e', 'Lokal Anestezik', 'medicines');
INSERT INTO public.categories VALUES ('1973ab17-d979-41a6-be12-4308b9cae367', 'Diyabetik', 'medicines');
INSERT INTO public.categories VALUES ('2080b751-0d86-4095-a893-8c9b3933e881', 'Vazodilatör', 'medicines');
INSERT INTO public.categories VALUES ('d9b0decb-4796-4a0c-bace-f74b9acb8d0d', 'TARAMA TESTİ', 'medicines');
INSERT INTO public.categories VALUES ('53351f09-d424-4f39-8d10-247fe36199cb', 'Hipotansif', 'medicines');
INSERT INTO public.categories VALUES ('dfb8f720-8ae2-4ea2-9cd9-f33c12387198', 'Pıhtılaşma önleyeci', 'medicines');
INSERT INTO public.categories VALUES ('3166836c-1bff-4bb6-8a1a-4bf9ae110f70', 'Hipertonik solüsyonlar', 'medicines');
INSERT INTO public.categories VALUES ('512f35ec-aeb8-43e8-a88c-4e3d3977577c', 'antiödematöz), iltihap giderici (anti-enflamatuvar) ve ağrı kesici (analjezik) ', 'medicines');
INSERT INTO public.categories VALUES ('e93374d3-5ab2-49e3-a23e-c9aecc3245fb', 'Kulak damlası ', 'medicines');
INSERT INTO public.categories VALUES ('273f179d-17da-4ee5-aa6a-f4429de540b1', 'BAĞIRSAK HASTALIKLAR ', 'medicines');
INSERT INTO public.categories VALUES ('df7d7c15-bbe6-44ea-9029-48e762a910bf', 'SOĞUK ALGINLĞI', 'medicines');
INSERT INTO public.categories VALUES ('80e76c77-d448-4ca0-8d65-6538127927d4', 'HİPERTANSİF', 'medicines');


--
-- Data for Name: configurations; Type: TABLE DATA; Schema: public; Owner: -
--

INSERT INTO public.configurations VALUES ('logo_white', 'alfa-app-logo_1730288410687_1730541554303.png');
INSERT INTO public.configurations VALUES ('logo_dark', 'logo-svg_1731406998004.png');
INSERT INTO public.configurations VALUES ('favicon', 'icon-svg_1730542195684.svg');
INSERT INTO public.configurations VALUES ('invoice_title', 'Alfa Sağlık Evde Bakım Merkezi');
INSERT INTO public.configurations VALUES ('invoice_type', 'Kurumsal');
INSERT INTO public.configurations VALUES ('invoice_phone', '+905376222455');
INSERT INTO public.configurations VALUES ('invoice_email', 'info@alfasaglik.com.tr');
INSERT INTO public.configurations VALUES ('invoice_website', 'www.alfasaglik.com.tr');
INSERT INTO public.configurations VALUES ('invoice_country', 'Türkiye');
INSERT INTO public.configurations VALUES ('invoice_city', 'Bursa');
INSERT INTO public.configurations VALUES ('invoice_district', 'Nilüfer');
INSERT INTO public.configurations VALUES ('invoice_address', 'İhsaniye Mahallesi Fatih Sultan Mehmet Bulvarı Plaza 224 B Blok No: 14 B/I PK:16130');
INSERT INTO public.configurations VALUES ('pdf_logo', 'logo-svg_1730288420704_1730541573845.svg');
INSERT INTO public.configurations VALUES ('pdf_favicon', 'icon-svg_1730288428711_1730541575938.svg');
INSERT INTO public.configurations VALUES ('on_the_way_message', 'Sayın Hastamız, sağlık ekibimiz yola çıkmıştır yaklaşık 15-30 dakika arasında adresinizde olacaktır. Alfa Sağlık Evde Bakım Merkezi');
INSERT INTO public.configurations VALUES ('default_cash_account', 'f92557de-f4dd-4438-9cb0-eed9008e149d');
INSERT INTO public.configurations VALUES ('default_credit_account', '88b94bc8-be15-4d0f-97de-50f4e29f711f');
INSERT INTO public.configurations VALUES ('default_bank_account', 'c3675bbf-9c43-4de9-b3ee-05d3107202c2');


--
-- Data for Name: departments; Type: TABLE DATA; Schema: public; Owner: -
--

INSERT INTO public.departments VALUES ('4f77550d-5a76-4241-81b3-8a03cf250337', 'SERUM');
INSERT INTO public.departments VALUES ('675e33bd-a3d9-4f42-9efb-83c794d42f71', 'GLUTATYON');
INSERT INTO public.departments VALUES ('309955bb-0e59-4bb2-b9a9-154f2a118535', 'DOKTOR MUAYENESİ');
INSERT INTO public.departments VALUES ('e40f110f-a583-41e1-b7fc-144f290cce1e', 'ENJEKSİYON');
INSERT INTO public.departments VALUES ('40aa91a9-e38b-466b-a196-d0afe2df8245', ' KAN TAHLİLİ');
INSERT INTO public.departments VALUES ('65e0e75e-7ce1-431d-898f-113db3ec083a', 'PANSUMAN');
INSERT INTO public.departments VALUES ('120b42d0-1896-40fd-8119-0534c6fb5ec7', 'KAN SULANDIRICI SUPKUTAN');
INSERT INTO public.departments VALUES ('99c9358a-5f54-4200-bad8-b821d407d528', 'RÖNTGEN ');
INSERT INTO public.departments VALUES ('b2d6db07-a507-4ac9-b3bd-8de95d5f360e', 'USG');
INSERT INTO public.departments VALUES ('e8fb911b-7c9a-4299-a2fc-f23b538537a6', 'KAN SULANDIRICI SUPKUTAN');


--
-- Data for Name: expense_records; Type: TABLE DATA; Schema: public; Owner: -
--

INSERT INTO public.expense_records VALUES ('9e75f052-5651-493a-a468-987b75d17ea7', '1551e08f-37e5-4b3e-8a9f-e83a65afd1f1', '8de6ff31-e7f3-474a-a2e9-9602cddec1b6', '81a345ca-8ba6-46c8-867a-b35d095bbd34', '2025-09-16 21:04:37.11+03', '2025-09-16 21:04:37.11+03', 100.000000, 0, NULL, 'ORDULU MEHMET ABİ ');
INSERT INTO public.expense_records VALUES ('9208abc6-e2d5-4e5e-add9-d2c8613af878', '065f49cf-50f2-467e-8e48-b67964e3a323', '8de6ff31-e7f3-474a-a2e9-9602cddec1b6', '5293c3dd-858c-4350-b38d-85a30a7cf3fa', '2025-09-17 22:35:03.179+03', '2025-09-17 22:35:03.179+03', 700.000000, 0, NULL, 'Merve aldı bendeki nakitle');
INSERT INTO public.expense_records VALUES ('198fde69-ceeb-43ed-a352-fdee7e83ceba', '66e1d6f8-6cbd-4e1e-bc25-d716319080d3', '8de6ff31-e7f3-474a-a2e9-9602cddec1b6', '261a9e9b-a489-4ddc-b0a7-8920fbd39bba', '2025-09-17 00:00:00+03', '2025-09-17 00:00:00+03', 6500.000000, 0, NULL, 'ADEN KALÇA USG KARIN USG ÇEKİMİ ');
INSERT INTO public.expense_records VALUES ('3a75d4e0-51a9-473b-9a4f-3c3fe0bd9229', 'ac8e83d5-4d0f-4f4f-aba3-94ed05a15455', '8de6ff31-e7f3-474a-a2e9-9602cddec1b6', '69859158-ff36-487c-8b4d-2e426d00241d', '2025-09-26 18:14:15.382+03', '2025-09-26 18:14:15.382+03', 19719.400000, 0, NULL, 'nilüfer vergi ');
INSERT INTO public.expense_records VALUES ('2c4adda5-821e-4f58-977b-647b143778c5', '50931714-b1fc-41bb-8727-69d3c383b5dd', '8de6ff31-e7f3-474a-a2e9-9602cddec1b6', '5293c3dd-858c-4350-b38d-85a30a7cf3fa', '2025-09-17 22:35:44.145+03', '2025-09-17 22:35:44.145+03', 600.000000, 0, NULL, 'Forma odendi doğana');
INSERT INTO public.expense_records VALUES ('7b632211-bf97-4684-ba81-8474f52061f9', '065f49cf-50f2-467e-8e48-b67964e3a323', '8de6ff31-e7f3-474a-a2e9-9602cddec1b6', '261a9e9b-a489-4ddc-b0a7-8920fbd39bba', '2025-09-17 00:00:00+03', '2025-09-17 00:00:00+03', 1000.000000, 0, NULL, 'VAKIF KREDİ KARTI ');
INSERT INTO public.expense_records VALUES ('9bcd370d-91e0-4b10-a1a2-6fc7c4ab8735', '63b9186b-8e4a-460e-95aa-a09f6c2833b3', '8de6ff31-e7f3-474a-a2e9-9602cddec1b6', '261a9e9b-a489-4ddc-b0a7-8920fbd39bba', '2025-09-18 01:14:02.045+03', '2025-09-14 00:00:00+03', 3956.790000, 0, NULL, 'VAKIF KREDİ KARTI BURAK PEKDEMİR ');
INSERT INTO public.expense_records VALUES ('7f0ace37-edb3-4021-a9dd-e018a3280e54', '7070802e-2e3f-4cf8-b4fa-81a8c6cd1ad2', '8de6ff31-e7f3-474a-a2e9-9602cddec1b6', '261a9e9b-a489-4ddc-b0a7-8920fbd39bba', '2025-09-15 00:00:00+03', '2025-09-15 00:00:00+03', 1850.000000, 0, NULL, 'VAKIF KREDİ KARTI BURAK PEKDEMİR 16 ZY 601 FORD ');
INSERT INTO public.expense_records VALUES ('00ad4bb3-c532-4893-82db-b2d9a877df63', 'dc0f9f6f-7735-4dcc-bf73-713829fb2207', '8de6ff31-e7f3-474a-a2e9-9602cddec1b6', '261a9e9b-a489-4ddc-b0a7-8920fbd39bba', '2025-09-17 00:00:00+03', '2025-09-17 00:00:00+03', 5000.000000, 0, NULL, 'garanti kredi kartından ödendi carpex firmasına ');
INSERT INTO public.expense_records VALUES ('4ea99638-39d8-4aad-bbc4-d0e32bbfab4d', 'a0b8fd92-1cd6-40ff-a95f-9b0d15f9ed09', '8de6ff31-e7f3-474a-a2e9-9602cddec1b6', '5293c3dd-858c-4350-b38d-85a30a7cf3fa', '2025-09-12 00:00:00+03', '2025-09-12 00:00:00+03', 4100.000000, 0, NULL, '4200 kaldı mete sivri kaya  serum 174 adet ');
INSERT INTO public.expense_records VALUES ('c0c337c4-ebb2-4aba-b841-ee9b68eabe0e', 'a20f9d26-bcb3-40d1-8f91-33d8531b3c2f', '8de6ff31-e7f3-474a-a2e9-9602cddec1b6', 'c3675bbf-9c43-4de9-b3ee-05d3107202c2', '2025-09-18 14:59:03.649+03', '2025-09-18 14:59:03.649+03', 3822.900000, 0, NULL, 'toplam 5 fatura agustos dahil.');
INSERT INTO public.expense_records VALUES ('138f3eaf-9497-42e9-ae10-8f87a1e94724', '2dcb923f-8df9-4c5c-8290-0146e2f4a539', '8de6ff31-e7f3-474a-a2e9-9602cddec1b6', 'f92557de-f4dd-4438-9cb0-eed9008e149d', '2025-09-18 16:42:47.052+03', '2025-09-18 16:42:47.052+03', 1300.000000, 0, NULL, 'hasta parası fatma sema tercan ');
INSERT INTO public.expense_records VALUES ('ad5c8374-7c6b-4ade-887d-c6b4bcb01f94', '98b1794c-5db3-48ff-a8fb-3c251846d051', '8de6ff31-e7f3-474a-a2e9-9602cddec1b6', '81a345ca-8ba6-46c8-867a-b35d095bbd34', '2025-09-18 17:01:10.743+03', '2025-09-18 17:01:10.743+03', 100.000000, 0, NULL, 'fatih medifem borç kalmadı ');
INSERT INTO public.expense_records VALUES ('c890689d-36b5-4457-bfcf-ecbe99d4af6e', '1551e08f-37e5-4b3e-8a9f-e83a65afd1f1', '8de6ff31-e7f3-474a-a2e9-9602cddec1b6', 'f92557de-f4dd-4438-9cb0-eed9008e149d', '2025-09-19 17:19:13.098+03', '2025-09-19 17:19:13.098+03', 650.000000, 0, NULL, 'araç yıkama');
INSERT INTO public.expense_records VALUES ('ec49ed35-b9c4-485b-bb4a-cdaf09997622', 'e4e93e78-642f-42f8-969c-4a34d37d9bdc', '8de6ff31-e7f3-474a-a2e9-9602cddec1b6', 'f92557de-f4dd-4438-9cb0-eed9008e149d', '2025-09-19 17:19:34.1+03', '2025-09-19 17:19:34.1+03', 1040.000000, 0, NULL, 'tritat misafir tatlı ');
INSERT INTO public.expense_records VALUES ('aaf8bed4-8d03-4ad2-a681-0e1f70c1378c', 'b7120e18-554d-4897-b4e3-90b5dc1859b4', '8de6ff31-e7f3-474a-a2e9-9602cddec1b6', 'c3675bbf-9c43-4de9-b3ee-05d3107202c2', '2025-09-19 21:07:11.722+03', '2025-09-19 21:07:11.722+03', 555.000000, 0, NULL, 'Su faturası');
INSERT INTO public.expense_records VALUES ('edef54b6-c7df-42c7-be71-b579e5f6d628', 'e4e93e78-642f-42f8-969c-4a34d37d9bdc', '8de6ff31-e7f3-474a-a2e9-9602cddec1b6', 'f92557de-f4dd-4438-9cb0-eed9008e149d', '2025-09-20 19:16:02.531+03', '2025-09-20 19:16:02.531+03', 850.000000, 0, NULL, 'cumartesi 3 kiişi yemek');
INSERT INTO public.expense_records VALUES ('374ec088-55cf-491c-b7c3-acf509ecae12', '065f49cf-50f2-467e-8e48-b67964e3a323', '8de6ff31-e7f3-474a-a2e9-9602cddec1b6', 'f92557de-f4dd-4438-9cb0-eed9008e149d', '2025-09-21 23:31:59.918+03', '2025-09-21 23:31:59.918+03', 1000.000000, 0, NULL, NULL);
INSERT INTO public.expense_records VALUES ('9fcb4c94-2e92-461d-9073-502d8a088b1d', 'e4e93e78-642f-42f8-969c-4a34d37d9bdc', '8de6ff31-e7f3-474a-a2e9-9602cddec1b6', '3f09dd7f-2484-498b-a22e-764c0a242fa6', '2025-09-21 23:32:39.386+03', '2025-09-21 23:32:39.386+03', 150.000000, 0, NULL, 'Yemek');
INSERT INTO public.expense_records VALUES ('f5c50277-ccba-4930-8ec5-cb80a06d0976', '7ffe5ec5-6f44-4db0-bbe0-3341a865f25b', '8de6ff31-e7f3-474a-a2e9-9602cddec1b6', '3f09dd7f-2484-498b-a22e-764c0a242fa6', '2025-09-21 00:00:00+03', '2025-09-22 00:14:13.147+03', 50.000000, 0, NULL, NULL);
INSERT INTO public.expense_records VALUES ('7ab0975e-a65d-456c-93e6-884420544879', '1e6d6b91-d906-48a6-8425-f1ce5ade4ced', '8de6ff31-e7f3-474a-a2e9-9602cddec1b6', '69859158-ff36-487c-8b4d-2e426d00241d', '2025-09-21 00:00:00+03', '2025-09-21 00:00:00+03', 4554.920000, 0, NULL, 'TUĞÇE KIYAFET JİMMY KEY ');
INSERT INTO public.expense_records VALUES ('3ddb77a9-fe57-471d-833f-209f2c496f24', '1e6d6b91-d906-48a6-8425-f1ce5ade4ced', '8de6ff31-e7f3-474a-a2e9-9602cddec1b6', 'f92557de-f4dd-4438-9cb0-eed9008e149d', '2025-09-22 21:13:47.563+03', '2025-09-22 21:13:47.563+03', 560.000000, 0, NULL, 'Misafirkiğe giderken tritat tatlı');
INSERT INTO public.expense_records VALUES ('3f9ee082-27e6-4908-9374-edcce95860ed', '1e6d6b91-d906-48a6-8425-f1ce5ade4ced', '8de6ff31-e7f3-474a-a2e9-9602cddec1b6', 'f92557de-f4dd-4438-9cb0-eed9008e149d', '2025-09-23 00:44:56.326+03', '2025-09-23 00:44:56.326+03', 100.000000, 0, NULL, 'market kabak cekırdegı ');
INSERT INTO public.expense_records VALUES ('4dd46047-43a6-4ce2-b9a0-a8bf797053e2', '1e6d6b91-d906-48a6-8425-f1ce5ade4ced', '8de6ff31-e7f3-474a-a2e9-9602cddec1b6', '69859158-ff36-487c-8b4d-2e426d00241d', '2025-09-23 13:27:30.815+03', '2025-09-23 13:27:30.815+03', 625.000000, 0, NULL, 'Ziyeret hediyesi');
INSERT INTO public.expense_records VALUES ('334074f9-4745-4539-9b28-95517a3c7e1d', '7ffe5ec5-6f44-4db0-bbe0-3341a865f25b', '8de6ff31-e7f3-474a-a2e9-9602cddec1b6', '222249ea-0f11-4b63-bd1f-0dba89c68644', '2025-09-23 13:57:54.345+03', '2025-09-23 13:57:54.345+03', 714.500000, 0, NULL, 'kahvaltılık alındı doğan aldı ');
INSERT INTO public.expense_records VALUES ('995771b4-d310-43ea-8a30-5eec85566c03', '241e047f-4f8b-4e2a-b1be-2993df622cc0', '8de6ff31-e7f3-474a-a2e9-9602cddec1b6', '69859158-ff36-487c-8b4d-2e426d00241d', '2025-09-23 20:27:01.349+03', '2025-09-23 20:27:01.349+03', 1400.000000, 0, NULL, NULL);
INSERT INTO public.expense_records VALUES ('378c0243-3a81-46e6-a0f4-72cbb89cd827', '241e047f-4f8b-4e2a-b1be-2993df622cc0', '8de6ff31-e7f3-474a-a2e9-9602cddec1b6', 'a5673813-796a-441c-86da-ed0766b8424b', '2025-09-23 22:49:36.151+03', '2025-09-23 22:49:36.151+03', 256.800000, 0, NULL, NULL);
INSERT INTO public.expense_records VALUES ('a1f14fcb-5502-49b0-be92-e1a088e84017', '6b2bda80-2876-4eee-9eda-e94ebcfdf64e', '8de6ff31-e7f3-474a-a2e9-9602cddec1b6', 'a5673813-796a-441c-86da-ed0766b8424b', '2025-09-24 02:46:21.232+03', '2025-09-24 02:46:21.232+03', 1099.000000, 0, NULL, 'Adene beşik');
INSERT INTO public.expense_records VALUES ('3861b627-2a18-4f51-b920-54b5e8311ba8', '065f49cf-50f2-467e-8e48-b67964e3a323', '8de6ff31-e7f3-474a-a2e9-9602cddec1b6', '222249ea-0f11-4b63-bd1f-0dba89c68644', '2025-09-24 16:24:08.367+03', '2025-09-24 16:24:08.367+03', 1500.000000, 0, NULL, NULL);
INSERT INTO public.expense_records VALUES ('18f6469e-7207-4278-9e42-f4aa6ca67cbc', '065f49cf-50f2-467e-8e48-b67964e3a323', '8de6ff31-e7f3-474a-a2e9-9602cddec1b6', 'f92557de-f4dd-4438-9cb0-eed9008e149d', '2025-09-24 19:12:23.049+03', '2025-09-24 19:12:23.049+03', 575.000000, 0, NULL, NULL);
INSERT INTO public.expense_records VALUES ('3ecb3b58-8811-4ac0-829a-6599bb6d6628', '6b2bda80-2876-4eee-9eda-e94ebcfdf64e', '8de6ff31-e7f3-474a-a2e9-9602cddec1b6', 'f92557de-f4dd-4438-9cb0-eed9008e149d', '2025-09-24 21:01:46.875+03', '2025-09-24 21:01:46.875+03', 570.000000, 0, NULL, 'Koftecı yusuf tavuk sucuk');
INSERT INTO public.expense_records VALUES ('f539b481-a2e2-4742-bd40-82eb67101fcb', '241e047f-4f8b-4e2a-b1be-2993df622cc0', '8de6ff31-e7f3-474a-a2e9-9602cddec1b6', 'e6baa3ee-ca68-44ce-a4f0-8ba62bf2ed9e', '2025-09-25 21:11:37.22+03', '2025-09-25 21:11:37.22+03', 1056.000000, 0, NULL, NULL);
INSERT INTO public.expense_records VALUES ('e977dd05-b512-4b1a-a58c-09e26d9322b7', '50931714-b1fc-41bb-8727-69d3c383b5dd', '8de6ff31-e7f3-474a-a2e9-9602cddec1b6', 'a5673813-796a-441c-86da-ed0766b8424b', '2025-09-25 22:21:37.906+03', '2025-09-25 22:21:37.906+03', 3174.000000, 0, NULL, NULL);
INSERT INTO public.expense_records VALUES ('cf6b6554-d450-47bd-a9e5-1e2a8a10b541', '5071193a-8faa-4d90-82df-346be4ee11bd', '8de6ff31-e7f3-474a-a2e9-9602cddec1b6', 'c3675bbf-9c43-4de9-b3ee-05d3107202c2', '2025-09-26 18:15:29.31+03', '2025-09-26 18:15:29.31+03', 10600.000000, 0, NULL, 'kaşe muhasebe');
INSERT INTO public.expense_records VALUES ('7f82d222-342f-405c-ba30-5e88c741f7c6', 'bd693d8e-2b00-49fe-b0c5-b9cbf927c397', '8de6ff31-e7f3-474a-a2e9-9602cddec1b6', '6a117629-ca97-46d3-83b7-95a4ecf816d9', '2025-09-26 18:18:31.523+03', '2025-09-26 18:18:31.523+03', 39656.840000, 0, NULL, NULL);
INSERT INTO public.expense_records VALUES ('50aa7cc3-cf88-4daa-a055-3ffd34bc6b5d', '6a0c483a-d42a-4d53-9ee5-935e2a57a2ec', '8de6ff31-e7f3-474a-a2e9-9602cddec1b6', '840ecd6a-717e-47a5-aa2b-262db2a55dd1', '2025-09-25 00:00:00+03', '2025-09-26 23:14:41.181+03', 1177.000000, 0, NULL, 'BURAK TELEFON FATURASI');
INSERT INTO public.expense_records VALUES ('211bbaee-9c17-47f8-a8b5-a3de2d66bbb8', '6a0c483a-d42a-4d53-9ee5-935e2a57a2ec', '8de6ff31-e7f3-474a-a2e9-9602cddec1b6', '840ecd6a-717e-47a5-aa2b-262db2a55dd1', '2025-09-26 23:15:26.126+03', '2025-09-26 23:15:26.126+03', 450.000000, 0, NULL, 'SU FATURASI');
INSERT INTO public.expense_records VALUES ('58f22e8b-9ca8-43e1-953a-72be33242180', '6b090874-8462-4198-ac54-cd1584edcb81', '8de6ff31-e7f3-474a-a2e9-9602cddec1b6', '840ecd6a-717e-47a5-aa2b-262db2a55dd1', '2025-09-26 23:17:19.355+03', '2025-09-26 23:17:19.355+03', 181.250000, 0, NULL, 'TEELEFON');
INSERT INTO public.expense_records VALUES ('981e1adf-8e83-4b3e-bfac-9e7341daf397', 'ee4741f1-799e-479e-b6a8-091f7b0a741b', '8de6ff31-e7f3-474a-a2e9-9602cddec1b6', '840ecd6a-717e-47a5-aa2b-262db2a55dd1', '2025-09-26 23:17:56.281+03', '2025-09-26 23:17:56.281+03', 187.790000, 0, NULL, 'GETİR ALIŞVERİŞ ');
INSERT INTO public.expense_records VALUES ('ef5848fb-8c3b-4ac6-99f2-a969d78e179d', '1e6d6b91-d906-48a6-8425-f1ce5ade4ced', '8de6ff31-e7f3-474a-a2e9-9602cddec1b6', '41b867bc-364e-4af6-ada5-08391afa2c54', '2025-09-27 11:05:42.779+03', '2025-09-27 11:05:42.779+03', 370.000000, 0, NULL, 'Borekçi sezgin sa ah kahvaltı');
INSERT INTO public.expense_records VALUES ('cfe11c37-7464-4c4f-9270-6acb12888a66', '065f49cf-50f2-467e-8e48-b67964e3a323', '8de6ff31-e7f3-474a-a2e9-9602cddec1b6', 'f92557de-f4dd-4438-9cb0-eed9008e149d', '2025-09-27 11:06:51.464+03', '2025-09-27 11:06:51.464+03', 900.000000, 0, NULL, 'Yakıt bfc merve');
INSERT INTO public.expense_records VALUES ('8bdaa948-2674-42ef-a782-e58bb0f05377', 'dc0f9f6f-7735-4dcc-bf73-713829fb2207', '8de6ff31-e7f3-474a-a2e9-9602cddec1b6', '6a117629-ca97-46d3-83b7-95a4ecf816d9', '2025-09-27 14:09:11.562+03', '2025-09-27 14:09:11.562+03', 8600.000000, 0, NULL, NULL);
INSERT INTO public.expense_records VALUES ('7daf67c5-5be4-41cd-a2b4-492d7d98a1ea', 'ee4741f1-799e-479e-b6a8-091f7b0a741b', '8de6ff31-e7f3-474a-a2e9-9602cddec1b6', '840ecd6a-717e-47a5-aa2b-262db2a55dd1', '2025-09-27 16:05:07.88+03', '2025-09-27 16:05:07.88+03', 421.180000, 0, NULL, 'getir alişveriş ');
INSERT INTO public.expense_records VALUES ('a33421a0-a216-4530-94aa-eb989a05f4a9', 'ee4741f1-799e-479e-b6a8-091f7b0a741b', '8de6ff31-e7f3-474a-a2e9-9602cddec1b6', '69859158-ff36-487c-8b4d-2e426d00241d', '2025-09-27 21:31:13.423+03', '2025-09-27 21:31:13.423+03', 2161.960000, 0, NULL, 'Hediye aden ve karen');
INSERT INTO public.expense_records VALUES ('dc7136fd-a9ec-4897-85cb-8f0a4767d8ee', 'ee4741f1-799e-479e-b6a8-091f7b0a741b', '8de6ff31-e7f3-474a-a2e9-9602cddec1b6', '09d13911-989d-4378-82e1-79ee5424d7f3', '2025-09-28 21:58:46.813+03', '2025-09-28 21:58:46.813+03', 6900.000000, 0, NULL, 'Yemek örnek et');
INSERT INTO public.expense_records VALUES ('e1e92479-5835-42d0-a184-0007e905e75c', '6b2bda80-2876-4eee-9eda-e94ebcfdf64e', '8de6ff31-e7f3-474a-a2e9-9602cddec1b6', '45fe261e-0128-42bf-948b-3d823f064558', '2025-09-29 03:14:11.201+03', '2025-09-29 03:14:11.201+03', 3329.000000, 0, NULL, 'Aidat');
INSERT INTO public.expense_records VALUES ('56bf89c1-271e-455a-92a6-7e4cf3d78498', '1551e08f-37e5-4b3e-8a9f-e83a65afd1f1', '8de6ff31-e7f3-474a-a2e9-9602cddec1b6', '3f09dd7f-2484-498b-a22e-764c0a242fa6', '2025-09-29 17:49:54.08+03', '2025-09-29 17:49:54.08+03', 150.000000, 0, NULL, 'yıkama');
INSERT INTO public.expense_records VALUES ('77cd98d3-9860-421b-96f6-f1f49b37569b', 'ee4741f1-799e-479e-b6a8-091f7b0a741b', '8de6ff31-e7f3-474a-a2e9-9602cddec1b6', 'f92557de-f4dd-4438-9cb0-eed9008e149d', '2025-09-29 20:24:31.736+03', '2025-09-29 20:24:31.736+03', 300.000000, 0, NULL, '
Tuğçe alınan Süt helvası');
INSERT INTO public.expense_records VALUES ('1b8cf0c8-7bfb-4c63-ad53-ba61f1e3c587', 'ee4741f1-799e-479e-b6a8-091f7b0a741b', '8de6ff31-e7f3-474a-a2e9-9602cddec1b6', 'f92557de-f4dd-4438-9cb0-eed9008e149d', '2025-09-30 19:25:32.343+03', '2025-09-30 19:25:32.343+03', 7000.000000, 0, NULL, 'Mevlüd için salon paraso');
INSERT INTO public.expense_records VALUES ('6b5f5e71-4956-4654-a891-35d67519f800', '7ef82e1b-0636-4826-8434-17c9f72779f5', '8de6ff31-e7f3-474a-a2e9-9602cddec1b6', '45fe261e-0128-42bf-948b-3d823f064558', '2025-10-01 17:51:13.358+03', '2025-10-01 17:51:13.358+03', 37500.000000, 0, NULL, 'FORM CEZASI ');
INSERT INTO public.expense_records VALUES ('62b0fe73-de05-4300-aedf-f6c56cda3041', 'ee4741f1-799e-479e-b6a8-091f7b0a741b', '8de6ff31-e7f3-474a-a2e9-9602cddec1b6', '69859158-ff36-487c-8b4d-2e426d00241d', '2025-10-01 17:55:38.446+03', '2025-10-01 17:55:38.446+03', 4160.000000, 0, NULL, 'GÜN PARASI ');
INSERT INTO public.expense_records VALUES ('d043c88f-86e3-426e-bcbd-ef0a707ff37c', '6b2bda80-2876-4eee-9eda-e94ebcfdf64e', '8de6ff31-e7f3-474a-a2e9-9602cddec1b6', '45fe261e-0128-42bf-948b-3d823f064558', '2025-10-01 17:59:50.214+03', '2025-10-01 17:59:50.214+03', 24000.000000, 0, NULL, 'KİRA');
INSERT INTO public.expense_records VALUES ('0b66bcc9-b70e-481b-a214-ad7d9bb606d2', '250e2e71-d37c-4d18-9f8e-3bed5d44dae1', '8de6ff31-e7f3-474a-a2e9-9602cddec1b6', 'c3675bbf-9c43-4de9-b3ee-05d3107202c2', '2025-10-02 16:11:11.457+03', '2025-10-02 16:11:11.457+03', 74889.850000, 0, NULL, 'DUYGU GÜNEŞ 4000
SERDAR ALP DEMİRTAŞ 3207,34
CEYDANUR BAKIR 4000
MURAT DEMİRCİOĞLU 2000
GÜZİDE ELİTEZ 2000
YASEMİN KOPARAN 22.104,67
ELİF BEYZA ERGİN 22.104,67
MERVE KORKMAZ 15.473,27
');
INSERT INTO public.expense_records VALUES ('006e9351-9560-4dd6-b680-f86f1a58541d', '250e2e71-d37c-4d18-9f8e-3bed5d44dae1', '8de6ff31-e7f3-474a-a2e9-9602cddec1b6', 'f8d87557-4c78-4064-9dd3-6d5eb083005f', '2025-10-02 16:15:05.224+03', '2025-10-02 16:15:05.224+03', 14000.000000, 0, NULL, 'LALE SAĞIROĞLU');
INSERT INTO public.expense_records VALUES ('d8c1e9f9-55f6-4baf-82a4-463db6f8402a', '250e2e71-d37c-4d18-9f8e-3bed5d44dae1', '8de6ff31-e7f3-474a-a2e9-9602cddec1b6', 'f92557de-f4dd-4438-9cb0-eed9008e149d', '2025-10-02 16:15:41.311+03', '2025-10-02 16:15:41.311+03', 32700.000000, 0, NULL, 'SERDAR ALP DEMİRTAŞ ');
INSERT INTO public.expense_records VALUES ('719ffe35-58a3-4c46-8c09-f9786305b48c', '250e2e71-d37c-4d18-9f8e-3bed5d44dae1', '8de6ff31-e7f3-474a-a2e9-9602cddec1b6', '45fe261e-0128-42bf-948b-3d823f064558', '2025-10-02 17:02:12.686+03', '2025-10-02 17:02:12.686+03', 5000.000000, 0, NULL, 'mesai');
INSERT INTO public.expense_records VALUES ('51ea998e-5c00-4bbe-8b2c-6590eb8fce4c', '250e2e71-d37c-4d18-9f8e-3bed5d44dae1', '8de6ff31-e7f3-474a-a2e9-9602cddec1b6', 'f8d87557-4c78-4064-9dd3-6d5eb083005f', '2025-10-02 17:03:55.045+03', '2025-10-02 17:03:55.045+03', 3240.000000, 0, NULL, 'merve mesai ');
INSERT INTO public.expense_records VALUES ('71eff98e-9c32-4592-9d18-2d3eafebec6f', '1e6d6b91-d906-48a6-8425-f1ce5ade4ced', '8de6ff31-e7f3-474a-a2e9-9602cddec1b6', 'f8d87557-4c78-4064-9dd3-6d5eb083005f', '2025-10-02 17:11:28.846+03', '2025-10-02 17:11:28.846+03', 10688.000000, 0, NULL, 'çetin familiy tüm borç bitti');
INSERT INTO public.expense_records VALUES ('41af750f-9979-468e-b394-01b7f21910ea', '9fcde018-6b3e-4961-af20-2062e8da9260', '8de6ff31-e7f3-474a-a2e9-9602cddec1b6', 'c3675bbf-9c43-4de9-b3ee-05d3107202c2', '2025-10-03 20:03:36.081+03', '2025-10-03 20:03:36.081+03', 75000.000000, 0, NULL, NULL);
INSERT INTO public.expense_records VALUES ('8e39e074-44c7-489e-b51c-789f2769e838', '1e6d6b91-d906-48a6-8425-f1ce5ade4ced', '8de6ff31-e7f3-474a-a2e9-9602cddec1b6', 'c3675bbf-9c43-4de9-b3ee-05d3107202c2', '2025-10-03 20:09:24.44+03', '2025-09-26 00:00:00+03', 2026.000000, 0, NULL, 'burak forma ');
INSERT INTO public.expense_records VALUES ('535c4f33-256b-4d5e-82f2-c248b0592f61', '7ffe5ec5-6f44-4db0-bbe0-3341a865f25b', '8de6ff31-e7f3-474a-a2e9-9602cddec1b6', '41b867bc-364e-4af6-ada5-08391afa2c54', '2025-10-03 20:15:12.848+03', '2025-10-03 20:15:12.848+03', 220.000000, 0, NULL, NULL);
INSERT INTO public.expense_records VALUES ('9efbf733-592c-41c2-b2c1-b8c641020a19', '065f49cf-50f2-467e-8e48-b67964e3a323', '8de6ff31-e7f3-474a-a2e9-9602cddec1b6', '41b867bc-364e-4af6-ada5-08391afa2c54', '2025-10-03 20:15:28.855+03', '2025-10-03 20:15:28.855+03', 2728.940000, 0, NULL, 'doğan zy ');
INSERT INTO public.expense_records VALUES ('18aeb739-3252-4c1d-ab04-df66f8cdef13', '7ffe5ec5-6f44-4db0-bbe0-3341a865f25b', '8de6ff31-e7f3-474a-a2e9-9602cddec1b6', '41b867bc-364e-4af6-ada5-08391afa2c54', '2025-10-03 20:15:57.411+03', '2025-10-03 20:15:57.411+03', 190.000000, 0, NULL, NULL);
INSERT INTO public.expense_records VALUES ('8f720cf1-346b-46c6-ab23-d2807bd8015e', '7ffe5ec5-6f44-4db0-bbe0-3341a865f25b', '8de6ff31-e7f3-474a-a2e9-9602cddec1b6', '41b867bc-364e-4af6-ada5-08391afa2c54', '2025-10-03 20:18:46.594+03', '2025-10-03 20:18:46.594+03', 143.000000, 0, NULL, NULL);
INSERT INTO public.expense_records VALUES ('da914486-7142-4a6e-8574-9ff4f3659794', '7ffe5ec5-6f44-4db0-bbe0-3341a865f25b', '8de6ff31-e7f3-474a-a2e9-9602cddec1b6', '222249ea-0f11-4b63-bd1f-0dba89c68644', '2025-09-24 00:00:00+03', '2025-10-03 20:21:22.339+03', 6988.470000, 0, NULL, 'özen gross market ');
INSERT INTO public.expense_records VALUES ('a8800680-d693-4150-8f00-438a0b29d8c3', '065f49cf-50f2-467e-8e48-b67964e3a323', '8de6ff31-e7f3-474a-a2e9-9602cddec1b6', '222249ea-0f11-4b63-bd1f-0dba89c68644', '2025-09-24 00:00:00+03', '2025-09-24 00:00:00+03', 1500.530000, 0, NULL, '16 zy doğan ');
INSERT INTO public.expense_records VALUES ('31aa0bad-8556-4b1e-aca5-1884e88f1b7d', '7070802e-2e3f-4cf8-b4fa-81a8c6cd1ad2', '8de6ff31-e7f3-474a-a2e9-9602cddec1b6', '222249ea-0f11-4b63-bd1f-0dba89c68644', '2025-09-25 00:00:00+03', '2025-09-25 00:00:00+03', 125.000000, 0, NULL, 'otopark burulaş ');
INSERT INTO public.expense_records VALUES ('12d8eeee-2076-4142-af09-1f356a505ece', '065f49cf-50f2-467e-8e48-b67964e3a323', '8de6ff31-e7f3-474a-a2e9-9602cddec1b6', '222249ea-0f11-4b63-bd1f-0dba89c68644', '2025-09-27 00:00:00+03', '2025-09-27 00:00:00+03', 1000.000000, 0, NULL, '16zy doğan ');
INSERT INTO public.expense_records VALUES ('2e0fda9b-8ecf-4b3c-916b-a031d0c646ea', '7ffe5ec5-6f44-4db0-bbe0-3341a865f25b', '8de6ff31-e7f3-474a-a2e9-9602cddec1b6', '222249ea-0f11-4b63-bd1f-0dba89c68644', '2025-09-27 00:00:00+03', '2025-09-27 00:00:00+03', 325.000000, 0, NULL, 'doğan ');
INSERT INTO public.expense_records VALUES ('ad9e6068-a740-4479-9898-ec1ce8df2459', '065f49cf-50f2-467e-8e48-b67964e3a323', '8de6ff31-e7f3-474a-a2e9-9602cddec1b6', '222249ea-0f11-4b63-bd1f-0dba89c68644', '2025-10-01 00:00:00+03', '2025-10-01 00:00:00+03', 1000.000000, 0, NULL, '16 zy doğan');
INSERT INTO public.expense_records VALUES ('4df22bb9-961f-4ce0-a7ff-008775e1355d', 'e4e93e78-642f-42f8-969c-4a34d37d9bdc', '8de6ff31-e7f3-474a-a2e9-9602cddec1b6', '222249ea-0f11-4b63-bd1f-0dba89c68644', '2025-10-01 00:00:00+03', '2025-10-01 00:00:00+03', 729.940000, 0, NULL, 'malzeme tabak catal');
INSERT INTO public.expense_records VALUES ('1b12e697-66bf-4884-a4b7-0425b079f652', '7ffe5ec5-6f44-4db0-bbe0-3341a865f25b', '8de6ff31-e7f3-474a-a2e9-9602cddec1b6', '222249ea-0f11-4b63-bd1f-0dba89c68644', '2025-09-30 00:00:00+03', '2025-09-30 00:00:00+03', 107.500000, 0, NULL, 'doğan');
INSERT INTO public.expense_records VALUES ('df1b925d-85bb-4fea-b7a7-d679347f22cf', '7ffe5ec5-6f44-4db0-bbe0-3341a865f25b', '8de6ff31-e7f3-474a-a2e9-9602cddec1b6', '222249ea-0f11-4b63-bd1f-0dba89c68644', '2025-09-28 00:00:00+03', '2025-09-28 00:00:00+03', 686.000000, 0, NULL, 'doğan ');
INSERT INTO public.expense_records VALUES ('1d8859b3-dff3-4d5d-ab7a-d0daaf4d5ab5', '065f49cf-50f2-467e-8e48-b67964e3a323', '8de6ff31-e7f3-474a-a2e9-9602cddec1b6', '222249ea-0f11-4b63-bd1f-0dba89c68644', '2025-09-28 00:00:00+03', '2025-09-28 00:00:00+03', 1000.000000, 0, NULL, NULL);
INSERT INTO public.expense_records VALUES ('04a377e6-d807-4c3f-89a8-04e11f4846da', '7ffe5ec5-6f44-4db0-bbe0-3341a865f25b', '8de6ff31-e7f3-474a-a2e9-9602cddec1b6', '222249ea-0f11-4b63-bd1f-0dba89c68644', '2025-09-28 00:00:00+03', '2025-08-28 00:00:00+03', 235.000000, 0, NULL, 'doğan market ');
INSERT INTO public.expense_records VALUES ('55b57a23-ba4c-4fcc-ab8d-39f5f26875c1', '6a0c483a-d42a-4d53-9ee5-935e2a57a2ec', '8de6ff31-e7f3-474a-a2e9-9602cddec1b6', '69859158-ff36-487c-8b4d-2e426d00241d', '2025-10-03 20:41:36.385+03', '2025-10-03 20:41:36.385+03', 379.990000, 0, NULL, 'netflix');
INSERT INTO public.expense_records VALUES ('f8946807-c77d-461e-91e1-9611a262e971', '1e6d6b91-d906-48a6-8425-f1ce5ade4ced', '8de6ff31-e7f3-474a-a2e9-9602cddec1b6', '69859158-ff36-487c-8b4d-2e426d00241d', '2025-10-01 00:00:00+03', '2025-10-01 00:00:00+03', 1100.000000, 0, NULL, 'tantuni');
INSERT INTO public.expense_records VALUES ('32e1c00a-da7b-4b8c-9567-e04d90999e9c', '065f49cf-50f2-467e-8e48-b67964e3a323', '8de6ff31-e7f3-474a-a2e9-9602cddec1b6', '91912102-b273-4349-b8fd-0ce82217949a', '2025-10-03 00:00:00+03', '2025-10-03 20:45:17.162+03', 500.000000, 0, NULL, 'yakıt ');
INSERT INTO public.expense_records VALUES ('2bebe713-162c-4c72-a836-6961519e5d25', '7ffe5ec5-6f44-4db0-bbe0-3341a865f25b', '8de6ff31-e7f3-474a-a2e9-9602cddec1b6', '91912102-b273-4349-b8fd-0ce82217949a', '2025-10-03 20:46:34.032+03', '2025-10-03 20:46:34.032+03', 420.000000, 0, NULL, 'masa ortusu');
INSERT INTO public.expense_records VALUES ('a4253b17-4f1b-4031-a309-31061a44e5d5', '065f49cf-50f2-467e-8e48-b67964e3a323', '8de6ff31-e7f3-474a-a2e9-9602cddec1b6', '91912102-b273-4349-b8fd-0ce82217949a', '2025-10-03 20:46:59.474+03', '2025-10-03 20:46:59.474+03', 500.000000, 0, NULL, NULL);
INSERT INTO public.expense_records VALUES ('d00698a9-f5a0-4d07-adca-5c0f46a1f158', '065f49cf-50f2-467e-8e48-b67964e3a323', '8de6ff31-e7f3-474a-a2e9-9602cddec1b6', '91912102-b273-4349-b8fd-0ce82217949a', '2025-10-01 00:00:00+03', '2025-10-01 00:00:00+03', 380.000000, 0, NULL, NULL);
INSERT INTO public.expense_records VALUES ('a0134f6a-9628-406b-a07a-eca541dae007', 'ee4741f1-799e-479e-b6a8-091f7b0a741b', '8de6ff31-e7f3-474a-a2e9-9602cddec1b6', '840ecd6a-717e-47a5-aa2b-262db2a55dd1', '2025-10-02 00:00:00+03', '2025-10-02 00:00:00+03', 450.000000, 0, NULL, 'getir');
INSERT INTO public.expense_records VALUES ('ff577166-00ec-4238-8585-d6baf6d26ce7', '6a0c483a-d42a-4d53-9ee5-935e2a57a2ec', '8de6ff31-e7f3-474a-a2e9-9602cddec1b6', '840ecd6a-717e-47a5-aa2b-262db2a55dd1', '2025-09-29 00:00:00+03', '2025-09-29 00:00:00+03', 1051.000000, 0, NULL, 'uludağ elektirik');
INSERT INTO public.expense_records VALUES ('7cc32cee-c7b9-4719-b0e4-27ba39bd3ab8', 'a57df62b-75e0-48e3-b4fd-dd60f2855c8d', '8de6ff31-e7f3-474a-a2e9-9602cddec1b6', '840ecd6a-717e-47a5-aa2b-262db2a55dd1', '2025-10-30 00:00:00+03', '2025-10-30 00:00:00+03', 432.000000, 0, NULL, 'kredi kartı alıişveriş fazi 432');
INSERT INTO public.expense_records VALUES ('2bb07105-a5d9-4431-ad9c-c19ebe94fe07', 'a57df62b-75e0-48e3-b4fd-dd60f2855c8d', '8de6ff31-e7f3-474a-a2e9-9602cddec1b6', '840ecd6a-717e-47a5-aa2b-262db2a55dd1', '2025-09-30 00:00:00+03', '2025-09-30 00:00:00+03', 128.000000, 0, NULL, 'kredi kart aliş veriş faizi ');
INSERT INTO public.expense_records VALUES ('655ee12e-acb3-4d7d-8a55-05a732465098', 'ee4741f1-799e-479e-b6a8-091f7b0a741b', '8de6ff31-e7f3-474a-a2e9-9602cddec1b6', '840ecd6a-717e-47a5-aa2b-262db2a55dd1', '2025-10-04 13:28:34.993+03', '2025-10-04 13:28:34.993+03', 623.450000, 0, NULL, 'tuğçe getir cansu ve merve geldi için aldığı markert alışveriş');
INSERT INTO public.expense_records VALUES ('aa7d54ef-3c13-4757-94c4-111dfd132622', 'ee4741f1-799e-479e-b6a8-091f7b0a741b', '8de6ff31-e7f3-474a-a2e9-9602cddec1b6', '840ecd6a-717e-47a5-aa2b-262db2a55dd1', '2025-10-04 16:44:20.684+03', '2025-10-04 16:44:20.684+03', 252.710000, 0, NULL, 'Getir market tugce');
INSERT INTO public.expense_records VALUES ('ca58dd41-5c94-40dc-a9ea-0a0680c22084', '1e6d6b91-d906-48a6-8425-f1ce5ade4ced', '8de6ff31-e7f3-474a-a2e9-9602cddec1b6', 'f92557de-f4dd-4438-9cb0-eed9008e149d', '2025-10-04 21:44:22.534+03', '2025-10-04 21:44:22.534+03', 500.000000, 0, NULL, 'Kafe yemek burak');
INSERT INTO public.expense_records VALUES ('867faf7f-9bec-4b01-abaa-5fcf58b2dcd0', '1e6d6b91-d906-48a6-8425-f1ce5ade4ced', '8de6ff31-e7f3-474a-a2e9-9602cddec1b6', 'f92557de-f4dd-4438-9cb0-eed9008e149d', '2025-10-04 22:39:58.429+03', '2025-10-04 22:39:58.429+03', 240.000000, 0, NULL, 'Burak cay kafe');
INSERT INTO public.expense_records VALUES ('281183bf-0989-4614-94a2-2402e4f449ed', '63b9186b-8e4a-460e-95aa-a09f6c2833b3', '8de6ff31-e7f3-474a-a2e9-9602cddec1b6', '465a1945-a6f3-47c4-9417-203693cd8fc8', '2025-10-05 19:53:14.801+03', '2025-10-05 19:53:14.801+03', 5900.000000, 0, NULL, 'İnstagram');
INSERT INTO public.expense_records VALUES ('a661e853-68c8-4732-a3c8-2ef5669c4963', '250e2e71-d37c-4d18-9f8e-3bed5d44dae1', '8de6ff31-e7f3-474a-a2e9-9602cddec1b6', 'f92557de-f4dd-4438-9cb0-eed9008e149d', '2025-10-05 20:02:00.623+03', '2025-10-05 20:02:00.623+03', 15000.000000, 0, NULL, 'Doğan maaş');
INSERT INTO public.expense_records VALUES ('02f0027d-7910-408c-8442-29363ae945f9', 'ee4741f1-799e-479e-b6a8-091f7b0a741b', '8de6ff31-e7f3-474a-a2e9-9602cddec1b6', '840ecd6a-717e-47a5-aa2b-262db2a55dd1', '2025-10-05 21:11:20.505+03', '2025-10-05 21:11:20.505+03', 324.990000, 0, NULL, 'Getir market yemek');
INSERT INTO public.expense_records VALUES ('8002504b-67f8-4a26-8ccc-f1d4c9f1190f', 'ee4741f1-799e-479e-b6a8-091f7b0a741b', '8de6ff31-e7f3-474a-a2e9-9602cddec1b6', '3f09dd7f-2484-498b-a22e-764c0a242fa6', '2025-10-06 12:35:39.708+03', '2025-10-06 12:35:39.708+03', 170.000000, 0, NULL, 'kahvaltı simit sarayı ');
INSERT INTO public.expense_records VALUES ('c893e6a0-e286-4713-9c4a-c8654278a3dc', '7ffe5ec5-6f44-4db0-bbe0-3341a865f25b', '8de6ff31-e7f3-474a-a2e9-9602cddec1b6', '41b867bc-364e-4af6-ada5-08391afa2c54', '2025-10-04 00:00:00+03', '2025-10-04 00:00:00+03', 194.000000, 0, NULL, 'doğan');
INSERT INTO public.expense_records VALUES ('b84c1fa1-4d2c-4f70-aafc-6609dcb9ce8f', '7ffe5ec5-6f44-4db0-bbe0-3341a865f25b', '8de6ff31-e7f3-474a-a2e9-9602cddec1b6', '41b867bc-364e-4af6-ada5-08391afa2c54', '2025-10-03 00:00:00+03', '2025-10-03 00:00:00+03', 410.000000, 0, NULL, 'DOĞAN SİMİT SARAYI+ MARKET ');
INSERT INTO public.expense_records VALUES ('7725d068-4603-4676-8e7f-b422c517e8d6', '065f49cf-50f2-467e-8e48-b67964e3a323', '8de6ff31-e7f3-474a-a2e9-9602cddec1b6', '91912102-b273-4349-b8fd-0ce82217949a', '2025-10-06 13:44:38.603+03', '2025-10-06 13:44:38.603+03', 400.000000, 0, NULL, NULL);
INSERT INTO public.expense_records VALUES ('2e768fd9-dd31-4639-80ba-a6b1ce331740', 'e4e93e78-642f-42f8-969c-4a34d37d9bdc', '8de6ff31-e7f3-474a-a2e9-9602cddec1b6', '91912102-b273-4349-b8fd-0ce82217949a', '2025-10-06 15:41:44.122+03', '2025-10-06 15:41:44.122+03', 500.000000, 0, NULL, 'Tüp değişimi');
INSERT INTO public.expense_records VALUES ('28885ad5-dce1-420d-9dd1-3ac053c733f8', '250e2e71-d37c-4d18-9f8e-3bed5d44dae1', '8de6ff31-e7f3-474a-a2e9-9602cddec1b6', 'f92557de-f4dd-4438-9cb0-eed9008e149d', '2025-10-06 18:47:11.126+03', '2025-10-06 18:47:11.126+03', 7000.000000, 0, NULL, 'doğan ');
INSERT INTO public.expense_records VALUES ('d1084800-7f1e-4c02-a92b-8189330231c7', 'ee4741f1-799e-479e-b6a8-091f7b0a741b', '8de6ff31-e7f3-474a-a2e9-9602cddec1b6', '840ecd6a-717e-47a5-aa2b-262db2a55dd1', '2025-10-06 18:50:20.362+03', '2025-10-06 18:50:20.362+03', 3144.450000, 0, NULL, 'aden kıyafet kendısıne kıyafet ');
INSERT INTO public.expense_records VALUES ('e67c6ef0-1d72-4c71-b51b-347137734f1c', '250e2e71-d37c-4d18-9f8e-3bed5d44dae1', '8de6ff31-e7f3-474a-a2e9-9602cddec1b6', '3f09dd7f-2484-498b-a22e-764c0a242fa6', '2025-10-06 19:19:32.367+03', '2025-10-06 19:19:32.368+03', 6000.000000, 0, NULL, 'DİDEM ATTI HABİL SEZER PARASINI VERDİM MAAŞ');
INSERT INTO public.expense_records VALUES ('604d6ffa-95be-40d7-9435-dcca304f50f2', '250e2e71-d37c-4d18-9f8e-3bed5d44dae1', '8de6ff31-e7f3-474a-a2e9-9602cddec1b6', 'f92557de-f4dd-4438-9cb0-eed9008e149d', '2025-10-06 19:20:24.981+03', '2025-10-06 19:20:24.981+03', 2000.000000, 0, NULL, 'DOĞAN');
INSERT INTO public.expense_records VALUES ('78a19925-e193-4468-9fd0-981417299f8c', '250e2e71-d37c-4d18-9f8e-3bed5d44dae1', '8de6ff31-e7f3-474a-a2e9-9602cddec1b6', 'f92557de-f4dd-4438-9cb0-eed9008e149d', '2025-10-06 19:24:05.533+03', '2025-10-06 19:24:05.533+03', 200.000000, 0, NULL, 'NAKİT ELDEN');
INSERT INTO public.expense_records VALUES ('54455210-e7a2-4b9b-a025-4e612a8521e1', '6b2bda80-2876-4eee-9eda-e94ebcfdf64e', '8de6ff31-e7f3-474a-a2e9-9602cddec1b6', '69859158-ff36-487c-8b4d-2e426d00241d', '2025-10-07 00:17:48.401+03', '2025-10-07 00:17:48.401+03', 249.900000, 0, NULL, 'Dısney');
INSERT INTO public.expense_records VALUES ('460a8325-c85d-4330-9028-b52b252188c7', '50931714-b1fc-41bb-8727-69d3c383b5dd', '8de6ff31-e7f3-474a-a2e9-9602cddec1b6', '69859158-ff36-487c-8b4d-2e426d00241d', '2025-10-07 10:19:29.884+03', '2025-10-07 10:19:29.884+03', 499.000000, 0, NULL, 'Trendyol paspas');
INSERT INTO public.expense_records VALUES ('169119bb-d39c-4249-8c07-38bae715e68f', '9fcde018-6b3e-4961-af20-2062e8da9260', '8de6ff31-e7f3-474a-a2e9-9602cddec1b6', '35e42921-d85d-4130-a31e-0b1155c2a01c', '2025-10-07 12:46:32.366+03', '2025-10-07 12:46:32.366+03', 21000.000000, 0, NULL, 'Salih yazılım parası ekim 15 2026 kadar zaman');
INSERT INTO public.expense_records VALUES ('0ec80057-6cac-454c-8e91-d5e5f86d3042', '7ffe5ec5-6f44-4db0-bbe0-3341a865f25b', '8de6ff31-e7f3-474a-a2e9-9602cddec1b6', '91912102-b273-4349-b8fd-0ce82217949a', '2025-10-07 14:41:53.206+03', '2025-10-07 14:41:53.206+03', 350.000000, 0, NULL, 'Lale hanım market');
INSERT INTO public.expense_records VALUES ('d24b2e11-9eb7-4a46-8206-bc1029703151', '1e6d6b91-d906-48a6-8425-f1ce5ade4ced', '8de6ff31-e7f3-474a-a2e9-9602cddec1b6', '09d13911-989d-4378-82e1-79ee5424d7f3', '2025-10-07 15:23:14.191+03', '2025-10-07 15:23:14.191+03', 298.000000, 0, NULL, 'Burak market');
INSERT INTO public.expense_records VALUES ('10d55886-996a-4038-a4bd-c14822bb090c', '1e6d6b91-d906-48a6-8425-f1ce5ade4ced', '8de6ff31-e7f3-474a-a2e9-9602cddec1b6', '35e42921-d85d-4130-a31e-0b1155c2a01c', '2025-10-07 16:04:45.14+03', '2025-10-07 16:04:45.14+03', 1000.000000, 0, NULL, 'Çetin oto baskı');
INSERT INTO public.expense_records VALUES ('3e941916-0703-4e57-aa97-abe4c51289e7', 'c2b5a22c-a0a1-497a-9067-c76d71c3b688', '8de6ff31-e7f3-474a-a2e9-9602cddec1b6', '09d13911-989d-4378-82e1-79ee5424d7f3', '2025-10-07 17:07:20.627+03', '2025-10-07 17:07:20.627+03', 10203.470000, 0, NULL, 'GOOGLE ADS BORŞ');
INSERT INTO public.expense_records VALUES ('1f19daa7-182e-4f11-9da5-43d5ca1fde70', '7ffe5ec5-6f44-4db0-bbe0-3341a865f25b', '8de6ff31-e7f3-474a-a2e9-9602cddec1b6', '3f09dd7f-2484-498b-a22e-764c0a242fa6', '2025-10-07 17:54:59.548+03', '2025-10-07 17:54:59.548+03', 947.950000, 0, NULL, 'DOĞAN KAHVE SİGARA ');
INSERT INTO public.expense_records VALUES ('1773d399-2acd-4134-a007-bd11cb219e5e', '1e6d6b91-d906-48a6-8425-f1ce5ade4ced', '8de6ff31-e7f3-474a-a2e9-9602cddec1b6', '69859158-ff36-487c-8b4d-2e426d00241d', '2025-10-08 00:20:10.76+03', '2025-10-08 00:20:10.76+03', 130.000000, 0, NULL, NULL);
INSERT INTO public.expense_records VALUES ('82164525-6df5-40a4-96b3-f40f2116c5ad', '7ffe5ec5-6f44-4db0-bbe0-3341a865f25b', '8de6ff31-e7f3-474a-a2e9-9602cddec1b6', '91912102-b273-4349-b8fd-0ce82217949a', '2025-10-04 00:00:00+03', '2025-10-08 16:32:40.485+03', 109.500000, 0, NULL, 'yogurt alın ');
INSERT INTO public.expense_records VALUES ('ff860f70-2540-40b0-b52d-01714624ef8f', '065f49cf-50f2-467e-8e48-b67964e3a323', '8de6ff31-e7f3-474a-a2e9-9602cddec1b6', '91912102-b273-4349-b8fd-0ce82217949a', '2025-10-08 16:33:28.991+03', '2025-10-08 16:33:28.991+03', 1000.000000, 0, NULL, '16bfc 68 mervee');
INSERT INTO public.expense_records VALUES ('03e1f29b-fa4b-4a64-8de0-cf9697a6ba37', '065f49cf-50f2-467e-8e48-b67964e3a323', '8de6ff31-e7f3-474a-a2e9-9602cddec1b6', '41b867bc-364e-4af6-ada5-08391afa2c54', '2025-10-08 16:44:29.768+03', '2025-10-08 16:44:29.768+03', 1500.000000, 0, NULL, 'doğan zy plakal');
INSERT INTO public.expense_records VALUES ('6a3e2c24-5179-47b3-99cd-3f1891306772', '6a0c483a-d42a-4d53-9ee5-935e2a57a2ec', '8de6ff31-e7f3-474a-a2e9-9602cddec1b6', '45fe261e-0128-42bf-948b-3d823f064558', '2025-10-08 12:34:50.764+03', '2025-10-08 12:34:50.764+03', 4180.000000, 0, NULL, 'Gun ödemesi');
INSERT INTO public.expense_records VALUES ('7555bdf4-240b-4565-a50b-d53c3ff90605', '47652d17-8e06-4df7-b04c-f8446ea9fff5', '8de6ff31-e7f3-474a-a2e9-9602cddec1b6', '465a1945-a6f3-47c4-9417-203693cd8fc8', '2025-10-16 16:30:46.668+03', '2025-10-16 16:30:46.668+03', 3262.000000, 0, NULL, 'faiz');
INSERT INTO public.expense_records VALUES ('67b46698-20ca-438c-a4aa-ac8f6657e802', 'e4e93e78-642f-42f8-969c-4a34d37d9bdc', '8de6ff31-e7f3-474a-a2e9-9602cddec1b6', '41b867bc-364e-4af6-ada5-08391afa2c54', '2025-10-08 16:43:14.723+03', '2025-10-08 16:43:14.723+03', 4000.000000, 0, NULL, 'doğan lale market file ');
INSERT INTO public.expense_records VALUES ('5f5aa508-4dc4-4807-a9a7-6678dd200602', '1e6d6b91-d906-48a6-8425-f1ce5ade4ced', '8de6ff31-e7f3-474a-a2e9-9602cddec1b6', '69859158-ff36-487c-8b4d-2e426d00241d', '2025-10-08 23:56:35.838+03', '2025-10-08 23:56:35.838+03', 350.000000, 0, NULL, NULL);
INSERT INTO public.expense_records VALUES ('166af409-0d22-48bb-a531-b9a4ffe85d11', 'ee4741f1-799e-479e-b6a8-091f7b0a741b', '8de6ff31-e7f3-474a-a2e9-9602cddec1b6', 'f92557de-f4dd-4438-9cb0-eed9008e149d', '2025-10-09 15:41:19.996+03', '2025-10-09 15:41:19.996+03', 5000.000000, 0, NULL, 'kıyafet kumaş');
INSERT INTO public.expense_records VALUES ('078fb980-2663-490c-a348-b9cf0aefae61', 'ee4741f1-799e-479e-b6a8-091f7b0a741b', '8de6ff31-e7f3-474a-a2e9-9602cddec1b6', '45fe261e-0128-42bf-948b-3d823f064558', '2025-10-09 15:41:45.126+03', '2025-10-09 15:41:45.126+03', 1750.000000, 0, NULL, 'kumaş ç
ödemesi');
INSERT INTO public.expense_records VALUES ('196d0924-d5ba-4167-aee4-4b8305e4e241', '1e6d6b91-d906-48a6-8425-f1ce5ade4ced', '8de6ff31-e7f3-474a-a2e9-9602cddec1b6', '69859158-ff36-487c-8b4d-2e426d00241d', '2025-10-10 00:03:18.911+03', '2025-10-10 00:03:18.911+03', 635.000000, 0, NULL, NULL);
INSERT INTO public.expense_records VALUES ('5f743d84-8d98-48e4-a998-c2f4df622e2d', '50931714-b1fc-41bb-8727-69d3c383b5dd', '8de6ff31-e7f3-474a-a2e9-9602cddec1b6', '69859158-ff36-487c-8b4d-2e426d00241d', '2025-10-10 16:27:31.016+03', '2025-10-10 16:27:31.016+03', 1733.900000, 0, NULL, NULL);
INSERT INTO public.expense_records VALUES ('12862371-a197-45a6-8300-e52f078aaf9b', '065f49cf-50f2-467e-8e48-b67964e3a323', '8de6ff31-e7f3-474a-a2e9-9602cddec1b6', 'f92557de-f4dd-4438-9cb0-eed9008e149d', '2025-10-10 22:09:14.552+03', '2025-10-10 22:09:14.552+03', 1000.000000, 0, NULL, NULL);
INSERT INTO public.expense_records VALUES ('5cbce70a-72d2-4801-b436-6513c709266d', '1e6d6b91-d906-48a6-8425-f1ce5ade4ced', '8de6ff31-e7f3-474a-a2e9-9602cddec1b6', '09d13911-989d-4378-82e1-79ee5424d7f3', '2025-10-11 18:41:05.858+03', '2025-10-11 18:41:05.858+03', 2145.000000, 0, NULL, 'burak');
INSERT INTO public.expense_records VALUES ('ff64959e-5d01-4b06-894e-514e22740e1d', '1551e08f-37e5-4b3e-8a9f-e83a65afd1f1', '8de6ff31-e7f3-474a-a2e9-9602cddec1b6', 'f92557de-f4dd-4438-9cb0-eed9008e149d', '2025-10-11 18:42:52.24+03', '2025-10-11 18:42:52.24+03', 200.000000, 0, NULL, 'yıkama doğan');
INSERT INTO public.expense_records VALUES ('0554ef22-eefe-4991-aea6-cf0ba8e92c89', '1e6d6b91-d906-48a6-8425-f1ce5ade4ced', '8de6ff31-e7f3-474a-a2e9-9602cddec1b6', 'f92557de-f4dd-4438-9cb0-eed9008e149d', '2025-10-11 18:43:16.518+03', '2025-10-11 18:43:16.518+03', 1000.000000, 0, NULL, 'market özel harcama');
INSERT INTO public.expense_records VALUES ('d5396142-b239-446a-872f-78e2771e4596', 'ee4741f1-799e-479e-b6a8-091f7b0a741b', '8de6ff31-e7f3-474a-a2e9-9602cddec1b6', '840ecd6a-717e-47a5-aa2b-262db2a55dd1', '2025-10-11 18:44:38.497+03', '2025-10-11 18:44:38.497+03', 264.990000, 0, NULL, 'getir ');
INSERT INTO public.expense_records VALUES ('f0431ad0-7f72-4002-9094-eca21c4b3488', 'ae4b0b41-b97a-4226-acff-f126886f66e2', '8de6ff31-e7f3-474a-a2e9-9602cddec1b6', '09d13911-989d-4378-82e1-79ee5424d7f3', '2025-10-11 19:33:13.773+03', '2025-10-08 00:00:00+03', 352.000000, 0, NULL, NULL);
INSERT INTO public.expense_records VALUES ('b95e0242-1071-4e40-b4f2-f8793fd4dc61', 'ae4b0b41-b97a-4226-acff-f126886f66e2', '8de6ff31-e7f3-474a-a2e9-9602cddec1b6', 'f8d87557-4c78-4064-9dd3-6d5eb083005f', '2025-10-07 00:00:00+03', '2025-10-07 00:00:00+03', 125.000000, 0, NULL, NULL);
INSERT INTO public.expense_records VALUES ('5f9f29b1-81b3-46d4-a7b9-b874b4c32d74', 'ae4b0b41-b97a-4226-acff-f126886f66e2', '8de6ff31-e7f3-474a-a2e9-9602cddec1b6', 'f8d87557-4c78-4064-9dd3-6d5eb083005f', '2025-10-06 00:00:00+03', '2025-10-07 00:00:00+03', 125.000000, 0, NULL, NULL);
INSERT INTO public.expense_records VALUES ('bb7f35fa-7fe0-4941-9fef-65312f230602', 'ae4b0b41-b97a-4226-acff-f126886f66e2', '8de6ff31-e7f3-474a-a2e9-9602cddec1b6', '09d13911-989d-4378-82e1-79ee5424d7f3', '2025-10-07 00:00:00+03', '2025-10-11 19:35:52.764+03', 125.000000, 0, NULL, NULL);
INSERT INTO public.expense_records VALUES ('04b508c7-ae45-4e72-9fba-62ced06c6142', 'ee4741f1-799e-479e-b6a8-091f7b0a741b', '8de6ff31-e7f3-474a-a2e9-9602cddec1b6', '69859158-ff36-487c-8b4d-2e426d00241d', '2025-10-12 00:35:01.414+03', '2025-10-12 00:35:01.414+03', 888.000000, 0, NULL, 'Yemek');
INSERT INTO public.expense_records VALUES ('c1b1e5e3-7ad2-4241-ab63-f177c47a4b1c', 'e9530126-94d3-4f76-b610-f8c87696baed', '8de6ff31-e7f3-474a-a2e9-9602cddec1b6', '69859158-ff36-487c-8b4d-2e426d00241d', '2025-10-12 00:35:30.309+03', '2025-10-12 00:35:30.309+03', 767.490000, 0, NULL, 'Marketnyıixek');
INSERT INTO public.expense_records VALUES ('f34f46b3-d172-4d4b-a39d-17aded8989a9', 'e9530126-94d3-4f76-b610-f8c87696baed', '8de6ff31-e7f3-474a-a2e9-9602cddec1b6', '69859158-ff36-487c-8b4d-2e426d00241d', '2025-10-12 23:25:06.373+03', '2025-10-12 23:25:06.373+03', 9828.000000, 0, NULL, NULL);
INSERT INTO public.expense_records VALUES ('804e5a3c-83d7-4739-b425-4d16f9e38fd9', '1e6d6b91-d906-48a6-8425-f1ce5ade4ced', '8de6ff31-e7f3-474a-a2e9-9602cddec1b6', '0864a6c8-025b-4c34-ba52-bc214bc1fd90', '2025-10-13 14:59:50.174+03', '2025-10-13 14:59:50.174+03', 1500.000000, 0, NULL, 'kuafor');
INSERT INTO public.expense_records VALUES ('8de8a6e8-fecb-45ee-9c13-6c45aecfdf6d', '065f49cf-50f2-467e-8e48-b67964e3a323', '8de6ff31-e7f3-474a-a2e9-9602cddec1b6', '91912102-b273-4349-b8fd-0ce82217949a', '2025-10-13 15:00:16.832+03', '2025-10-13 15:00:16.832+03', 561.000000, 0, NULL, 'merve bfc ');
INSERT INTO public.expense_records VALUES ('0b1c3277-14c2-44ce-85f8-383b5c56cbf2', 'ee4741f1-799e-479e-b6a8-091f7b0a741b', '8de6ff31-e7f3-474a-a2e9-9602cddec1b6', '840ecd6a-717e-47a5-aa2b-262db2a55dd1', '2025-10-13 15:00:34.343+03', '2025-10-13 15:00:34.343+03', 331.000000, 0, NULL, 'getir');
INSERT INTO public.expense_records VALUES ('85b4e635-4955-4b05-b5c5-390647efa120', 'e9530126-94d3-4f76-b610-f8c87696baed', '8de6ff31-e7f3-474a-a2e9-9602cddec1b6', '0864a6c8-025b-4c34-ba52-bc214bc1fd90', '2025-10-13 15:11:19.138+03', '2025-10-13 15:11:19.138+03', 640.000000, 0, NULL, 'su ');
INSERT INTO public.expense_records VALUES ('379db53d-7f02-44cb-82c2-2558c7c4e8ce', 'e4e93e78-642f-42f8-969c-4a34d37d9bdc', '8de6ff31-e7f3-474a-a2e9-9602cddec1b6', '69859158-ff36-487c-8b4d-2e426d00241d', '2025-10-13 17:24:38.037+03', '2025-10-13 17:24:38.037+03', 1120.000000, 0, NULL, 'BÜLENT KANDEMİR ANNESİ BBASI YEMEK');
INSERT INTO public.expense_records VALUES ('62148698-1d01-40c3-a9be-1ee595761c45', '1e6d6b91-d906-48a6-8425-f1ce5ade4ced', '8de6ff31-e7f3-474a-a2e9-9602cddec1b6', '69859158-ff36-487c-8b4d-2e426d00241d', '2025-10-13 23:22:00.118+03', '2025-10-13 23:22:00.118+03', 1005.000000, 0, NULL, NULL);
INSERT INTO public.expense_records VALUES ('29ac7812-9a7e-4405-b759-0eba4ec3e226', '1e6d6b91-d906-48a6-8425-f1ce5ade4ced', '8de6ff31-e7f3-474a-a2e9-9602cddec1b6', '69859158-ff36-487c-8b4d-2e426d00241d', '2025-10-13 23:22:30.006+03', '2025-10-13 23:22:30.006+03', 2000.000000, 0, NULL, NULL);
INSERT INTO public.expense_records VALUES ('ee56bfc2-c1c7-4410-9556-b71152adff38', '9390ddce-2e2d-466d-a81b-cac5523902d6', '8de6ff31-e7f3-474a-a2e9-9602cddec1b6', 'c3675bbf-9c43-4de9-b3ee-05d3107202c2', '2025-10-13 23:29:22.263+03', '2025-10-13 23:29:22.263+03', 7773.000000, 0, NULL, 'Elektirik');
INSERT INTO public.expense_records VALUES ('7e70b52d-0ab4-41e3-90ed-55e2a0886a46', '065f49cf-50f2-467e-8e48-b67964e3a323', '8de6ff31-e7f3-474a-a2e9-9602cddec1b6', '3f09dd7f-2484-498b-a22e-764c0a242fa6', '2025-10-14 00:27:49.265+03', '2025-10-14 00:27:49.265+03', 2000.000000, 0, NULL, '16zy ');
INSERT INTO public.expense_records VALUES ('8e1fd43b-816b-40c2-817c-e775d9e966fb', '6b2bda80-2876-4eee-9eda-e94ebcfdf64e', '8de6ff31-e7f3-474a-a2e9-9602cddec1b6', '3f09dd7f-2484-498b-a22e-764c0a242fa6', '2025-10-13 00:00:00+03', '2025-10-14 00:28:39.747+03', 210.000000, 0, NULL, 'Market ekmek içeçek');
INSERT INTO public.expense_records VALUES ('3f8d04e7-2c51-4a67-941b-cef5a8e75613', '1e6d6b91-d906-48a6-8425-f1ce5ade4ced', '8de6ff31-e7f3-474a-a2e9-9602cddec1b6', '3f09dd7f-2484-498b-a22e-764c0a242fa6', '2025-10-14 00:30:06.436+03', '2025-10-14 00:30:06.436+03', 280.000000, 0, NULL, 'Sigara market');
INSERT INTO public.expense_records VALUES ('c9c45181-95cd-413a-bc84-54f5b331db27', '63b9186b-8e4a-460e-95aa-a09f6c2833b3', '8de6ff31-e7f3-474a-a2e9-9602cddec1b6', '465a1945-a6f3-47c4-9417-203693cd8fc8', '2025-10-14 15:05:07.997+03', '2025-10-14 15:05:07.997+03', 3615.040000, 0, NULL, NULL);
INSERT INTO public.expense_records VALUES ('7900062b-0120-4884-bd61-57747defa966', 'ee4741f1-799e-479e-b6a8-091f7b0a741b', '8de6ff31-e7f3-474a-a2e9-9602cddec1b6', '3f09dd7f-2484-498b-a22e-764c0a242fa6', '2025-10-14 17:49:17.051+03', '2025-10-14 17:49:17.051+03', 3000.000000, 0, NULL, 'kumaş parası');
INSERT INTO public.expense_records VALUES ('416851a8-9fdd-4bd0-be56-45521b29e49c', 'e9530126-94d3-4f76-b610-f8c87696baed', '8de6ff31-e7f3-474a-a2e9-9602cddec1b6', '41b867bc-364e-4af6-ada5-08391afa2c54', '2025-10-15 14:15:25.676+03', '2025-10-15 14:15:25.676+03', 1157.770000, 0, NULL, NULL);
INSERT INTO public.expense_records VALUES ('bb1a8f92-250f-4c93-aced-67bb7fa0a8bc', '56b1b9e5-760f-4e67-985b-ba500aba778a', '8de6ff31-e7f3-474a-a2e9-9602cddec1b6', 'c3675bbf-9c43-4de9-b3ee-05d3107202c2', '2025-10-15 15:38:00.871+03', '2025-10-15 15:38:00.871+03', 30000.000000, 0, NULL, '20AHM OLAN TEMMUZDAN KALAN FATURA ÖDEMESİ ');
INSERT INTO public.expense_records VALUES ('ec8d9968-25a2-497d-a34a-a3431e67d212', '6b2bda80-2876-4eee-9eda-e94ebcfdf64e', '8de6ff31-e7f3-474a-a2e9-9602cddec1b6', '0864a6c8-025b-4c34-ba52-bc214bc1fd90', '2025-10-15 15:57:16.588+03', '2025-10-15 15:57:16.588+03', 4180.000000, 0, NULL, 'GUN DOLAR');
INSERT INTO public.expense_records VALUES ('f96b00f6-8899-4a31-821f-ac8c6447d0e1', 'ee4741f1-799e-479e-b6a8-091f7b0a741b', '8de6ff31-e7f3-474a-a2e9-9602cddec1b6', '0864a6c8-025b-4c34-ba52-bc214bc1fd90', '2025-10-15 16:00:09.657+03', '2025-10-15 16:00:09.657+03', 18830.000000, 0, NULL, 'GUN PARASI SON YARI  ALTIN ');
INSERT INTO public.expense_records VALUES ('5bee3c12-d37c-42e7-8e05-eaf019e66b56', '1e6d6b91-d906-48a6-8425-f1ce5ade4ced', '8de6ff31-e7f3-474a-a2e9-9602cddec1b6', '41b867bc-364e-4af6-ada5-08391afa2c54', '2025-10-15 16:05:36.678+03', '2025-10-15 16:05:36.678+03', 1225.000000, 0, NULL, 'YEMEK');
INSERT INTO public.expense_records VALUES ('4676f0ac-9250-4bde-ab39-2d6da3406a86', '1e6d6b91-d906-48a6-8425-f1ce5ade4ced', '8de6ff31-e7f3-474a-a2e9-9602cddec1b6', '69859158-ff36-487c-8b4d-2e426d00241d', '2025-10-15 22:16:49.584+03', '2025-10-15 22:16:49.584+03', 1020.000000, 0, NULL, NULL);
INSERT INTO public.expense_records VALUES ('86cf3c56-0216-45ef-8af1-52587f57f369', 'ed7b0a1d-f162-4b9b-88bc-ff46ac7a1430', '8de6ff31-e7f3-474a-a2e9-9602cddec1b6', 'c3675bbf-9c43-4de9-b3ee-05d3107202c2', '2025-10-16 16:20:22.654+03', '2025-10-16 16:20:22.654+03', 4534.250000, 0, NULL, 'şirket numarakları');
INSERT INTO public.expense_records VALUES ('ce4a0a30-8916-4761-a1cb-28b979ccf503', '065f49cf-50f2-467e-8e48-b67964e3a323', '8de6ff31-e7f3-474a-a2e9-9602cddec1b6', '3f09dd7f-2484-498b-a22e-764c0a242fa6', '2025-10-16 16:49:27.831+03', '2025-10-16 16:49:27.831+03', 2000.000000, 0, NULL, '16ZY');
INSERT INTO public.expense_records VALUES ('7bb831b9-d936-428e-b29b-215f9651e9aa', '065f49cf-50f2-467e-8e48-b67964e3a323', '8de6ff31-e7f3-474a-a2e9-9602cddec1b6', '91912102-b273-4349-b8fd-0ce82217949a', '2025-10-17 16:36:43.511+03', '2025-10-17 16:36:43.511+03', 400.000000, 0, NULL, NULL);
INSERT INTO public.expense_records VALUES ('d6c6f8a9-8939-4157-af64-2ecd3ff8d387', 'c2b5a22c-a0a1-497a-9067-c76d71c3b688', '8de6ff31-e7f3-474a-a2e9-9602cddec1b6', '6a117629-ca97-46d3-83b7-95a4ecf816d9', '2025-10-18 23:39:52.568+03', '2025-10-18 23:39:52.568+03', 200.000000, 0, NULL, '200 tl reklam ');
INSERT INTO public.expense_records VALUES ('3926ad27-701f-4d14-97ea-90e18d166392', '6b2bda80-2876-4eee-9eda-e94ebcfdf64e', '8de6ff31-e7f3-474a-a2e9-9602cddec1b6', '465a1945-a6f3-47c4-9417-203693cd8fc8', '2025-10-19 20:41:38.392+03', '2025-10-19 20:41:38.392+03', 1560.000000, 0, NULL, 'Et metro merkar');
INSERT INTO public.expense_records VALUES ('e16a9492-e1bd-439c-8000-e3be5333120a', '6b2bda80-2876-4eee-9eda-e94ebcfdf64e', '8de6ff31-e7f3-474a-a2e9-9602cddec1b6', '6a117629-ca97-46d3-83b7-95a4ecf816d9', '2025-10-19 20:42:08.838+03', '2025-10-19 20:42:08.838+03', 597.000000, 0, NULL, 'Kabak çekirdeği');
INSERT INTO public.expense_records VALUES ('b40bbcf5-d264-4c43-9215-33ad301a9399', '57829b4a-6973-4e7e-bb3e-309a78101fc6', '8de6ff31-e7f3-474a-a2e9-9602cddec1b6', 'f92557de-f4dd-4438-9cb0-eed9008e149d', '2025-10-22 12:29:43.293+03', '2025-10-22 12:29:43.293+03', 800.000000, 0, NULL, 'ipp tv yavuz abi ');
INSERT INTO public.expense_records VALUES ('cc44187a-bc40-4b73-8d2a-e36261ae6ea6', 'ee4741f1-799e-479e-b6a8-091f7b0a741b', '8de6ff31-e7f3-474a-a2e9-9602cddec1b6', '45fe261e-0128-42bf-948b-3d823f064558', '2025-10-22 12:44:32.918+03', '2025-10-22 12:44:32.918+03', 550.000000, 0, NULL, 'HEDİYELİK EŞYA PARASI KEVSERE ');
INSERT INTO public.expense_records VALUES ('1503e34d-b7c6-4ec7-a1a4-0c1b79b7cf57', 'ee4741f1-799e-479e-b6a8-091f7b0a741b', '8de6ff31-e7f3-474a-a2e9-9602cddec1b6', '45fe261e-0128-42bf-948b-3d823f064558', '2025-10-22 12:45:06.053+03', '2025-10-22 12:45:06.053+03', 4200.000000, 0, NULL, 'DOLAR GÜN ÖDEMESİ ');
INSERT INTO public.expense_records VALUES ('ca066b1c-6143-4a6f-9474-d464ddaa6d49', 'ee4741f1-799e-479e-b6a8-091f7b0a741b', '8de6ff31-e7f3-474a-a2e9-9602cddec1b6', '69859158-ff36-487c-8b4d-2e426d00241d', '2025-10-22 12:54:55.307+03', '2025-10-22 12:54:55.307+03', 1500.000000, 0, NULL, 'mercedes yakoıt ');
INSERT INTO public.expense_records VALUES ('a71eb7d9-7d80-4e09-90ce-53e78437ad1e', 'ed7b0a1d-f162-4b9b-88bc-ff46ac7a1430', '8de6ff31-e7f3-474a-a2e9-9602cddec1b6', '0864a6c8-025b-4c34-ba52-bc214bc1fd90', '2025-10-22 13:27:12.233+03', '2025-10-22 13:27:12.233+03', 179.000000, 0, NULL, NULL);
INSERT INTO public.expense_records VALUES ('bdfe2793-1b98-4a08-9330-9821b9f04f59', 'b7120e18-554d-4897-b4e3-90b5dc1859b4', '8de6ff31-e7f3-474a-a2e9-9602cddec1b6', 'c3675bbf-9c43-4de9-b3ee-05d3107202c2', '2025-10-22 13:36:22.66+03', '2025-10-22 13:36:22.66+03', 865.000000, 0, NULL, NULL);
INSERT INTO public.expense_records VALUES ('71a94ac3-cf53-43ab-9e15-f7402970366b', '065f49cf-50f2-467e-8e48-b67964e3a323', '8de6ff31-e7f3-474a-a2e9-9602cddec1b6', '3f09dd7f-2484-498b-a22e-764c0a242fa6', '2025-10-22 14:19:02.553+03', '2025-10-22 14:19:02.553+03', 2000.000000, 0, NULL, NULL);
INSERT INTO public.expense_records VALUES ('4227e277-8232-4c67-b1c3-86796d609eb1', '241e047f-4f8b-4e2a-b1be-2993df622cc0', '8de6ff31-e7f3-474a-a2e9-9602cddec1b6', '3f09dd7f-2484-498b-a22e-764c0a242fa6', '2025-10-22 14:19:18.3+03', '2025-10-22 14:19:18.3+03', 400.000000, 0, NULL, NULL);
INSERT INTO public.expense_records VALUES ('eb95665e-a3be-4ca3-b395-d804ef22a19f', 'e9530126-94d3-4f76-b610-f8c87696baed', '8de6ff31-e7f3-474a-a2e9-9602cddec1b6', '91912102-b273-4349-b8fd-0ce82217949a', '2025-10-21 00:00:00+03', '2025-10-21 00:00:00+03', 393.000000, 0, NULL, 'alışveriş');
INSERT INTO public.expense_records VALUES ('9a2517a7-402c-44b3-ab31-a6673ae25cf2', '065f49cf-50f2-467e-8e48-b67964e3a323', '8de6ff31-e7f3-474a-a2e9-9602cddec1b6', '91912102-b273-4349-b8fd-0ce82217949a', '2025-10-19 00:00:00+03', '2025-10-19 00:00:00+03', 500.000000, 0, NULL, 'gaz');
INSERT INTO public.expense_records VALUES ('176a05f2-16e2-4471-9bd6-a2257cdde884', '6b090874-8462-4198-ac54-cd1584edcb81', '8de6ff31-e7f3-474a-a2e9-9602cddec1b6', 'f92557de-f4dd-4438-9cb0-eed9008e149d', '2025-10-22 16:20:26.276+03', '2025-10-22 16:20:26.276+03', 6000.000000, 0, NULL, 'serum alımları ');
INSERT INTO public.expense_records VALUES ('e49f6eb3-c5be-4d3f-9361-e9f0963d0fb4', '1e6d6b91-d906-48a6-8425-f1ce5ade4ced', '8de6ff31-e7f3-474a-a2e9-9602cddec1b6', '0864a6c8-025b-4c34-ba52-bc214bc1fd90', '2025-10-22 17:03:18.451+03', '2025-10-22 17:03:18.451+03', 3500.000000, 0, NULL, 'turgay anahtarlık ');
INSERT INTO public.expense_records VALUES ('f687dda7-5a4a-4337-bad6-ac91fb901298', 'ee4741f1-799e-479e-b6a8-091f7b0a741b', '8de6ff31-e7f3-474a-a2e9-9602cddec1b6', '840ecd6a-717e-47a5-aa2b-262db2a55dd1', '2025-10-23 11:26:59.683+03', '2025-10-23 11:26:59.683+03', 564.000000, 0, NULL, 'GETİR MARET');
INSERT INTO public.expense_records VALUES ('77b7ed81-9fcb-4cf8-8aed-50081ac6574d', '6a0c483a-d42a-4d53-9ee5-935e2a57a2ec', '8de6ff31-e7f3-474a-a2e9-9602cddec1b6', '840ecd6a-717e-47a5-aa2b-262db2a55dd1', '2025-10-23 11:27:21.247+03', '2025-10-23 11:27:21.247+03', 699.000000, 0, NULL, 'İNTERNET');
INSERT INTO public.expense_records VALUES ('938aaefe-5427-4255-9a9b-ca863e18626a', 'ae4b0b41-b97a-4226-acff-f126886f66e2', '8de6ff31-e7f3-474a-a2e9-9602cddec1b6', '840ecd6a-717e-47a5-aa2b-262db2a55dd1', '2025-10-23 11:38:57.044+03', '2025-10-23 11:38:57.044+03', 758.000000, 0, NULL, 'İNTERNET KABİN ');
INSERT INTO public.expense_records VALUES ('05f81d02-87d6-4b81-863b-04f0178efb5d', '2dcb923f-8df9-4c5c-8290-0146e2f4a539', '8de6ff31-e7f3-474a-a2e9-9602cddec1b6', 'f92557de-f4dd-4438-9cb0-eed9008e149d', '2025-10-23 18:42:23.554+03', '2025-10-23 18:42:23.554+03', 2000.000000, 0, NULL, 'hasta dikiş atması ');
INSERT INTO public.expense_records VALUES ('9480fa16-ce32-4a4c-8958-ee344d11dade', '1e6d6b91-d906-48a6-8425-f1ce5ade4ced', '8de6ff31-e7f3-474a-a2e9-9602cddec1b6', '69859158-ff36-487c-8b4d-2e426d00241d', '2025-10-23 23:35:34.792+03', '2025-10-23 23:35:34.792+03', 952.000000, 0, NULL, 'Kafe');
INSERT INTO public.expense_records VALUES ('f61870d9-851e-402d-acef-6b41278bc3b2', '065f49cf-50f2-467e-8e48-b67964e3a323', '8de6ff31-e7f3-474a-a2e9-9602cddec1b6', '3f09dd7f-2484-498b-a22e-764c0a242fa6', '2025-10-24 13:23:13.641+03', '2025-10-24 13:23:13.641+03', 2000.000000, 0, NULL, 'Yakıt zy');
INSERT INTO public.expense_records VALUES ('010b8eb7-9067-412c-bb0a-10f887f8bec7', '66e1d6f8-6cbd-4e1e-bc25-d716319080d3', '8de6ff31-e7f3-474a-a2e9-9602cddec1b6', '69859158-ff36-487c-8b4d-2e426d00241d', '2025-10-24 22:38:38.207+03', '2025-10-24 22:38:38.207+03', 2500.000000, 0, NULL, 'orhan cavut');
INSERT INTO public.expense_records VALUES ('e530853f-62b1-43d0-9685-49dbee636ca4', '1e6d6b91-d906-48a6-8425-f1ce5ade4ced', '8de6ff31-e7f3-474a-a2e9-9602cddec1b6', '45fe261e-0128-42bf-948b-3d823f064558', '2025-10-24 22:39:23.193+03', '2025-10-24 22:39:23.193+03', 2000.000000, 0, NULL, 'bireysel çiçek ');
INSERT INTO public.expense_records VALUES ('fae69e5d-1931-4032-802b-510408516cfc', '1e6d6b91-d906-48a6-8425-f1ce5ade4ced', '8de6ff31-e7f3-474a-a2e9-9602cddec1b6', '45fe261e-0128-42bf-948b-3d823f064558', '2025-10-24 22:40:07.492+03', '2025-10-24 22:40:07.492+03', 21584.190000, 0, NULL, 'kredi');
INSERT INTO public.expense_records VALUES ('86ef87d6-5b9c-4f6e-a93c-6e5d299ecbe2', 'ee4741f1-799e-479e-b6a8-091f7b0a741b', '8de6ff31-e7f3-474a-a2e9-9602cddec1b6', '41b867bc-364e-4af6-ada5-08391afa2c54', '2025-10-25 14:03:49.877+03', '2025-10-25 14:03:49.877+03', 1149.000000, 0, NULL, 'aden e bebek');
INSERT INTO public.expense_records VALUES ('2d97e83f-3baf-4158-863d-c5d56ca23269', 'ee4741f1-799e-479e-b6a8-091f7b0a741b', '8de6ff31-e7f3-474a-a2e9-9602cddec1b6', 'f92557de-f4dd-4438-9cb0-eed9008e149d', '2025-10-25 20:40:44.62+03', '2025-10-25 20:40:44.62+03', 11000.000000, 0, NULL, 'pamuk amelilyat parası');
INSERT INTO public.expense_records VALUES ('517f41e9-3b6e-4c4b-8f8d-e24a53608d3e', 'ee4741f1-799e-479e-b6a8-091f7b0a741b', '8de6ff31-e7f3-474a-a2e9-9602cddec1b6', 'f92557de-f4dd-4438-9cb0-eed9008e149d', '2025-10-25 20:41:21.832+03', '2025-10-25 20:41:21.832+03', 4200.000000, 0, NULL, '100 dolar ');
INSERT INTO public.expense_records VALUES ('987e8b80-8cf0-447a-81c9-7983a1b51440', '065f49cf-50f2-467e-8e48-b67964e3a323', '8de6ff31-e7f3-474a-a2e9-9602cddec1b6', '91912102-b273-4349-b8fd-0ce82217949a', '2025-10-27 00:01:01.92+03', '2025-10-27 00:01:01.92+03', 600.000000, 0, NULL, 'gaz');
INSERT INTO public.expense_records VALUES ('ac5039fb-cf5f-47f2-bea0-06637490de91', '241e047f-4f8b-4e2a-b1be-2993df622cc0', '8de6ff31-e7f3-474a-a2e9-9602cddec1b6', '09d13911-989d-4378-82e1-79ee5424d7f3', '2025-10-27 00:59:55.171+03', '2025-10-27 00:59:55.171+03', 560.000000, 0, NULL, NULL);
INSERT INTO public.expense_records VALUES ('c5f96ae5-7915-4644-9119-2d46e32f9542', '065f49cf-50f2-467e-8e48-b67964e3a323', '8de6ff31-e7f3-474a-a2e9-9602cddec1b6', '69859158-ff36-487c-8b4d-2e426d00241d', '2025-10-27 01:00:14.72+03', '2025-10-27 01:00:14.72+03', 1500.000000, 0, NULL, NULL);
INSERT INTO public.expense_records VALUES ('04370319-aa2b-434b-8691-e03cf7fa80fd', '2dcb923f-8df9-4c5c-8290-0146e2f4a539', '8de6ff31-e7f3-474a-a2e9-9602cddec1b6', 'f92557de-f4dd-4438-9cb0-eed9008e149d', '2025-10-27 13:27:39.926+03', '2025-10-27 13:27:39.926+03', 4500.000000, 0, NULL, 'taliye kandemir + orhan cavunt');
INSERT INTO public.expense_records VALUES ('878802b8-f02c-431f-ad7d-0ffe43709faa', 'e9530126-94d3-4f76-b610-f8c87696baed', '8de6ff31-e7f3-474a-a2e9-9602cddec1b6', 'f92557de-f4dd-4438-9cb0-eed9008e149d', '2025-10-27 16:02:34.293+03', '2025-10-27 16:02:34.293+03', 650.000000, 0, NULL, NULL);
INSERT INTO public.expense_records VALUES ('46877ea6-0210-406d-9abc-b2b461e45875', 'ac8e83d5-4d0f-4f4f-aba3-94ed05a15455', '8de6ff31-e7f3-474a-a2e9-9602cddec1b6', '69859158-ff36-487c-8b4d-2e426d00241d', '2025-10-27 16:05:12.791+03', '2025-10-27 16:05:12.791+03', 23346.950000, 0, NULL, '665 +21540+1141,95');
INSERT INTO public.expense_records VALUES ('ee714677-460c-4e0e-b5ef-0371af17dbb5', '065f49cf-50f2-467e-8e48-b67964e3a323', '8de6ff31-e7f3-474a-a2e9-9602cddec1b6', '91912102-b273-4349-b8fd-0ce82217949a', '2025-10-25 00:00:00+03', '2025-10-27 16:12:27.436+03', 1100.000000, 0, NULL, 'bfc');
INSERT INTO public.expense_records VALUES ('9c32d22e-8b0c-4fba-87fa-0c38418c5282', '065f49cf-50f2-467e-8e48-b67964e3a323', '8de6ff31-e7f3-474a-a2e9-9602cddec1b6', '91912102-b273-4349-b8fd-0ce82217949a', '2025-10-23 00:00:00+03', '2025-10-27 16:14:12.645+03', 400.000000, 0, NULL, 'gaz');
INSERT INTO public.expense_records VALUES ('50e52c8e-759f-4b47-a0e5-7b4b0c1f5343', '065f49cf-50f2-467e-8e48-b67964e3a323', '8de6ff31-e7f3-474a-a2e9-9602cddec1b6', '91912102-b273-4349-b8fd-0ce82217949a', '2025-10-28 16:55:18.247+03', '2025-10-28 16:55:18.247+03', 500.000000, 0, NULL, NULL);
INSERT INTO public.expense_records VALUES ('900b9ea9-5716-4ee1-bd32-98be00d55673', '065f49cf-50f2-467e-8e48-b67964e3a323', '8de6ff31-e7f3-474a-a2e9-9602cddec1b6', '3f09dd7f-2484-498b-a22e-764c0a242fa6', '2025-10-29 00:44:10.504+03', '2025-10-29 00:44:10.504+03', 2000.000000, 0, NULL, NULL);
INSERT INTO public.expense_records VALUES ('bb37466c-fe54-4816-8c87-3199207b4b31', '1e6d6b91-d906-48a6-8425-f1ce5ade4ced', '8de6ff31-e7f3-474a-a2e9-9602cddec1b6', 'f8d87557-4c78-4064-9dd3-6d5eb083005f', '2025-10-28 16:59:05.731+03', '2025-10-28 16:59:05.731+03', 4195.000000, 0, NULL, 'gün ödemesi');
INSERT INTO public.expense_records VALUES ('939953b1-ed94-48a5-8907-f4ee4244d604', 'ee4741f1-799e-479e-b6a8-091f7b0a741b', '8de6ff31-e7f3-474a-a2e9-9602cddec1b6', '840ecd6a-717e-47a5-aa2b-262db2a55dd1', '2025-10-29 18:47:07.446+03', '2025-10-29 18:47:07.446+03', 1798.000000, 0, NULL, 'aden bişeyler alınmışş');
INSERT INTO public.expense_records VALUES ('2d280ede-28b4-4bb1-be93-146c49f597de', '065f49cf-50f2-467e-8e48-b67964e3a323', '8de6ff31-e7f3-474a-a2e9-9602cddec1b6', '91912102-b273-4349-b8fd-0ce82217949a', '2025-10-30 14:05:17.293+03', '2025-10-30 14:05:17.293+03', 100.000000, 0, NULL, NULL);
INSERT INTO public.expense_records VALUES ('c77a8d57-0eb2-4100-8959-7d2e5eec4707', 'bece4b80-6680-4afd-b87c-8e63f7c74169', '8de6ff31-e7f3-474a-a2e9-9602cddec1b6', 'f92557de-f4dd-4438-9cb0-eed9008e149d', '2025-10-30 15:28:10.269+03', '2025-10-30 15:28:10.269+03', 1050.000000, 0, NULL, 'pelet');
INSERT INTO public.expense_records VALUES ('8a3b9642-5acc-4f5b-80ec-c016630e0c88', 'e4e93e78-642f-42f8-969c-4a34d37d9bdc', '8de6ff31-e7f3-474a-a2e9-9602cddec1b6', '91912102-b273-4349-b8fd-0ce82217949a', '2025-10-30 15:30:14.8+03', '2025-10-30 15:30:14.8+03', 280.000000, 0, NULL, 'tüp');
INSERT INTO public.expense_records VALUES ('70387d11-19d5-4d11-b67f-758f6e5964b5', '6a0c483a-d42a-4d53-9ee5-935e2a57a2ec', '8de6ff31-e7f3-474a-a2e9-9602cddec1b6', '840ecd6a-717e-47a5-aa2b-262db2a55dd1', '2025-10-30 16:31:00+03', '2025-10-30 16:31:00+03', 612.000000, 0, NULL, 'elektirk');
INSERT INTO public.expense_records VALUES ('8bfb5a90-6a6f-48aa-8c33-097f4b44a71e', '7ffe5ec5-6f44-4db0-bbe0-3341a865f25b', '8de6ff31-e7f3-474a-a2e9-9602cddec1b6', '09d13911-989d-4378-82e1-79ee5424d7f3', '2025-10-30 21:26:42.483+03', '2025-10-30 21:26:42.483+03', 778.000000, 0, NULL, 'yemek ');
INSERT INTO public.expense_records VALUES ('f5f604cd-d1c1-4ff5-b343-7e35b3e1c089', 'bd693d8e-2b00-49fe-b0c5-b9cbf927c397', '8de6ff31-e7f3-474a-a2e9-9602cddec1b6', '6a117629-ca97-46d3-83b7-95a4ecf816d9', '2025-10-31 16:23:42+03', '2025-10-31 16:23:42+03', 33860.920000, 0, NULL, '33,860.92');
INSERT INTO public.expense_records VALUES ('98cf6e5f-6953-437d-ad2f-6cbac6e1d4c3', '250e2e71-d37c-4d18-9f8e-3bed5d44dae1', '8de6ff31-e7f3-474a-a2e9-9602cddec1b6', 'f92557de-f4dd-4438-9cb0-eed9008e149d', '2025-10-31 17:17:00.023+03', '2025-10-31 17:17:00.023+03', 5000.000000, 0, NULL, 'lale');
INSERT INTO public.expense_records VALUES ('75278dc0-9a7a-4a0f-9a62-a76afcd6ddef', 'ee4741f1-799e-479e-b6a8-091f7b0a741b', '8de6ff31-e7f3-474a-a2e9-9602cddec1b6', '222249ea-0f11-4b63-bd1f-0dba89c68644', '2025-11-01 00:39:16.216+03', '2025-11-01 00:39:16.216+03', 690.000000, 0, NULL, NULL);


--
-- Data for Name: expenses; Type: TABLE DATA; Schema: public; Owner: -
--

INSERT INTO public.expenses VALUES ('9fcde018-6b3e-4961-af20-2062e8da9260', '581c3639-19bf-4660-9868-74d3b67a3036', 'Kira');
INSERT INTO public.expenses VALUES ('9390ddce-2e2d-466d-a81b-cac5523902d6', '581c3639-19bf-4660-9868-74d3b67a3036', 'Elektrik');
INSERT INTO public.expenses VALUES ('241e047f-4f8b-4e2a-b1be-2993df622cc0', 'fcc6f5a4-be0f-4ccc-a777-0f28ed14f253', 'Yemek');
INSERT INTO public.expenses VALUES ('7f926c26-a5bc-48fa-ae9f-60c4fec88d4f', 'fcc6f5a4-be0f-4ccc-a777-0f28ed14f253', 'Ulaşım');
INSERT INTO public.expenses VALUES ('ad82717d-f05d-41f3-b06d-01c4d6312544', '873aebc8-f4e3-433f-824f-58e8f0287238', 'Banka Masrafları');
INSERT INTO public.expenses VALUES ('474b0a99-3883-4ac3-8c79-3acadde184d5', '873aebc8-f4e3-433f-824f-58e8f0287238', 'Gelir Vergisi');
INSERT INTO public.expenses VALUES ('2a02972c-d76a-477a-b99c-dfb3f057b7e4', '873aebc8-f4e3-433f-824f-58e8f0287238', 'KDV');
INSERT INTO public.expenses VALUES ('17600118-d2d7-41e6-95ea-338937921a2d', '873aebc8-f4e3-433f-824f-58e8f0287238', 'Kurumlar Vergisi');
INSERT INTO public.expenses VALUES ('5071193a-8faa-4d90-82df-346be4ee11bd', '873aebc8-f4e3-433f-824f-58e8f0287238', 'Mali Müşavir');
INSERT INTO public.expenses VALUES ('54bebaab-ceec-46b3-b897-66eb1fa720bc', '873aebc8-f4e3-433f-824f-58e8f0287238', 'Noter');
INSERT INTO public.expenses VALUES ('447d662c-d443-4b64-9c9e-ff01859ce1ad', '873aebc8-f4e3-433f-824f-58e8f0287238', 'Stopaj');
INSERT INTO public.expenses VALUES ('57829b4a-6973-4e7e-bb3e-309a78101fc6', '581c3639-19bf-4660-9868-74d3b67a3036', 'Aidat');
INSERT INTO public.expenses VALUES ('b7120e18-554d-4897-b4e3-90b5dc1859b4', '581c3639-19bf-4660-9868-74d3b67a3036', 'Su');
INSERT INTO public.expenses VALUES ('50931714-b1fc-41bb-8727-69d3c383b5dd', '581c3639-19bf-4660-9868-74d3b67a3036', 'Kırtasiye');
INSERT INTO public.expenses VALUES ('7ffe5ec5-6f44-4db0-bbe0-3341a865f25b', '581c3639-19bf-4660-9868-74d3b67a3036', 'Market');
INSERT INTO public.expenses VALUES ('1551e08f-37e5-4b3e-8a9f-e83a65afd1f1', '44804829-2c7f-4735-8b75-01ccdf8d5118', 'Bakım/Onarım');
INSERT INTO public.expenses VALUES ('a3147bf4-75ba-4ae6-b019-1f3694875844', '44804829-2c7f-4735-8b75-01ccdf8d5118', 'Ceza');
INSERT INTO public.expenses VALUES ('1806aa80-b5c5-4836-903d-beb55146b67e', '44804829-2c7f-4735-8b75-01ccdf8d5118', 'Kasko/Sigorta');
INSERT INTO public.expenses VALUES ('a702ff80-a453-4af9-89b5-4f369fb7ab1a', '44804829-2c7f-4735-8b75-01ccdf8d5118', 'Muayene');
INSERT INTO public.expenses VALUES ('ac8e83d5-4d0f-4f4f-aba3-94ed05a15455', '44804829-2c7f-4735-8b75-01ccdf8d5118', 'Vergi');
INSERT INTO public.expenses VALUES ('065f49cf-50f2-467e-8e48-b67964e3a323', '44804829-2c7f-4735-8b75-01ccdf8d5118', 'Yakıt');
INSERT INTO public.expenses VALUES ('e4e93e78-642f-42f8-969c-4a34d37d9bdc', '581c3639-19bf-4660-9868-74d3b67a3036', 'Mutfak');
INSERT INTO public.expenses VALUES ('250e2e71-d37c-4d18-9f8e-3bed5d44dae1', 'fcc6f5a4-be0f-4ccc-a777-0f28ed14f253', 'Maaş');
INSERT INTO public.expenses VALUES ('758dda09-a7a6-41ea-b73b-f229deecf0d4', 'fcc6f5a4-be0f-4ccc-a777-0f28ed14f253', 'Kıyafet Forma ');
INSERT INTO public.expenses VALUES ('66e1d6f8-6cbd-4e1e-bc25-d716319080d3', '6d13e6b8-a053-40d4-bcd6-5bab46908eae', 'BURTOM TİBBİ GÖRÜNTÜLEME');
INSERT INTO public.expenses VALUES ('2dcb923f-8df9-4c5c-8290-0146e2f4a539', '6d13e6b8-a053-40d4-bcd6-5bab46908eae', 'DR.AZİZ HACILAR');
INSERT INTO public.expenses VALUES ('a0b8fd92-1cd6-40ff-a95f-9b0d15f9ed09', 'b4072a45-8071-46e2-a779-9c52d757225b', 'METE SİVRİKAYA ');
INSERT INTO public.expenses VALUES ('98b1794c-5db3-48ff-a8fb-3c251846d051', 'b4072a45-8071-46e2-a779-9c52d757225b', 'MEDİFEM TIBBI ÜÜRNLER ');
INSERT INTO public.expenses VALUES ('7070802e-2e3f-4cf8-b4fa-81a8c6cd1ad2', '44804829-2c7f-4735-8b75-01ccdf8d5118', 'HGS/ OTOYOL /İDO /');
INSERT INTO public.expenses VALUES ('c2b5a22c-a0a1-497a-9067-c76d71c3b688', '9d647c15-70ad-4346-a07e-3c78cead03fa', 'GOOGLE ADS ');
INSERT INTO public.expenses VALUES ('63b9186b-8e4a-460e-95aa-a09f6c2833b3', '9d647c15-70ad-4346-a07e-3c78cead03fa', 'FACEBOOK / İNSTAGRAM ');
INSERT INTO public.expenses VALUES ('b8449c47-dfd4-45e4-ad9e-454cfd1cdc04', '9d647c15-70ad-4346-a07e-3c78cead03fa', 'COFFİ CREAVİTY ');
INSERT INTO public.expenses VALUES ('819314d0-6604-4a5b-b723-3ff11ebd018c', '9d647c15-70ad-4346-a07e-3c78cead03fa', 'COİ REKLAM AJANS ');
INSERT INTO public.expenses VALUES ('dc0f9f6f-7735-4dcc-bf73-713829fb2207', '581c3639-19bf-4660-9868-74d3b67a3036', 'Temizlik');
INSERT INTO public.expenses VALUES ('a20f9d26-bcb3-40d1-8f91-33d8531b3c2f', '581c3639-19bf-4660-9868-74d3b67a3036', 'Tıbbi Atık Era çevre ');
INSERT INTO public.expenses VALUES ('6b2bda80-2876-4eee-9eda-e94ebcfdf64e', 'a16cceb8-caed-4bb1-a207-1c67aa2aecd8', 'Ev Giderleri');
INSERT INTO public.expenses VALUES ('1e6d6b91-d906-48a6-8425-f1ce5ade4ced', 'a16cceb8-caed-4bb1-a207-1c67aa2aecd8', 'Dış Harcamalar');
INSERT INTO public.expenses VALUES ('bd693d8e-2b00-49fe-b0c5-b9cbf927c397', '873aebc8-f4e3-433f-824f-58e8f0287238', 'sgk ödemeleri');
INSERT INTO public.expenses VALUES ('6a0c483a-d42a-4d53-9ee5-935e2a57a2ec', 'a16cceb8-caed-4bb1-a207-1c67aa2aecd8', 'FATURALAR');
INSERT INTO public.expenses VALUES ('a57df62b-75e0-48e3-b4fd-dd60f2855c8d', 'a16cceb8-caed-4bb1-a207-1c67aa2aecd8', 'AİDAT');
INSERT INTO public.expenses VALUES ('e9530126-94d3-4f76-b610-f8c87696baed', 'a16cceb8-caed-4bb1-a207-1c67aa2aecd8', 'MUTFAK');
INSERT INTO public.expenses VALUES ('ee4741f1-799e-479e-b6a8-091f7b0a741b', 'a16cceb8-caed-4bb1-a207-1c67aa2aecd8', 'TUĞÇE');
INSERT INTO public.expenses VALUES ('6b090874-8462-4198-ac54-cd1584edcb81', '581c3639-19bf-4660-9868-74d3b67a3036', 'SAĞLIK KABİNİ  MASRAFLARI');
INSERT INTO public.expenses VALUES ('16821abf-903d-4bb3-aef3-a0f2d44f4e97', '581c3639-19bf-4660-9868-74d3b67a3036', 'MOBİLYA EŞYA ALIMI ');
INSERT INTO public.expenses VALUES ('bece4b80-6680-4afd-b87c-8e63f7c74169', '581c3639-19bf-4660-9868-74d3b67a3036', 'TADİLAT');
INSERT INTO public.expenses VALUES ('7ef82e1b-0636-4826-8434-17c9f72779f5', '581c3639-19bf-4660-9868-74d3b67a3036', 'MÜDÜRLÜK CEZALARI');
INSERT INTO public.expenses VALUES ('ae4b0b41-b97a-4226-acff-f126886f66e2', '581c3639-19bf-4660-9868-74d3b67a3036', 'FATURALAR');
INSERT INTO public.expenses VALUES ('56b1b9e5-760f-4e67-985b-ba500aba778a', '44804829-2c7f-4735-8b75-01ccdf8d5118', 'ARAÇ KİRA');
INSERT INTO public.expenses VALUES ('912815a9-3314-4c07-97ab-ac4222844f7c', 'fcc6f5a4-be0f-4ccc-a777-0f28ed14f253', 'Dış harcama şahsi');
INSERT INTO public.expenses VALUES ('ed7b0a1d-f162-4b9b-88bc-ff46ac7a1430', '581c3639-19bf-4660-9868-74d3b67a3036', 'Telefon faturaları ');
INSERT INTO public.expenses VALUES ('47652d17-8e06-4df7-b04c-f8446ea9fff5', 'a16cceb8-caed-4bb1-a207-1c67aa2aecd8', 'kart vergileri');


--
-- Data for Name: fixtures; Type: TABLE DATA; Schema: public; Owner: -
--

INSERT INTO public.fixtures VALUES ('50d0103d-b47b-47dc-996c-e23e47135cd4', 'EKG CİHAZİ ', NULL);
INSERT INTO public.fixtures VALUES ('b25ced34-a6b4-46a6-8128-6a0b3d7bf80d', 'BRAUN TANSİYON ALETİ ', NULL);
INSERT INTO public.fixtures VALUES ('e855d757-74d1-4a61-9bd5-c0c30ac590c4', 'BRAUN ATEŞ ÖLÇER KULAK İÇİ ', NULL);
INSERT INTO public.fixtures VALUES ('28fc4c9c-6f5d-4e9d-bb7f-50f63ade48c2', 'DELL LAPTOP 1', NULL);
INSERT INTO public.fixtures VALUES ('efd85067-9c50-4f7b-b80f-d07ad60e0d28', 'DELL LAPTOP 2', NULL);
INSERT INTO public.fixtures VALUES ('a647f070-7cd8-4d7a-8363-e441d88caedc', 'DELL LAPTOP 3', NULL);
INSERT INTO public.fixtures VALUES ('53c419ae-5c01-45b4-a78d-2502839ab001', 'OZON TERAPİ CİHAZI ', NULL);
INSERT INTO public.fixtures VALUES ('c61931fd-7ffa-48f7-8d3e-eb0a71759d70', 'NEBÜLÜZATÖR CİHAZI 1 ADET ', 'SAĞLIK KABİNİ ');
INSERT INTO public.fixtures VALUES ('f4ac96bb-dad0-4760-9587-ae094d7b924d', 'TANSİYON ALETİ MANUEL 1 TANE ', 'SAĞLIK KABİNİ ');


--
-- Data for Name: login_logs; Type: TABLE DATA; Schema: public; Owner: -
--

INSERT INTO public.login_logs VALUES ('6741c50a-c7b1-4983-b5f3-a98164a46d4a', '96b2cdca-e45b-462e-805c-af417df065e0', '2024-09-10 11:10:55.878004+03');
INSERT INTO public.login_logs VALUES ('f2338676-7ea7-465d-898c-a08c5a1fb0b6', '96b2cdca-e45b-462e-805c-af417df065e0', '2024-09-10 11:13:41.098357+03');
INSERT INTO public.login_logs VALUES ('e60f87ba-5d45-40b4-b4a7-585d40b2baee', '96b2cdca-e45b-462e-805c-af417df065e0', '2024-09-10 11:14:06.608672+03');
INSERT INTO public.login_logs VALUES ('480183f3-bddf-4fb2-98d2-5f8cd8158286', '96b2cdca-e45b-462e-805c-af417df065e0', '2024-09-10 11:14:13.992875+03');
INSERT INTO public.login_logs VALUES ('a78a5798-c597-42f1-859d-d37092193d35', '96b2cdca-e45b-462e-805c-af417df065e0', '2024-09-10 11:14:19.822344+03');
INSERT INTO public.login_logs VALUES ('b90fcb46-034c-479b-bde5-b73ce6b05708', '96b2cdca-e45b-462e-805c-af417df065e0', '2024-09-10 11:14:37.549454+03');
INSERT INTO public.login_logs VALUES ('7c76726f-d719-4507-9a3e-f0d582ced219', '96b2cdca-e45b-462e-805c-af417df065e0', '2024-09-10 11:15:46.887463+03');
INSERT INTO public.login_logs VALUES ('2c81a86c-ca2a-4161-bf1e-d161930745d2', 'f6c6c289-8ab4-40fb-be72-b9a72c46f250', '2025-09-16 16:56:51.763574+03');
INSERT INTO public.login_logs VALUES ('72700875-03e7-4fe4-a18f-b36b5178e767', '96b2cdca-e45b-462e-805c-af417df065e0', '2024-09-10 19:41:31.903625+03');
INSERT INTO public.login_logs VALUES ('29e31507-44e9-418c-8644-2e93324331f1', '96b2cdca-e45b-462e-805c-af417df065e0', '2024-09-10 19:59:33.473357+03');
INSERT INTO public.login_logs VALUES ('4fec8ae5-fa25-4430-a009-62ae913700ea', 'f6c6c289-8ab4-40fb-be72-b9a72c46f250', '2025-09-16 16:56:53.356661+03');
INSERT INTO public.login_logs VALUES ('ef998fd7-7f6e-4aed-9ec3-a1cd8b17fbd2', '96b2cdca-e45b-462e-805c-af417df065e0', '2024-09-11 13:10:07.815715+03');
INSERT INTO public.login_logs VALUES ('b978bcef-3482-4a34-8e9f-8b147da0176a', '0253b3bc-af37-4387-8dda-c67c73211188', '2025-09-16 16:56:58.220303+03');
INSERT INTO public.login_logs VALUES ('6dc97940-48a7-402c-a2b7-f4b3cb323ee2', '0253b3bc-af37-4387-8dda-c67c73211188', '2025-09-16 17:07:21.249544+03');
INSERT INTO public.login_logs VALUES ('09539931-7a78-463d-8f37-cf4988d1fa66', '1e79d958-9e84-4d3a-b352-64cf8aa9d18f', '2025-09-16 17:22:17.560595+03');
INSERT INTO public.login_logs VALUES ('c666f5c0-c3f7-47c6-95cc-da66b13b4936', '3430ed10-b646-4d3e-be86-9583c7f8b62e', '2025-09-16 17:46:34.70451+03');
INSERT INTO public.login_logs VALUES ('39f7590f-d732-4c28-ad92-37593c1353e8', '3430ed10-b646-4d3e-be86-9583c7f8b62e', '2025-09-17 09:52:58.420213+03');
INSERT INTO public.login_logs VALUES ('4f4d49ba-d3d8-4451-b0e1-6b5e39f912f2', 'f6c6c289-8ab4-40fb-be72-b9a72c46f250', '2025-09-17 15:00:35.885249+03');
INSERT INTO public.login_logs VALUES ('909b4864-4b38-4648-8ec2-b77af1cb8e76', 'f6c6c289-8ab4-40fb-be72-b9a72c46f250', '2025-09-17 16:23:06.669311+03');
INSERT INTO public.login_logs VALUES ('6003eada-f25f-43e6-b68d-f4931968fdbf', 'f6c6c289-8ab4-40fb-be72-b9a72c46f250', '2025-09-17 16:23:07.419238+03');
INSERT INTO public.login_logs VALUES ('5c6a1f75-d5ec-4570-aa42-6a874c08d896', '8de6ff31-e7f3-474a-a2e9-9602cddec1b6', '2025-09-17 18:31:05.205798+03');
INSERT INTO public.login_logs VALUES ('4acd1447-8ec6-425d-b2ac-6cd485038cc4', '3430ed10-b646-4d3e-be86-9583c7f8b62e', '2025-09-17 20:12:30.176134+03');
INSERT INTO public.login_logs VALUES ('286205d5-31c0-4510-97e9-05294e625267', '8de6ff31-e7f3-474a-a2e9-9602cddec1b6', '2025-09-18 00:43:41.235438+03');
INSERT INTO public.login_logs VALUES ('97fbca21-ea77-4619-b4a7-0db925185fb0', '96b2cdca-e45b-462e-805c-af417df065e0', '2024-09-16 10:18:23.757705+03');
INSERT INTO public.login_logs VALUES ('a0892b7b-f9e7-4803-af5a-800b40183d96', '1e79d958-9e84-4d3a-b352-64cf8aa9d18f', '2025-09-18 02:11:40.954125+03');
INSERT INTO public.login_logs VALUES ('263eb118-63a3-4010-a641-058a1ee8b1eb', 'f6c6c289-8ab4-40fb-be72-b9a72c46f250', '2025-09-18 10:18:32.015715+03');
INSERT INTO public.login_logs VALUES ('db6cf6c1-41ab-49b3-83ee-15d44d66a053', '96b2cdca-e45b-462e-805c-af417df065e0', '2024-09-19 11:48:36.230849+03');
INSERT INTO public.login_logs VALUES ('d777968b-a04e-46dc-a00a-ee1e9c399f83', '96b2cdca-e45b-462e-805c-af417df065e0', '2024-09-19 12:50:58.200856+03');
INSERT INTO public.login_logs VALUES ('cffcc02f-1b56-40af-9ac2-5bf361d9f4c7', '96b2cdca-e45b-462e-805c-af417df065e0', '2024-09-19 17:39:38.906355+03');
INSERT INTO public.login_logs VALUES ('69a229cb-a11b-4e38-a773-3f1727859169', '96b2cdca-e45b-462e-805c-af417df065e0', '2024-09-19 17:40:17.818005+03');
INSERT INTO public.login_logs VALUES ('ddf47f6e-60bf-4d21-869e-88f0005b4f93', '96b2cdca-e45b-462e-805c-af417df065e0', '2024-09-19 17:40:39.246382+03');
INSERT INTO public.login_logs VALUES ('a831beb4-b531-44ed-9df5-b63cf313bcbe', '96b2cdca-e45b-462e-805c-af417df065e0', '2024-09-20 01:13:09.261848+03');
INSERT INTO public.login_logs VALUES ('7e8330da-9aed-426b-8382-ecc5df28d351', '96b2cdca-e45b-462e-805c-af417df065e0', '2024-09-27 16:25:19.227357+03');
INSERT INTO public.login_logs VALUES ('efccd3c6-6600-42bc-8ce4-b90edd6119b9', 'f6c6c289-8ab4-40fb-be72-b9a72c46f250', '2025-09-18 10:18:33.008245+03');
INSERT INTO public.login_logs VALUES ('89d4ca94-7a8a-4f9e-9840-7a68aaf3b59f', '8de6ff31-e7f3-474a-a2e9-9602cddec1b6', '2025-09-18 12:13:24.066884+03');
INSERT INTO public.login_logs VALUES ('f016c008-7d6a-4923-890f-e7c1144c9ebe', 'f6c6c289-8ab4-40fb-be72-b9a72c46f250', '2025-09-18 14:05:09.863716+03');
INSERT INTO public.login_logs VALUES ('db5d7554-c042-4de2-a0fa-e6eb1d24f0e5', 'f6c6c289-8ab4-40fb-be72-b9a72c46f250', '2025-09-18 14:05:10.721791+03');
INSERT INTO public.login_logs VALUES ('9327cf4b-fef6-40a0-b97e-8ee3992d448c', 'f6c6c289-8ab4-40fb-be72-b9a72c46f250', '2025-09-18 15:07:46.09752+03');
INSERT INTO public.login_logs VALUES ('e9ec9de2-6676-4982-84d4-dad377c29a33', 'f6c6c289-8ab4-40fb-be72-b9a72c46f250', '2025-09-18 15:42:38.798241+03');
INSERT INTO public.login_logs VALUES ('6e8f60fa-c516-400c-98df-254bd172267b', 'f6c6c289-8ab4-40fb-be72-b9a72c46f250', '2025-09-18 15:43:48.752849+03');
INSERT INTO public.login_logs VALUES ('ce49cfbc-7182-4158-80bd-ce92dbcf7c51', '3430ed10-b646-4d3e-be86-9583c7f8b62e', '2025-09-18 20:45:46.52372+03');
INSERT INTO public.login_logs VALUES ('becebccf-8f10-41e3-9e08-c14c403070a8', '96b2cdca-e45b-462e-805c-af417df065e0', '2024-10-01 17:20:00.810361+03');
INSERT INTO public.login_logs VALUES ('e6c842bb-e0e8-4832-b9db-35a895331a3e', '96b2cdca-e45b-462e-805c-af417df065e0', '2024-10-01 17:58:42.711595+03');
INSERT INTO public.login_logs VALUES ('9504635f-30ad-428b-b669-4882aa53564d', '96b2cdca-e45b-462e-805c-af417df065e0', '2024-10-02 10:44:09.66074+03');
INSERT INTO public.login_logs VALUES ('4f5f791a-e5b7-4d61-9da8-40b162be2e4d', '8de6ff31-e7f3-474a-a2e9-9602cddec1b6', '2025-09-19 08:35:45.646958+03');
INSERT INTO public.login_logs VALUES ('02fc74f0-696e-4b39-a39d-68e7254c2b57', 'f6c6c289-8ab4-40fb-be72-b9a72c46f250', '2025-09-19 10:23:39.101003+03');
INSERT INTO public.login_logs VALUES ('702793c2-2944-49ba-ac98-33d015f5f0b5', 'f6c6c289-8ab4-40fb-be72-b9a72c46f250', '2025-09-19 10:23:40.055812+03');
INSERT INTO public.login_logs VALUES ('18432096-41ab-4040-bf37-13a740b62db8', '96b2cdca-e45b-462e-805c-af417df065e0', '2024-10-02 11:16:48.265117+03');
INSERT INTO public.login_logs VALUES ('303c7e77-16ff-40df-a48d-ca6e818615c7', '96b2cdca-e45b-462e-805c-af417df065e0', '2024-10-02 11:36:02.981901+03');
INSERT INTO public.login_logs VALUES ('68071027-7bcd-4067-8c52-2cf2c67e113c', '96b2cdca-e45b-462e-805c-af417df065e0', '2024-10-02 11:36:09.359923+03');
INSERT INTO public.login_logs VALUES ('8e09d4a3-8d2f-4016-b5ed-ff56e6cb10f7', '3430ed10-b646-4d3e-be86-9583c7f8b62e', '2025-09-19 12:01:57.874389+03');
INSERT INTO public.login_logs VALUES ('3b095eb7-7b1e-4318-b83b-f2e0a27ca73d', '3430ed10-b646-4d3e-be86-9583c7f8b62e', '2025-09-19 12:21:21.887941+03');
INSERT INTO public.login_logs VALUES ('c6383963-b3ef-4bc9-a778-ad249e7e5239', 'f6c6c289-8ab4-40fb-be72-b9a72c46f250', '2025-09-19 12:21:27.964011+03');
INSERT INTO public.login_logs VALUES ('7bb04fa7-87fe-4348-a9ed-8757b9687888', 'f6c6c289-8ab4-40fb-be72-b9a72c46f250', '2025-09-19 12:28:50.160867+03');
INSERT INTO public.login_logs VALUES ('ef0d31fd-ff4a-4389-b5ee-95d7898a7acc', '1e79d958-9e84-4d3a-b352-64cf8aa9d18f', '2025-09-19 19:22:44.56304+03');
INSERT INTO public.login_logs VALUES ('9c722137-0b8c-4597-b0ad-ee3b3197a552', '8de6ff31-e7f3-474a-a2e9-9602cddec1b6', '2025-09-19 23:30:01.949954+03');
INSERT INTO public.login_logs VALUES ('742402a9-4d9a-4831-9489-2f57a55a5ee2', '8de6ff31-e7f3-474a-a2e9-9602cddec1b6', '2025-09-20 02:51:09.879573+03');
INSERT INTO public.login_logs VALUES ('eca60aa9-91ab-4568-9cbb-7e69a54418e7', '8de6ff31-e7f3-474a-a2e9-9602cddec1b6', '2025-09-20 15:03:06.112811+03');
INSERT INTO public.login_logs VALUES ('1370cbe4-4ef9-4858-948d-442da0718bd7', '8de6ff31-e7f3-474a-a2e9-9602cddec1b6', '2025-09-20 19:33:33.72181+03');
INSERT INTO public.login_logs VALUES ('ee0b3704-1b0b-4a03-b1ed-fe4eee34a3c8', '96b2cdca-e45b-462e-805c-af417df065e0', '2024-10-02 15:15:01.740309+03');
INSERT INTO public.login_logs VALUES ('be204984-7760-4bc6-bdec-3a29431bebd5', '8de6ff31-e7f3-474a-a2e9-9602cddec1b6', '2025-09-21 00:19:08.485427+03');
INSERT INTO public.login_logs VALUES ('615713e5-f097-45c4-acd1-77f9959893d4', '8de6ff31-e7f3-474a-a2e9-9602cddec1b6', '2025-09-21 21:39:35.736159+03');
INSERT INTO public.login_logs VALUES ('57e183b4-624e-4960-ae34-1178330827b0', '8de6ff31-e7f3-474a-a2e9-9602cddec1b6', '2025-09-22 00:13:38.493781+03');
INSERT INTO public.login_logs VALUES ('02948bb7-45b2-42ad-b1ca-dca2ad43d7f8', 'f6c6c289-8ab4-40fb-be72-b9a72c46f250', '2025-09-22 10:32:37.691588+03');
INSERT INTO public.login_logs VALUES ('88425229-3d6f-498b-b135-e80df96eb1c2', 'f6c6c289-8ab4-40fb-be72-b9a72c46f250', '2025-09-22 10:32:38.57822+03');
INSERT INTO public.login_logs VALUES ('d46e0a99-754d-4813-86fe-366c2ae25c77', '8de6ff31-e7f3-474a-a2e9-9602cddec1b6', '2025-09-22 11:44:03.462358+03');
INSERT INTO public.login_logs VALUES ('8cc4dcda-f7a5-4c4d-bbfc-eb5b056da05b', '96b2cdca-e45b-462e-805c-af417df065e0', '2024-10-03 18:17:50.713622+03');
INSERT INTO public.login_logs VALUES ('9e1bca85-4858-4473-b478-8c56f7d0baf5', '96b2cdca-e45b-462e-805c-af417df065e0', '2024-10-04 15:06:03.311891+03');
INSERT INTO public.login_logs VALUES ('9732945b-a48f-4f07-be87-62851c6e29ca', '8de6ff31-e7f3-474a-a2e9-9602cddec1b6', '2025-09-22 11:44:05.36943+03');
INSERT INTO public.login_logs VALUES ('da9a3917-f142-4faf-af18-894618b75342', '8de6ff31-e7f3-474a-a2e9-9602cddec1b6', '2025-09-22 12:52:11.728146+03');
INSERT INTO public.login_logs VALUES ('bac9b731-4906-4071-9879-b5ed6bc514df', '3430ed10-b646-4d3e-be86-9583c7f8b62e', '2025-09-22 15:42:45.804289+03');
INSERT INTO public.login_logs VALUES ('a43c6396-8452-4851-be3a-03c63e0c21ee', '8de6ff31-e7f3-474a-a2e9-9602cddec1b6', '2025-09-23 02:42:13.258308+03');
INSERT INTO public.login_logs VALUES ('270e6eb4-d499-4fb0-9f09-0897b8a7c096', 'f6c6c289-8ab4-40fb-be72-b9a72c46f250', '2025-09-23 13:09:52.351003+03');
INSERT INTO public.login_logs VALUES ('8cbe64b9-8c30-469b-bf15-4e37b8851aeb', '96b2cdca-e45b-462e-805c-af417df065e0', '2024-10-05 18:13:15.567513+03');
INSERT INTO public.login_logs VALUES ('e88e5d13-d5fe-46f8-9323-7edc6d4fde95', 'f6c6c289-8ab4-40fb-be72-b9a72c46f250', '2025-09-23 14:58:48.993911+03');
INSERT INTO public.login_logs VALUES ('09f8eddc-ecde-43d7-b578-a0d646c247a6', 'f6c6c289-8ab4-40fb-be72-b9a72c46f250', '2025-09-23 14:58:50.322775+03');
INSERT INTO public.login_logs VALUES ('0c8a7e3b-1bea-486d-a8cb-cd9b8f762baf', '8de6ff31-e7f3-474a-a2e9-9602cddec1b6', '2025-09-23 15:46:33.369311+03');
INSERT INTO public.login_logs VALUES ('0f53ea25-8909-4656-b3d2-424299ed11e7', 'f6c6c289-8ab4-40fb-be72-b9a72c46f250', '2025-09-23 16:50:51.475757+03');
INSERT INTO public.login_logs VALUES ('b7dc0575-eaa2-4d39-9b75-bce145e52696', 'efc297b8-def8-4bfb-8b26-a6fb2fde502e', '2025-09-23 18:41:21.437166+03');
INSERT INTO public.login_logs VALUES ('c1629501-0ab2-4ea9-889c-670d42a4e24c', '96b2cdca-e45b-462e-805c-af417df065e0', '2024-10-07 18:59:10.772918+03');
INSERT INTO public.login_logs VALUES ('c38029cd-7a44-42c8-965c-f1d215dbd243', '8de6ff31-e7f3-474a-a2e9-9602cddec1b6', '2025-09-23 22:13:40.342425+03');
INSERT INTO public.login_logs VALUES ('9094891f-884e-41f7-ac0c-feff3415d387', '8de6ff31-e7f3-474a-a2e9-9602cddec1b6', '2025-09-23 22:37:26.036028+03');
INSERT INTO public.login_logs VALUES ('ef230f35-5c6b-4d05-a150-57f4d4b6dcf3', 'f6c6c289-8ab4-40fb-be72-b9a72c46f250', '2025-09-24 11:26:48.903866+03');
INSERT INTO public.login_logs VALUES ('c24eadcb-795f-488f-8790-b720e4333e85', 'f6c6c289-8ab4-40fb-be72-b9a72c46f250', '2025-09-24 12:55:29.942473+03');
INSERT INTO public.login_logs VALUES ('fee98ca9-49f3-4e04-a283-68bf7b0e38cf', '96b2cdca-e45b-462e-805c-af417df065e0', '2024-10-08 22:22:57.267256+03');
INSERT INTO public.login_logs VALUES ('d68ab30e-dd04-4dd6-a156-450551a87fb6', '96b2cdca-e45b-462e-805c-af417df065e0', '2024-10-09 10:48:41.163549+03');
INSERT INTO public.login_logs VALUES ('7332b08c-2369-4763-aa68-4462b1a10c86', 'f6c6c289-8ab4-40fb-be72-b9a72c46f250', '2025-09-24 13:55:39.962406+03');
INSERT INTO public.login_logs VALUES ('e1d43c91-42e9-4621-bd79-e7cd715f5864', 'f6c6c289-8ab4-40fb-be72-b9a72c46f250', '2025-09-24 15:02:16.925492+03');
INSERT INTO public.login_logs VALUES ('bf6a9581-21e9-47ce-aabf-221042c9322e', 'f6c6c289-8ab4-40fb-be72-b9a72c46f250', '2025-09-24 15:02:17.457714+03');
INSERT INTO public.login_logs VALUES ('c7196934-f795-4ab6-81f6-e66cbe3925de', 'f6c6c289-8ab4-40fb-be72-b9a72c46f250', '2025-09-24 15:02:18.856968+03');
INSERT INTO public.login_logs VALUES ('9ef25751-a8c7-4de8-8d87-e56cc446a6e9', 'f6c6c289-8ab4-40fb-be72-b9a72c46f250', '2025-09-24 16:29:56.167041+03');
INSERT INTO public.login_logs VALUES ('fdb26385-f804-4820-b9d5-17273680e36a', 'f6c6c289-8ab4-40fb-be72-b9a72c46f250', '2025-09-24 17:10:10.022192+03');
INSERT INTO public.login_logs VALUES ('365824c2-a87a-4c72-8996-fdea4ef955b3', 'f6c6c289-8ab4-40fb-be72-b9a72c46f250', '2025-09-24 18:02:11.487892+03');
INSERT INTO public.login_logs VALUES ('2b292086-2584-4bcc-b99d-40ce462aa750', 'f6c6c289-8ab4-40fb-be72-b9a72c46f250', '2025-09-24 18:02:13.450898+03');
INSERT INTO public.login_logs VALUES ('c9fb444e-33d5-494e-9a37-637a4a50e534', '8de6ff31-e7f3-474a-a2e9-9602cddec1b6', '2025-09-24 20:42:37.841014+03');
INSERT INTO public.login_logs VALUES ('31d4238c-94f7-408b-9420-3f383bd4e7b3', '8de6ff31-e7f3-474a-a2e9-9602cddec1b6', '2025-09-24 21:01:40.166159+03');
INSERT INTO public.login_logs VALUES ('e52ce75b-a858-4697-a9d9-3f45607bc7f5', '8de6ff31-e7f3-474a-a2e9-9602cddec1b6', '2025-09-24 23:44:47.722476+03');
INSERT INTO public.login_logs VALUES ('0c531efb-7703-4fd2-9a2a-22f1c62f48c9', '8de6ff31-e7f3-474a-a2e9-9602cddec1b6', '2025-09-24 23:44:50.353781+03');
INSERT INTO public.login_logs VALUES ('6d2a094b-9e60-40fb-adc6-2794125d5e0e', '8de6ff31-e7f3-474a-a2e9-9602cddec1b6', '2025-09-25 14:16:56.922204+03');
INSERT INTO public.login_logs VALUES ('ed37c8e4-c066-4ae1-b3e9-b2e59d8aff04', '96b2cdca-e45b-462e-805c-af417df065e0', '2024-10-11 18:26:37.727379+03');
INSERT INTO public.login_logs VALUES ('12da5274-5338-4b69-979a-bb8c0b0cb95c', 'f6c6c289-8ab4-40fb-be72-b9a72c46f250', '2025-09-25 17:38:55.531043+03');
INSERT INTO public.login_logs VALUES ('c0e5cb09-0808-4c89-814d-daceace6a16a', 'f6c6c289-8ab4-40fb-be72-b9a72c46f250', '2025-09-25 17:38:56.14646+03');
INSERT INTO public.login_logs VALUES ('7586c36d-c08e-4026-887d-7200a510ccbb', '8de6ff31-e7f3-474a-a2e9-9602cddec1b6', '2025-09-25 19:33:11.310481+03');
INSERT INTO public.login_logs VALUES ('05a93e6e-ac11-4d4a-8422-6992e663a755', '8de6ff31-e7f3-474a-a2e9-9602cddec1b6', '2025-09-26 01:38:30.691081+03');
INSERT INTO public.login_logs VALUES ('1eca7c57-9b81-4dc1-ac82-7b61faaa14a4', 'f6c6c289-8ab4-40fb-be72-b9a72c46f250', '2025-09-26 10:20:23.558473+03');
INSERT INTO public.login_logs VALUES ('55aea5f7-63f9-4353-a540-658451513710', 'f6c6c289-8ab4-40fb-be72-b9a72c46f250', '2025-09-26 10:20:24.363269+03');
INSERT INTO public.login_logs VALUES ('d66847d6-a665-415a-a330-e495ea3cebc8', 'f6c6c289-8ab4-40fb-be72-b9a72c46f250', '2025-09-26 11:54:08.031375+03');
INSERT INTO public.login_logs VALUES ('02617f4d-8294-4499-bfe0-63df1baaa45a', '1e79d958-9e84-4d3a-b352-64cf8aa9d18f', '2025-09-26 12:53:38.513261+03');
INSERT INTO public.login_logs VALUES ('ce5547d7-6723-4cec-8ffe-89e51c9ad661', 'f6c6c289-8ab4-40fb-be72-b9a72c46f250', '2025-09-26 13:42:06.459553+03');
INSERT INTO public.login_logs VALUES ('7cf7b7b2-3079-40ed-b197-43d171dd4212', 'f6c6c289-8ab4-40fb-be72-b9a72c46f250', '2025-09-26 17:39:47.329174+03');
INSERT INTO public.login_logs VALUES ('c3a85167-0482-434e-aadf-dad10a469c2d', '8de6ff31-e7f3-474a-a2e9-9602cddec1b6', '2025-09-26 22:10:18.698191+03');
INSERT INTO public.login_logs VALUES ('7d0a9e36-85f9-4b7f-957b-7b520e2fa1a2', '8de6ff31-e7f3-474a-a2e9-9602cddec1b6', '2025-09-27 01:00:26.567057+03');
INSERT INTO public.login_logs VALUES ('82b89af1-44aa-497f-b12b-96c4ac6f2908', '96b2cdca-e45b-462e-805c-af417df065e0', '2025-09-27 09:12:39.396969+03');
INSERT INTO public.login_logs VALUES ('bd8bab46-aea4-4d02-b3e4-52ff127d00fb', '8de6ff31-e7f3-474a-a2e9-9602cddec1b6', '2025-09-27 12:42:29.268379+03');
INSERT INTO public.login_logs VALUES ('6cf5c613-52e9-4600-bd2e-b33e63862f24', '8de6ff31-e7f3-474a-a2e9-9602cddec1b6', '2025-09-27 14:34:19.027781+03');
INSERT INTO public.login_logs VALUES ('06702bf3-6efc-481a-8a38-2055c8177cae', '96b2cdca-e45b-462e-805c-af417df065e0', '2025-09-27 14:48:38.569513+03');
INSERT INTO public.login_logs VALUES ('094cd086-23cc-438d-bd3f-ff49367e9f5c', '8de6ff31-e7f3-474a-a2e9-9602cddec1b6', '2025-09-27 20:23:32.374257+03');
INSERT INTO public.login_logs VALUES ('5b57363c-37f8-4be7-a873-22fc3c4a5a1e', '8de6ff31-e7f3-474a-a2e9-9602cddec1b6', '2025-09-27 22:36:18.175834+03');
INSERT INTO public.login_logs VALUES ('614f379a-70b2-4b2c-ad41-765821d35c0e', '8de6ff31-e7f3-474a-a2e9-9602cddec1b6', '2025-09-27 22:36:19.619696+03');
INSERT INTO public.login_logs VALUES ('5c8d09bd-4437-41fc-acee-6210b8808b61', '9c4ace49-3623-4871-8532-f6447f152593', '2025-09-16 17:04:26.412034+03');
INSERT INTO public.login_logs VALUES ('13b0e843-ed15-4707-be3c-97ddbe4f9a25', '96b2cdca-e45b-462e-805c-af417df065e0', '2024-10-12 19:59:28.794599+03');
INSERT INTO public.login_logs VALUES ('8f838525-b23f-4255-a3e9-1cc7bbd9f138', '0253b3bc-af37-4387-8dda-c67c73211188', '2025-09-16 17:07:37.038904+03');
INSERT INTO public.login_logs VALUES ('36ff8f78-46c8-459d-bdcb-125126f6e717', 'f6c6c289-8ab4-40fb-be72-b9a72c46f250', '2025-09-16 17:07:50.511567+03');
INSERT INTO public.login_logs VALUES ('871f6b55-defa-4f62-a237-04c42da50538', '1e79d958-9e84-4d3a-b352-64cf8aa9d18f', '2025-09-16 17:28:24.740158+03');
INSERT INTO public.login_logs VALUES ('c95af2b1-e247-475d-9a00-f17900f0a408', '0253b3bc-af37-4387-8dda-c67c73211188', '2025-09-16 20:11:57.526515+03');
INSERT INTO public.login_logs VALUES ('c7a8d0e1-f2d7-451d-bd0e-7b7eb31daf5e', 'f6c6c289-8ab4-40fb-be72-b9a72c46f250', '2025-09-17 12:33:12.844146+03');
INSERT INTO public.login_logs VALUES ('0bb93cfa-081f-42de-a89d-0e4c1cdcab89', 'f6c6c289-8ab4-40fb-be72-b9a72c46f250', '2025-09-17 12:33:13.662075+03');
INSERT INTO public.login_logs VALUES ('5146647c-0c21-4867-873b-df9d69f20b29', '96b2cdca-e45b-462e-805c-af417df065e0', '2024-10-14 18:23:36.651949+03');
INSERT INTO public.login_logs VALUES ('e1a35c88-7ddc-4d4d-8ee2-667a0d1c689c', '96b2cdca-e45b-462e-805c-af417df065e0', '2024-10-15 10:45:57.812424+03');
INSERT INTO public.login_logs VALUES ('81eec0b8-ed3b-4579-9633-cf44ac05eba5', 'f6c6c289-8ab4-40fb-be72-b9a72c46f250', '2025-09-17 15:22:15.656727+03');
INSERT INTO public.login_logs VALUES ('5c2448b0-ac75-4472-a56f-0c2af7aba665', 'f6c6c289-8ab4-40fb-be72-b9a72c46f250', '2025-09-17 17:16:31.610359+03');
INSERT INTO public.login_logs VALUES ('180e3505-ee91-45c8-8102-b80953801446', '96b2cdca-e45b-462e-805c-af417df065e0', '2024-10-15 18:09:02.26387+03');
INSERT INTO public.login_logs VALUES ('78a8e344-dcb6-47f3-b046-6a7c47a699ad', 'f6c6c289-8ab4-40fb-be72-b9a72c46f250', '2025-09-17 17:16:32.401518+03');
INSERT INTO public.login_logs VALUES ('67a84a13-9108-49d6-989a-acdfc583c550', '96b2cdca-e45b-462e-805c-af417df065e0', '2024-10-16 14:52:55.060748+03');
INSERT INTO public.login_logs VALUES ('3342fc8f-58fb-485b-8b26-933fd0a54503', 'f6c6c289-8ab4-40fb-be72-b9a72c46f250', '2025-09-17 19:40:37.170875+03');
INSERT INTO public.login_logs VALUES ('5fb02983-46ef-4fd0-b930-881bb12a7f66', '96b2cdca-e45b-462e-805c-af417df065e0', '2024-10-17 12:26:27.348802+03');
INSERT INTO public.login_logs VALUES ('d6d41354-1de5-409a-815b-d96c99b3d8d4', 'f6c6c289-8ab4-40fb-be72-b9a72c46f250', '2025-09-17 21:29:30.094934+03');
INSERT INTO public.login_logs VALUES ('f18e789d-551f-454c-b310-2944569cdcbc', '96b2cdca-e45b-462e-805c-af417df065e0', '2024-10-18 10:15:01.24953+03');
INSERT INTO public.login_logs VALUES ('d16bbe13-46c2-475c-9a60-1b2c9d1e4e4f', 'f6c6c289-8ab4-40fb-be72-b9a72c46f250', '2025-09-17 21:29:30.940091+03');
INSERT INTO public.login_logs VALUES ('154d55dd-f0c8-41f2-99a0-8f8471fc3e30', '3430ed10-b646-4d3e-be86-9583c7f8b62e', '2025-09-18 00:44:51.787669+03');
INSERT INTO public.login_logs VALUES ('8f6ee365-7cf5-490a-893a-16dda35e5344', '96b2cdca-e45b-462e-805c-af417df065e0', '2024-10-18 14:50:27.57081+03');
INSERT INTO public.login_logs VALUES ('4a5b982b-0489-4b6a-b4bb-35a077eccbcc', '8de6ff31-e7f3-474a-a2e9-9602cddec1b6', '2025-09-18 02:16:33.397528+03');
INSERT INTO public.login_logs VALUES ('12b76f0d-6905-4b9a-91da-a754c391120b', 'f6c6c289-8ab4-40fb-be72-b9a72c46f250', '2025-09-18 11:47:36.198286+03');
INSERT INTO public.login_logs VALUES ('cd27b128-46f7-485c-bfcd-a7dc3b9043fe', '96b2cdca-e45b-462e-805c-af417df065e0', '2024-10-19 18:09:23.031039+03');
INSERT INTO public.login_logs VALUES ('0f5fb771-7da0-4864-8da3-ea3b57ae3f09', 'f6c6c289-8ab4-40fb-be72-b9a72c46f250', '2025-09-18 11:47:37.084737+03');
INSERT INTO public.login_logs VALUES ('72d1417d-c3d0-47b4-b385-3903b18d0950', '96b2cdca-e45b-462e-805c-af417df065e0', '2024-10-30 10:02:14.272487+03');
INSERT INTO public.login_logs VALUES ('c5f5d987-09c4-45f1-8586-a4bfd9b31a15', '96b2cdca-e45b-462e-805c-af417df065e0', '2024-10-30 14:39:34.588427+03');
INSERT INTO public.login_logs VALUES ('0f9df0f2-6767-41a3-8876-70368010b005', '96b2cdca-e45b-462e-805c-af417df065e0', '2024-11-02 12:47:14.414318+03');
INSERT INTO public.login_logs VALUES ('dd00edc6-dc85-4a56-a204-84bcb2e7a761', '96b2cdca-e45b-462e-805c-af417df065e0', '2024-11-02 12:54:24.716065+03');
INSERT INTO public.login_logs VALUES ('f572b9f3-5f2d-45c9-a5d8-04bad10943bd', '96b2cdca-e45b-462e-805c-af417df065e0', '2024-11-03 15:30:31.452434+03');
INSERT INTO public.login_logs VALUES ('f8156888-c987-48b5-aca0-5100b83b8fab', '96b2cdca-e45b-462e-805c-af417df065e0', '2024-11-03 15:30:32.108791+03');
INSERT INTO public.login_logs VALUES ('c7dd8c21-f4d1-4505-a22b-8a1e44d8f0d5', 'f6c6c289-8ab4-40fb-be72-b9a72c46f250', '2025-09-18 12:23:01.161612+03');
INSERT INTO public.login_logs VALUES ('ade87695-4228-44fd-a041-31853172ef6f', '96b2cdca-e45b-462e-805c-af417df065e0', '2024-11-12 13:21:11.896407+03');
INSERT INTO public.login_logs VALUES ('94aaf309-a810-472c-a7a0-428c2e5320f6', '96b2cdca-e45b-462e-805c-af417df065e0', '2024-11-22 19:11:18.625291+03');
INSERT INTO public.login_logs VALUES ('c797563d-c423-4717-aaf1-361bc35624a2', 'f6c6c289-8ab4-40fb-be72-b9a72c46f250', '2025-09-18 12:23:02.144275+03');
INSERT INTO public.login_logs VALUES ('400adcc3-645a-473a-b59b-5af6f2a38995', '96b2cdca-e45b-462e-805c-af417df065e0', '2024-11-26 17:01:54.464825+03');
INSERT INTO public.login_logs VALUES ('5ddc7840-b83c-4396-bb34-55e7f055d1a5', '96b2cdca-e45b-462e-805c-af417df065e0', '2024-12-12 16:10:27.595794+03');
INSERT INTO public.login_logs VALUES ('9bf0f181-5cd6-48e3-ac48-868a9e99ce3b', '96b2cdca-e45b-462e-805c-af417df065e0', '2025-01-31 18:44:24.015411+03');
INSERT INTO public.login_logs VALUES ('4b43a368-84d5-440f-9b52-a8725ad9dea8', '96b2cdca-e45b-462e-805c-af417df065e0', '2025-02-01 11:33:51.155502+03');
INSERT INTO public.login_logs VALUES ('22c48989-56cc-4f56-b234-9a5ed72a4a04', '96b2cdca-e45b-462e-805c-af417df065e0', '2025-02-01 11:34:07.237926+03');
INSERT INTO public.login_logs VALUES ('56a3571b-bf4f-4cce-8fc1-2754a4361225', '96b2cdca-e45b-462e-805c-af417df065e0', '2025-02-01 14:21:07.613638+03');
INSERT INTO public.login_logs VALUES ('a5b05393-22e6-4ea7-bdb7-ddb9a09d1e12', '96b2cdca-e45b-462e-805c-af417df065e0', '2025-02-01 14:21:17.504164+03');
INSERT INTO public.login_logs VALUES ('83fb7aaa-7be2-4867-8fef-acbe3492a41f', '96b2cdca-e45b-462e-805c-af417df065e0', '2025-02-01 14:35:09.854434+03');
INSERT INTO public.login_logs VALUES ('166b7543-4e2e-4b50-ac84-4c3b185391c9', '96b2cdca-e45b-462e-805c-af417df065e0', '2025-02-01 14:35:24.060711+03');
INSERT INTO public.login_logs VALUES ('4bbee805-32fb-4eb4-ad93-a2cf97a3651d', '96b2cdca-e45b-462e-805c-af417df065e0', '2025-02-03 09:05:17.929884+03');
INSERT INTO public.login_logs VALUES ('ae20b9b3-bb5b-4bfc-8d4c-9be742a2a2c4', '96b2cdca-e45b-462e-805c-af417df065e0', '2025-02-03 09:05:40.229979+03');
INSERT INTO public.login_logs VALUES ('eb3fe456-3a44-419e-a68e-f12e5e242a78', '96b2cdca-e45b-462e-805c-af417df065e0', '2025-02-03 11:46:31.313775+03');
INSERT INTO public.login_logs VALUES ('a22b9323-5d18-46e2-80f0-53670fb2230f', '96b2cdca-e45b-462e-805c-af417df065e0', '2025-02-03 11:57:12.109159+03');
INSERT INTO public.login_logs VALUES ('3f84e913-7b87-44ce-934e-3bee3a379a48', '96b2cdca-e45b-462e-805c-af417df065e0', '2025-02-03 12:34:52.760334+03');
INSERT INTO public.login_logs VALUES ('184cb9cc-2ff5-4a24-922a-0d362321749b', '96b2cdca-e45b-462e-805c-af417df065e0', '2025-02-03 17:22:04.199846+03');
INSERT INTO public.login_logs VALUES ('631e6270-d6b5-49b7-84fa-85c97163b7af', '96b2cdca-e45b-462e-805c-af417df065e0', '2025-02-03 17:25:46.059904+03');
INSERT INTO public.login_logs VALUES ('15b2653c-0a98-4786-8575-1a14ffd7f895', '96b2cdca-e45b-462e-805c-af417df065e0', '2025-02-04 11:03:37.339387+03');
INSERT INTO public.login_logs VALUES ('9d670942-2a18-4157-a777-075d68ce8f72', '96b2cdca-e45b-462e-805c-af417df065e0', '2025-02-04 12:28:08.342165+03');
INSERT INTO public.login_logs VALUES ('a6fe755e-1caa-4eff-81e0-562666f19d4c', '96b2cdca-e45b-462e-805c-af417df065e0', '2025-02-04 12:46:50.616367+03');
INSERT INTO public.login_logs VALUES ('47eb1376-3e50-49a8-8905-37f3a45919af', '96b2cdca-e45b-462e-805c-af417df065e0', '2025-02-04 13:19:11.922496+03');
INSERT INTO public.login_logs VALUES ('9311bff9-989f-4c20-a4d0-7ea235cb8878', '9c4ace49-3623-4871-8532-f6447f152593', '2025-09-18 14:40:53.42949+03');
INSERT INTO public.login_logs VALUES ('f983ad63-a21e-4b69-8328-cc79b334563c', '96b2cdca-e45b-462e-805c-af417df065e0', '2025-02-04 13:47:49.287251+03');
INSERT INTO public.login_logs VALUES ('174da5ee-09ed-4207-8f78-10cd47fd6855', 'f6c6c289-8ab4-40fb-be72-b9a72c46f250', '2025-09-18 15:15:41.090749+03');
INSERT INTO public.login_logs VALUES ('61f1c8f3-0192-4ce9-ac3b-9556aeedd36a', '96b2cdca-e45b-462e-805c-af417df065e0', '2025-02-04 17:56:44.947261+03');
INSERT INTO public.login_logs VALUES ('3b44f1f6-e9be-42f7-8322-52385ca09167', '96b2cdca-e45b-462e-805c-af417df065e0', '2025-02-04 19:20:00.104409+03');
INSERT INTO public.login_logs VALUES ('7580f57f-d3fa-4981-a270-3256d306ccb0', '96b2cdca-e45b-462e-805c-af417df065e0', '2025-02-04 19:21:27.174063+03');
INSERT INTO public.login_logs VALUES ('f04a25e3-c45c-48c1-904f-324b6828fd1f', '96b2cdca-e45b-462e-805c-af417df065e0', '2025-02-04 19:26:38.190321+03');
INSERT INTO public.login_logs VALUES ('69c9e185-bfa5-466d-baf5-fa7d1ad551ef', '96b2cdca-e45b-462e-805c-af417df065e0', '2025-02-04 19:34:01.506176+03');
INSERT INTO public.login_logs VALUES ('74cd1373-6a4a-4e82-ba2b-2a200d7acf39', '96b2cdca-e45b-462e-805c-af417df065e0', '2025-02-04 19:37:39.39768+03');
INSERT INTO public.login_logs VALUES ('314e0643-ba03-4955-8457-f6f281b98c34', '96b2cdca-e45b-462e-805c-af417df065e0', '2025-02-04 20:07:37.860633+03');
INSERT INTO public.login_logs VALUES ('1fb7b46d-4173-4977-865f-d4f3dd1b9bb0', '96b2cdca-e45b-462e-805c-af417df065e0', '2025-02-04 20:11:10.036279+03');
INSERT INTO public.login_logs VALUES ('36caa382-674c-40fa-b9c1-7126e38f3b2a', '96b2cdca-e45b-462e-805c-af417df065e0', '2025-02-04 20:12:01.968856+03');
INSERT INTO public.login_logs VALUES ('951eee0a-a73d-4d9f-a4d9-4b3cfb20b189', '96b2cdca-e45b-462e-805c-af417df065e0', '2025-02-04 20:15:38.801072+03');
INSERT INTO public.login_logs VALUES ('4e3788a9-6cc5-4e54-9396-6adda0c5bf72', '96b2cdca-e45b-462e-805c-af417df065e0', '2025-02-04 20:17:51.465034+03');
INSERT INTO public.login_logs VALUES ('aebc7a62-e3df-4bd9-a3b1-0cd1947fd593', '96b2cdca-e45b-462e-805c-af417df065e0', '2025-02-04 20:30:52.597241+03');
INSERT INTO public.login_logs VALUES ('4472e27e-8eb6-4c43-8d8c-bcae69ed6471', '96b2cdca-e45b-462e-805c-af417df065e0', '2025-02-04 20:49:08.649374+03');
INSERT INTO public.login_logs VALUES ('85caed89-5ad4-4600-be4a-5b739d29ea6e', '96b2cdca-e45b-462e-805c-af417df065e0', '2025-02-05 21:30:12.796589+03');
INSERT INTO public.login_logs VALUES ('063319f9-350a-4581-ac80-10949daf8199', '0253b3bc-af37-4387-8dda-c67c73211188', '2025-09-18 17:02:13.048387+03');
INSERT INTO public.login_logs VALUES ('bcc9f0fe-305f-456d-9193-4e0000d77750', '8de6ff31-e7f3-474a-a2e9-9602cddec1b6', '2025-02-05 21:59:23.266436+03');
INSERT INTO public.login_logs VALUES ('688a1b07-de7a-4a76-846e-816685cee953', '8de6ff31-e7f3-474a-a2e9-9602cddec1b6', '2025-02-06 12:22:28.132273+03');
INSERT INTO public.login_logs VALUES ('f8754b22-fde7-4115-a4f2-0052cda81d64', '96b2cdca-e45b-462e-805c-af417df065e0', '2025-02-06 12:22:42.659114+03');
INSERT INTO public.login_logs VALUES ('d4ae75c0-4966-463c-991e-aa3bb7f72c33', '96b2cdca-e45b-462e-805c-af417df065e0', '2025-02-06 12:40:54.165317+03');
INSERT INTO public.login_logs VALUES ('09977138-32e2-4eb7-8d73-6c070d1b5c19', '96b2cdca-e45b-462e-805c-af417df065e0', '2025-02-06 12:44:42.792081+03');
INSERT INTO public.login_logs VALUES ('49dd6368-51ee-4991-9459-c394fa1dd56e', 'f6c6c289-8ab4-40fb-be72-b9a72c46f250', '2025-09-18 21:34:33.913515+03');
INSERT INTO public.login_logs VALUES ('936d4ab9-1e4b-4edc-9b55-e17462d04214', '96b2cdca-e45b-462e-805c-af417df065e0', '2025-02-07 16:10:14.187521+03');
INSERT INTO public.login_logs VALUES ('3ee5df94-349e-4347-a1d8-302fb44da1b3', 'f6c6c289-8ab4-40fb-be72-b9a72c46f250', '2025-09-18 21:34:34.673479+03');
INSERT INTO public.login_logs VALUES ('241021b7-b40b-4f3a-add2-b8fbf12edf26', '8de6ff31-e7f3-474a-a2e9-9602cddec1b6', '2025-09-19 09:12:49.713247+03');
INSERT INTO public.login_logs VALUES ('20d67753-0173-4686-888b-c1616c444f3f', '8de6ff31-e7f3-474a-a2e9-9602cddec1b6', '2025-09-19 10:27:43.220851+03');
INSERT INTO public.login_logs VALUES ('e4a705df-e987-4439-8211-d03cd3b7d6f0', '96b2cdca-e45b-462e-805c-af417df065e0', '2025-09-19 12:06:57.313291+03');
INSERT INTO public.login_logs VALUES ('f8c3c809-8887-499a-925b-6867f4f1183e', 'f6c6c289-8ab4-40fb-be72-b9a72c46f250', '2025-09-19 12:24:57.59714+03');
INSERT INTO public.login_logs VALUES ('74ebf801-777b-491e-a1c7-6e2da3adfa28', 'f6c6c289-8ab4-40fb-be72-b9a72c46f250', '2025-09-19 12:24:58.284468+03');
INSERT INTO public.login_logs VALUES ('bae41ada-e374-4af6-83cd-fc0b4e2ed7bb', '96b2cdca-e45b-462e-805c-af417df065e0', '2025-09-19 14:07:06.305461+03');
INSERT INTO public.login_logs VALUES ('01e855b9-67c1-46e5-b2cb-a24e9d8d03c2', '96b2cdca-e45b-462e-805c-af417df065e0', '2025-02-11 09:43:15.173337+03');
INSERT INTO public.login_logs VALUES ('7e3f870b-2d9b-4f4b-ae15-addb61d411ff', '8de6ff31-e7f3-474a-a2e9-9602cddec1b6', '2025-09-19 19:51:23.428304+03');
INSERT INTO public.login_logs VALUES ('04a34fb6-9363-4b20-85c3-ab9427514cce', '8de6ff31-e7f3-474a-a2e9-9602cddec1b6', '2025-09-20 00:49:24.519555+03');
INSERT INTO public.login_logs VALUES ('f35036e9-71c3-4c31-afa7-93f4f3786248', '8de6ff31-e7f3-474a-a2e9-9602cddec1b6', '2025-09-20 03:02:28.735273+03');
INSERT INTO public.login_logs VALUES ('b5f27649-2306-41ae-9315-e816372072b5', '96b2cdca-e45b-462e-805c-af417df065e0', '2025-02-13 13:34:53.183234+03');
INSERT INTO public.login_logs VALUES ('04114644-e519-463c-ad02-39bb457a186f', '96b2cdca-e45b-462e-805c-af417df065e0', '2025-02-13 13:40:08.303099+03');
INSERT INTO public.login_logs VALUES ('e63b71c0-fb79-40bf-803e-26b1a4a75ed7', '96b2cdca-e45b-462e-805c-af417df065e0', '2025-02-13 13:57:44.182224+03');
INSERT INTO public.login_logs VALUES ('429344f9-0597-4e13-91f7-6e0a1e5b73a1', '3430ed10-b646-4d3e-be86-9583c7f8b62e', '2025-09-20 17:36:18.391165+03');
INSERT INTO public.login_logs VALUES ('8a90fb72-4304-417c-92e1-b88c4eaf23bc', '8de6ff31-e7f3-474a-a2e9-9602cddec1b6', '2025-09-20 21:53:17.452162+03');
INSERT INTO public.login_logs VALUES ('7a2f202d-144b-4a4f-bec8-7b7ad6c42470', '8de6ff31-e7f3-474a-a2e9-9602cddec1b6', '2025-09-21 18:06:18.167014+03');
INSERT INTO public.login_logs VALUES ('1b5439d3-497f-4a5e-88ca-ada9486be158', '8de6ff31-e7f3-474a-a2e9-9602cddec1b6', '2025-09-21 23:31:52.882108+03');
INSERT INTO public.login_logs VALUES ('3e604320-da46-49d6-9eda-f5b7fae99ef8', '8de6ff31-e7f3-474a-a2e9-9602cddec1b6', '2025-09-22 01:19:52.83261+03');
INSERT INTO public.login_logs VALUES ('a4475e6b-73df-433a-844d-1fd601f5f8a6', '8de6ff31-e7f3-474a-a2e9-9602cddec1b6', '2025-09-22 11:02:56.498564+03');
INSERT INTO public.login_logs VALUES ('93f97ef9-8c94-4e36-bb84-2ea76956118b', 'f6c6c289-8ab4-40fb-be72-b9a72c46f250', '2025-09-22 11:53:21.955024+03');
INSERT INTO public.login_logs VALUES ('b62cca32-f800-40d5-a20e-9999fb3669b8', 'f6c6c289-8ab4-40fb-be72-b9a72c46f250', '2025-09-22 11:53:22.937186+03');
INSERT INTO public.login_logs VALUES ('e315e574-952c-4d40-bf9e-7a73b82d4c99', 'f6c6c289-8ab4-40fb-be72-b9a72c46f250', '2025-09-22 13:09:22.226039+03');
INSERT INTO public.login_logs VALUES ('a25af576-2b66-4275-b0df-c91f43a86c1b', '8de6ff31-e7f3-474a-a2e9-9602cddec1b6', '2025-02-24 13:04:22.989944+03');
INSERT INTO public.login_logs VALUES ('4fd66bba-1495-4ec3-9e16-2427808abc4f', 'f6c6c289-8ab4-40fb-be72-b9a72c46f250', '2025-09-22 13:09:23.149653+03');
INSERT INTO public.login_logs VALUES ('0e315ed8-a808-43f9-ac4a-6b52670784ec', '8de6ff31-e7f3-474a-a2e9-9602cddec1b6', '2025-09-22 21:13:40.217872+03');
INSERT INTO public.login_logs VALUES ('65661c78-3082-4ef2-a17f-f3b9dcf983c4', '96b2cdca-e45b-462e-805c-af417df065e0', '2025-03-04 11:00:31.717758+03');
INSERT INTO public.login_logs VALUES ('bfec24ea-2021-45a3-ac74-ee0191c32384', 'f6c6c289-8ab4-40fb-be72-b9a72c46f250', '2025-09-23 10:37:09.741154+03');
INSERT INTO public.login_logs VALUES ('b0bd6fdf-f331-4bc6-903c-9a5e7e248e15', 'f6c6c289-8ab4-40fb-be72-b9a72c46f250', '2025-09-23 10:37:10.547202+03');
INSERT INTO public.login_logs VALUES ('d3de3be2-d7a3-43ce-adf2-57acb38b996d', '8de6ff31-e7f3-474a-a2e9-9602cddec1b6', '2025-03-10 16:41:56.590835+03');
INSERT INTO public.login_logs VALUES ('5c52c663-5e48-40a3-af8d-5b4ceb16d181', '96b2cdca-e45b-462e-805c-af417df065e0', '2025-03-10 22:21:16.074994+03');
INSERT INTO public.login_logs VALUES ('2ec96847-60e8-442d-9199-d69435227d72', '96b2cdca-e45b-462e-805c-af417df065e0', '2025-04-08 01:15:10.503341+03');
INSERT INTO public.login_logs VALUES ('470002d7-8e40-45a6-94ed-828390c2902e', '8de6ff31-e7f3-474a-a2e9-9602cddec1b6', '2025-04-18 17:04:05.940012+03');
INSERT INTO public.login_logs VALUES ('b246f89c-6b83-4042-8a52-7f33332f2fb2', '96b2cdca-e45b-462e-805c-af417df065e0', '2025-04-29 19:07:37.537674+03');
INSERT INTO public.login_logs VALUES ('514158e8-cfa8-4217-864c-97da44be99e0', '96b2cdca-e45b-462e-805c-af417df065e0', '2025-04-29 19:07:40.882246+03');
INSERT INTO public.login_logs VALUES ('05788de1-2c9a-447a-ae2a-b71e4761b23a', '8de6ff31-e7f3-474a-a2e9-9602cddec1b6', '2025-05-17 12:02:40.077789+03');
INSERT INTO public.login_logs VALUES ('0a06ef26-0d3a-4897-822f-de32eb38799c', '8de6ff31-e7f3-474a-a2e9-9602cddec1b6', '2025-09-23 13:27:23.545768+03');
INSERT INTO public.login_logs VALUES ('1d6d5bbc-d12f-4665-a02a-e8d37e0102d7', 'f6c6c289-8ab4-40fb-be72-b9a72c46f250', '2025-09-16 16:55:11.655746+03');
INSERT INTO public.login_logs VALUES ('e513d563-0e8b-4097-b49f-db73b1f5ccfc', '8de6ff31-e7f3-474a-a2e9-9602cddec1b6', '2025-07-17 16:45:08.362202+03');
INSERT INTO public.login_logs VALUES ('3ced8928-d8c1-4125-826c-ace417151d15', '8de6ff31-e7f3-474a-a2e9-9602cddec1b6', '2025-07-22 19:46:29.345406+03');
INSERT INTO public.login_logs VALUES ('ad81a363-b553-4d5c-a47c-f8f0abe03bc9', '8de6ff31-e7f3-474a-a2e9-9602cddec1b6', '2025-08-09 19:03:13.658246+03');
INSERT INTO public.login_logs VALUES ('ea6e23b4-c712-47d7-9708-0db9d5ae9f2b', '8de6ff31-e7f3-474a-a2e9-9602cddec1b6', '2025-09-06 16:31:03.743808+03');
INSERT INTO public.login_logs VALUES ('1da797f4-d26d-4c49-a321-0bc38b5fad0d', '8de6ff31-e7f3-474a-a2e9-9602cddec1b6', '2025-09-08 18:11:47.515125+03');
INSERT INTO public.login_logs VALUES ('3339750e-1c9d-487c-875d-ef8954128415', '8de6ff31-e7f3-474a-a2e9-9602cddec1b6', '2025-09-16 15:46:50.270019+03');
INSERT INTO public.login_logs VALUES ('153bf880-a62f-4e9e-9c2b-621530b226fa', '9c4ace49-3623-4871-8532-f6447f152593', '2025-09-16 17:05:19.90668+03');
INSERT INTO public.login_logs VALUES ('50cdabd8-bb14-49c7-a029-f7ebf9fff2af', 'f6c6c289-8ab4-40fb-be72-b9a72c46f250', '2025-09-16 17:21:39.833856+03');
INSERT INTO public.login_logs VALUES ('bf82b34f-c333-4206-a111-289ebf9ef922', '0253b3bc-af37-4387-8dda-c67c73211188', '2025-09-16 17:36:23.78339+03');
INSERT INTO public.login_logs VALUES ('b8ba5f1b-ce21-43b6-9d54-dee825844024', 'f6c6c289-8ab4-40fb-be72-b9a72c46f250', '2025-09-16 22:00:37.249868+03');
INSERT INTO public.login_logs VALUES ('2d123ed2-5e5c-40e9-b33f-7c4f690a2fe7', 'f6c6c289-8ab4-40fb-be72-b9a72c46f250', '2025-09-17 14:49:11.489047+03');
INSERT INTO public.login_logs VALUES ('a7e7a8c4-5a93-4f08-9915-a303c3a0a579', 'f6c6c289-8ab4-40fb-be72-b9a72c46f250', '2025-09-17 14:49:12.502408+03');
INSERT INTO public.login_logs VALUES ('cedcb443-7376-491f-b9d6-865d21e5344c', '3430ed10-b646-4d3e-be86-9583c7f8b62e', '2025-09-17 15:41:14.721892+03');
INSERT INTO public.login_logs VALUES ('9af1cc41-3a3f-4e5b-8f5c-8f9bff1ba394', '8de6ff31-e7f3-474a-a2e9-9602cddec1b6', '2025-09-17 17:56:55.985462+03');
INSERT INTO public.login_logs VALUES ('903bfc68-a5eb-42fd-a77b-4c3745348061', '8de6ff31-e7f3-474a-a2e9-9602cddec1b6', '2025-09-17 20:08:06.363408+03');
INSERT INTO public.login_logs VALUES ('b203c930-47a1-429e-a475-340e715fa6ba', '8de6ff31-e7f3-474a-a2e9-9602cddec1b6', '2025-09-17 22:34:50.760499+03');
INSERT INTO public.login_logs VALUES ('1ce02eed-9718-4993-98a7-e0723e6f24e1', '8de6ff31-e7f3-474a-a2e9-9602cddec1b6', '2025-09-18 00:47:03.331263+03');
INSERT INTO public.login_logs VALUES ('6d1702e6-1c34-492a-9357-1ec658efe53a', '8de6ff31-e7f3-474a-a2e9-9602cddec1b6', '2025-09-18 03:09:09.571491+03');
INSERT INTO public.login_logs VALUES ('961ceaf2-aa8d-4eff-bf75-4830256faf1b', '3430ed10-b646-4d3e-be86-9583c7f8b62e', '2025-09-18 12:10:34.153999+03');
INSERT INTO public.login_logs VALUES ('4d921fcb-da95-42dc-9138-7cea2d6be832', '8de6ff31-e7f3-474a-a2e9-9602cddec1b6', '2025-09-18 13:48:18.022879+03');
INSERT INTO public.login_logs VALUES ('764b11ed-b82e-4fc3-b138-6e14a9a18dd9', 'f6c6c289-8ab4-40fb-be72-b9a72c46f250', '2025-09-18 14:57:28.937128+03');
INSERT INTO public.login_logs VALUES ('d2e26900-d664-40f9-9708-2c9192dc08a4', 'f6c6c289-8ab4-40fb-be72-b9a72c46f250', '2025-09-18 14:57:29.718239+03');
INSERT INTO public.login_logs VALUES ('5fa4f1aa-50c4-449e-8b3d-e2f8009448df', 'f6c6c289-8ab4-40fb-be72-b9a72c46f250', '2025-09-18 15:39:56.622516+03');
INSERT INTO public.login_logs VALUES ('611596a2-7521-48bc-8e5b-6168a7ec1ed0', '3430ed10-b646-4d3e-be86-9583c7f8b62e', '2025-09-18 18:36:47.552622+03');
INSERT INTO public.login_logs VALUES ('dc81c196-a436-4572-857f-ed27c697d344', 'f6c6c289-8ab4-40fb-be72-b9a72c46f250', '2025-09-19 09:34:38.955264+03');
INSERT INTO public.login_logs VALUES ('6373af62-a671-4191-9f91-b6b2a80b9cac', '8de6ff31-e7f3-474a-a2e9-9602cddec1b6', '2025-09-19 11:29:11.62559+03');
INSERT INTO public.login_logs VALUES ('cc94841f-190c-4ace-bf5d-f0c2e84d3671', '3430ed10-b646-4d3e-be86-9583c7f8b62e', '2025-09-19 12:15:42.168823+03');
INSERT INTO public.login_logs VALUES ('81ec71e3-b543-4831-b3b7-789d382f4e49', '3430ed10-b646-4d3e-be86-9583c7f8b62e', '2025-09-19 12:15:55.076685+03');
INSERT INTO public.login_logs VALUES ('e3090fa2-f5c8-4426-960a-799d4a416d2a', 'f6c6c289-8ab4-40fb-be72-b9a72c46f250', '2025-09-19 12:25:46.346936+03');
INSERT INTO public.login_logs VALUES ('a6eaa090-9b12-4a47-b861-f5794237014c', 'f6c6c289-8ab4-40fb-be72-b9a72c46f250', '2025-09-19 12:25:47.018249+03');
INSERT INTO public.login_logs VALUES ('28893e5d-d465-4c4b-8a9b-672fc9a790d4', '8de6ff31-e7f3-474a-a2e9-9602cddec1b6', '2025-09-19 16:33:38.399087+03');
INSERT INTO public.login_logs VALUES ('9a5daa09-6fda-4425-a3b8-a51720364130', '8de6ff31-e7f3-474a-a2e9-9602cddec1b6', '2025-09-19 22:13:01.560024+03');
INSERT INTO public.login_logs VALUES ('b082bd11-f6a3-4826-977e-8e2f900e21d9', '8de6ff31-e7f3-474a-a2e9-9602cddec1b6', '2025-09-20 01:17:25.223739+03');
INSERT INTO public.login_logs VALUES ('d4379617-9012-4843-98ca-c666e461b199', 'f6c6c289-8ab4-40fb-be72-b9a72c46f250', '2025-09-20 09:31:12.906474+03');
INSERT INTO public.login_logs VALUES ('9e76302e-029d-4c51-a5e3-36e18227708d', '8de6ff31-e7f3-474a-a2e9-9602cddec1b6', '2025-09-20 18:18:32.291642+03');
INSERT INTO public.login_logs VALUES ('4323e300-a6d1-4827-be38-46ac471a7313', 'f6c6c289-8ab4-40fb-be72-b9a72c46f250', '2025-09-20 23:11:20.705232+03');
INSERT INTO public.login_logs VALUES ('c624250e-6231-4365-9039-ce71672dcb7b', 'f6c6c289-8ab4-40fb-be72-b9a72c46f250', '2025-09-20 23:11:21.45322+03');
INSERT INTO public.login_logs VALUES ('ec52a417-61c7-4451-bd61-d5bfd4dc5bdd', '8de6ff31-e7f3-474a-a2e9-9602cddec1b6', '2025-09-21 20:18:21.98965+03');
INSERT INTO public.login_logs VALUES ('a8a99324-b823-4b8b-9ad9-c09328f298b9', '1e79d958-9e84-4d3a-b352-64cf8aa9d18f', '2025-09-21 23:33:31.020503+03');
INSERT INTO public.login_logs VALUES ('ca16e437-c7b2-4e8d-86a7-0dcbfa0ea3b8', '8de6ff31-e7f3-474a-a2e9-9602cddec1b6', '2025-09-22 09:51:13.908089+03');
INSERT INTO public.login_logs VALUES ('db40512b-68ce-4b9f-9695-34b32cba03be', '8de6ff31-e7f3-474a-a2e9-9602cddec1b6', '2025-09-22 11:09:14.641302+03');
INSERT INTO public.login_logs VALUES ('d54061af-2601-43f2-94f4-85832d6b9b5b', '8de6ff31-e7f3-474a-a2e9-9602cddec1b6', '2025-09-22 12:01:33.064437+03');
INSERT INTO public.login_logs VALUES ('52a981c8-2a50-4880-9ea1-b222b275c8c4', 'f6c6c289-8ab4-40fb-be72-b9a72c46f250', '2025-09-22 14:39:51.535859+03');
INSERT INTO public.login_logs VALUES ('c367fd62-fe10-4001-9bff-69c47b901093', '1e79d958-9e84-4d3a-b352-64cf8aa9d18f', '2025-09-23 00:25:23.401522+03');
INSERT INTO public.login_logs VALUES ('ce8c4e62-db61-4689-aa68-4554b874a98c', '8de6ff31-e7f3-474a-a2e9-9602cddec1b6', '2025-09-23 10:47:39.045388+03');
INSERT INTO public.login_logs VALUES ('49b449b3-6182-48df-a44f-8e20e20ebbf5', '8de6ff31-e7f3-474a-a2e9-9602cddec1b6', '2025-09-23 13:57:32.295816+03');
INSERT INTO public.login_logs VALUES ('f327cc36-68cf-466d-85b9-00b90b7a9f81', 'f6c6c289-8ab4-40fb-be72-b9a72c46f250', '2025-09-23 15:22:30.555724+03');
INSERT INTO public.login_logs VALUES ('1bea823a-8a82-4d0f-a572-7747248489db', 'f6c6c289-8ab4-40fb-be72-b9a72c46f250', '2025-09-23 15:22:31.510557+03');
INSERT INTO public.login_logs VALUES ('9fa387f0-22e7-43dd-8ba4-15caba833340', '8de6ff31-e7f3-474a-a2e9-9602cddec1b6', '2025-09-23 16:26:21.444055+03');
INSERT INTO public.login_logs VALUES ('413ca2d3-3f65-4f2a-b9bd-57c33f3b7b9e', 'f6c6c289-8ab4-40fb-be72-b9a72c46f250', '2025-09-23 18:16:39.587261+03');
INSERT INTO public.login_logs VALUES ('2d90e337-0bcc-4693-856a-8b96723ba15f', '8de6ff31-e7f3-474a-a2e9-9602cddec1b6', '2025-09-23 20:26:54.017644+03');
INSERT INTO public.login_logs VALUES ('ccdf9871-0038-492d-b255-aafa2b4a3997', '96b2cdca-e45b-462e-805c-af417df065e0', '2025-09-23 22:21:48.619997+03');
INSERT INTO public.login_logs VALUES ('775ff205-25f8-40a4-bcfe-ecfb9d6167d6', '8de6ff31-e7f3-474a-a2e9-9602cddec1b6', '2025-09-24 02:46:17.067704+03');
INSERT INTO public.login_logs VALUES ('916d3ebe-6302-45d0-b255-16012f6354d7', '8de6ff31-e7f3-474a-a2e9-9602cddec1b6', '2025-09-24 12:18:37.391333+03');
INSERT INTO public.login_logs VALUES ('ae989b19-16b6-4f03-ad7b-6cb5546fdb21', '8de6ff31-e7f3-474a-a2e9-9602cddec1b6', '2025-09-24 13:24:47.609234+03');
INSERT INTO public.login_logs VALUES ('e1520745-3fc2-4f36-92e0-4b6df7f9d5aa', '8de6ff31-e7f3-474a-a2e9-9602cddec1b6', '2025-09-24 14:00:19.463692+03');
INSERT INTO public.login_logs VALUES ('95c5db5d-daad-4168-a620-1b34229d80a7', '8de6ff31-e7f3-474a-a2e9-9602cddec1b6', '2025-09-24 15:19:05.657852+03');
INSERT INTO public.login_logs VALUES ('935634bb-0f3e-4558-a93a-23a55f674085', '8de6ff31-e7f3-474a-a2e9-9602cddec1b6', '2025-09-24 17:05:29.991763+03');
INSERT INTO public.login_logs VALUES ('e041ddd8-4ea1-4995-8e5f-a3e936d9029c', 'f6c6c289-8ab4-40fb-be72-b9a72c46f250', '2025-09-24 17:40:06.099141+03');
INSERT INTO public.login_logs VALUES ('861b94d8-7a32-4728-a442-b5976c6fa81b', 'f6c6c289-8ab4-40fb-be72-b9a72c46f250', '2025-09-24 17:40:07.054235+03');
INSERT INTO public.login_logs VALUES ('064b82d3-3e55-4c84-bec6-dcb6870f8ab5', '8de6ff31-e7f3-474a-a2e9-9602cddec1b6', '2025-09-24 18:33:47.40628+03');
INSERT INTO public.login_logs VALUES ('d56a3b55-8ff1-4899-b552-999b58955d84', '8de6ff31-e7f3-474a-a2e9-9602cddec1b6', '2025-09-24 20:42:41.513971+03');
INSERT INTO public.login_logs VALUES ('0a12d714-5f07-4cde-a7f5-e0cfe38ec3b7', '8de6ff31-e7f3-474a-a2e9-9602cddec1b6', '2025-09-24 22:20:22.52964+03');
INSERT INTO public.login_logs VALUES ('a335fbeb-f480-45b0-bd72-e32b896be3ee', '8de6ff31-e7f3-474a-a2e9-9602cddec1b6', '2025-09-25 02:13:58.648418+03');
INSERT INTO public.login_logs VALUES ('2c8a86da-98e1-401d-8f80-ef8be194aa7c', 'f6c6c289-8ab4-40fb-be72-b9a72c46f250', '2025-09-25 16:53:26.5747+03');
INSERT INTO public.login_logs VALUES ('79d6739c-e4c1-4872-b554-f6e956e46739', 'f6c6c289-8ab4-40fb-be72-b9a72c46f250', '2025-09-25 16:53:27.167624+03');
INSERT INTO public.login_logs VALUES ('4d6ec0cc-93ea-4841-8d2c-97b86aa39fac', '8de6ff31-e7f3-474a-a2e9-9602cddec1b6', '2025-09-25 18:28:28.812411+03');
INSERT INTO public.login_logs VALUES ('2256f7c6-d9fc-4c18-a603-d9fcda4e4662', '8de6ff31-e7f3-474a-a2e9-9602cddec1b6', '2025-09-25 21:07:45.465369+03');
INSERT INTO public.login_logs VALUES ('cea85b95-3472-482d-a2be-7302b2d98d87', 'f6c6c289-8ab4-40fb-be72-b9a72c46f250', '2025-09-26 09:53:16.743304+03');
INSERT INTO public.login_logs VALUES ('bedc1706-e285-432d-8f42-b280767d9e6a', 'f6c6c289-8ab4-40fb-be72-b9a72c46f250', '2025-09-26 10:58:50.704688+03');
INSERT INTO public.login_logs VALUES ('2e8ea4c8-0a7b-4dd0-9e36-8db417479962', 'f6c6c289-8ab4-40fb-be72-b9a72c46f250', '2025-09-26 12:24:07.429284+03');
INSERT INTO public.login_logs VALUES ('59182b9f-1b5b-4f5f-b8f4-0ce76e9c61bb', 'f6c6c289-8ab4-40fb-be72-b9a72c46f250', '2025-09-26 12:24:08.163214+03');
INSERT INTO public.login_logs VALUES ('4f24dcd1-fe25-4892-947f-e6e9ee5bd34d', 'f6c6c289-8ab4-40fb-be72-b9a72c46f250', '2025-09-26 13:20:06.933962+03');
INSERT INTO public.login_logs VALUES ('1f668741-deb5-450e-8d8b-49763ec65c6c', 'f6c6c289-8ab4-40fb-be72-b9a72c46f250', '2025-09-26 13:20:07.767776+03');
INSERT INTO public.login_logs VALUES ('092ff9ee-56c6-4579-855d-7386fe4ff42c', 'f6c6c289-8ab4-40fb-be72-b9a72c46f250', '2025-09-26 17:13:42.436209+03');
INSERT INTO public.login_logs VALUES ('34b1f242-3d02-4b63-83e6-d7d0580be295', 'f6c6c289-8ab4-40fb-be72-b9a72c46f250', '2025-09-26 17:13:43.02381+03');
INSERT INTO public.login_logs VALUES ('5df96817-f540-4029-88c4-f5ce1a86df68', 'f6c6c289-8ab4-40fb-be72-b9a72c46f250', '2025-09-26 18:16:47.55278+03');
INSERT INTO public.login_logs VALUES ('35db5101-ea5e-401c-8948-453ac4c27436', 'f6c6c289-8ab4-40fb-be72-b9a72c46f250', '2025-09-26 18:16:48.217111+03');
INSERT INTO public.login_logs VALUES ('613cd8e9-7365-4fe9-8558-65b25d59adc9', '8de6ff31-e7f3-474a-a2e9-9602cddec1b6', '2025-09-26 23:04:29.105412+03');
INSERT INTO public.login_logs VALUES ('f2e9ac41-cdd7-4a8b-8ab0-22b083f0dfc5', '96b2cdca-e45b-462e-805c-af417df065e0', '2025-09-27 09:07:39.873997+03');
INSERT INTO public.login_logs VALUES ('61beb0ee-08e8-404c-8616-257ba072b1ab', '8de6ff31-e7f3-474a-a2e9-9602cddec1b6', '2025-09-27 11:05:36.212782+03');
INSERT INTO public.login_logs VALUES ('c71f2f27-ebf7-4530-8d29-0ef1dbd25a52', '8de6ff31-e7f3-474a-a2e9-9602cddec1b6', '2025-09-27 14:09:04.83167+03');
INSERT INTO public.login_logs VALUES ('386d0dbd-4e93-4cb9-b7df-05aee0558b91', '8de6ff31-e7f3-474a-a2e9-9602cddec1b6', '2025-09-27 14:34:35.563743+03');
INSERT INTO public.login_logs VALUES ('6ef3bd64-1892-4665-ac96-077196483d80', '96b2cdca-e45b-462e-805c-af417df065e0', '2025-09-27 16:46:18.594556+03');
INSERT INTO public.login_logs VALUES ('f635880f-eda7-46bd-bbff-5fc520572d44', '8de6ff31-e7f3-474a-a2e9-9602cddec1b6', '2025-09-27 21:31:05.275795+03');
INSERT INTO public.login_logs VALUES ('7af5242c-4af1-4b43-8ddb-e86bfeddff0d', '8de6ff31-e7f3-474a-a2e9-9602cddec1b6', '2025-09-28 02:39:19.514763+03');
INSERT INTO public.login_logs VALUES ('9321eebb-87df-4f34-9b96-3fc1c51e81da', '8de6ff31-e7f3-474a-a2e9-9602cddec1b6', '2025-09-28 02:39:21.502667+03');
INSERT INTO public.login_logs VALUES ('bb7dc505-a844-43e9-ae48-729db63e1c0d', '8de6ff31-e7f3-474a-a2e9-9602cddec1b6', '2025-09-28 11:15:22.895544+03');
INSERT INTO public.login_logs VALUES ('d71125e5-5b12-4ecb-83e7-e4da5063977d', '96b2cdca-e45b-462e-805c-af417df065e0', '2025-09-28 11:19:08.349627+03');
INSERT INTO public.login_logs VALUES ('bfedf887-eebe-4871-8f62-e6816279bd64', '96b2cdca-e45b-462e-805c-af417df065e0', '2025-09-28 12:20:52.319942+03');
INSERT INTO public.login_logs VALUES ('ebe8c57f-fb4f-44c7-84dc-25a8e627d710', '8de6ff31-e7f3-474a-a2e9-9602cddec1b6', '2025-09-28 13:26:53.079785+03');
INSERT INTO public.login_logs VALUES ('e7dec79b-6e42-4c8a-b20f-6a4d802be03e', 'f6c6c289-8ab4-40fb-be72-b9a72c46f250', '2025-09-28 14:31:53.718631+03');
INSERT INTO public.login_logs VALUES ('8d822f63-5384-46a1-a83f-3495f3ea9a37', 'f6c6c289-8ab4-40fb-be72-b9a72c46f250', '2025-09-28 14:31:54.652376+03');
INSERT INTO public.login_logs VALUES ('4e001238-dcfe-4a31-a96f-30f6e119ff03', '8de6ff31-e7f3-474a-a2e9-9602cddec1b6', '2025-09-28 14:40:30.533693+03');
INSERT INTO public.login_logs VALUES ('5bcbba3c-ffb1-4783-82d5-c38dff5688e4', '8de6ff31-e7f3-474a-a2e9-9602cddec1b6', '2025-09-28 14:40:38.362765+03');
INSERT INTO public.login_logs VALUES ('7dbf1e9e-6b50-4369-b8e0-602a8dcd7b9d', 'f6c6c289-8ab4-40fb-be72-b9a72c46f250', '2025-09-28 15:45:17.774189+03');
INSERT INTO public.login_logs VALUES ('3c6b31ee-314e-47ae-a54b-fc5a7af0ef12', 'f6c6c289-8ab4-40fb-be72-b9a72c46f250', '2025-09-28 15:45:18.744476+03');
INSERT INTO public.login_logs VALUES ('51ae4183-9842-42f9-bfce-9adb69b790e4', '96b2cdca-e45b-462e-805c-af417df065e0', '2025-09-28 16:36:46.248571+03');
INSERT INTO public.login_logs VALUES ('af18d9af-2014-4029-9402-a700c7f14321', '8de6ff31-e7f3-474a-a2e9-9602cddec1b6', '2025-09-28 17:47:56.537424+03');
INSERT INTO public.login_logs VALUES ('e828882e-d57a-4537-85f2-52d28b5df9e4', '8de6ff31-e7f3-474a-a2e9-9602cddec1b6', '2025-09-28 19:10:27.408579+03');
INSERT INTO public.login_logs VALUES ('ba606655-112c-4cd1-b8bc-5c5861640944', '8de6ff31-e7f3-474a-a2e9-9602cddec1b6', '2025-09-28 21:58:41.793189+03');
INSERT INTO public.login_logs VALUES ('327eef87-e81b-4f25-a35f-9f377b27ba55', '8de6ff31-e7f3-474a-a2e9-9602cddec1b6', '2025-09-28 22:01:59.341392+03');
INSERT INTO public.login_logs VALUES ('8a239e47-2d68-4296-87f2-5a8227e291ad', 'efc297b8-def8-4bfb-8b26-a6fb2fde502e', '2025-09-28 23:41:02.699578+03');
INSERT INTO public.login_logs VALUES ('c8485829-7ade-41e8-9990-71f67f91f734', '8de6ff31-e7f3-474a-a2e9-9602cddec1b6', '2025-09-29 01:54:50.363375+03');
INSERT INTO public.login_logs VALUES ('6768e350-f25a-47c9-b9c6-4e6b3225b95f', '8de6ff31-e7f3-474a-a2e9-9602cddec1b6', '2025-09-29 01:55:03.607308+03');
INSERT INTO public.login_logs VALUES ('87585c97-66dd-4cb2-8299-ab8a3f5dd9be', '8de6ff31-e7f3-474a-a2e9-9602cddec1b6', '2025-09-29 01:55:05.60931+03');
INSERT INTO public.login_logs VALUES ('28080592-2d1d-4258-a3a9-e1a274f983d4', '8de6ff31-e7f3-474a-a2e9-9602cddec1b6', '2025-09-29 03:14:06.332679+03');
INSERT INTO public.login_logs VALUES ('245224be-6cd9-40e1-8cbf-58896828d9b5', '96b2cdca-e45b-462e-805c-af417df065e0', '2025-09-29 08:15:09.883865+03');
INSERT INTO public.login_logs VALUES ('69c179c8-b0bf-46d1-89a2-64181348e7d4', '99d7ec16-7186-4350-a6af-706ef1a4a0da', '2025-09-29 08:19:21.151887+03');
INSERT INTO public.login_logs VALUES ('eef734da-9682-4831-a510-2c468a7a86a5', '96b2cdca-e45b-462e-805c-af417df065e0', '2025-09-29 08:22:46.118326+03');
INSERT INTO public.login_logs VALUES ('06a1929e-c4ad-432d-ba87-de1aeb5aeefc', '8de6ff31-e7f3-474a-a2e9-9602cddec1b6', '2025-09-29 09:50:26.988079+03');
INSERT INTO public.login_logs VALUES ('28ecc3d4-eb05-4428-b1d3-063a309d8e9e', 'f6c6c289-8ab4-40fb-be72-b9a72c46f250', '2025-09-29 09:59:50.09014+03');
INSERT INTO public.login_logs VALUES ('15194fd4-622d-4931-a6c5-83847fe13b44', '96b2cdca-e45b-462e-805c-af417df065e0', '2025-09-29 10:06:49.399898+03');
INSERT INTO public.login_logs VALUES ('eac79ff0-9811-47ca-b462-84ad2ffdb790', '96b2cdca-e45b-462e-805c-af417df065e0', '2025-09-29 11:05:27.968928+03');
INSERT INTO public.login_logs VALUES ('ba20a92a-d8cc-4dac-9da6-7ded4833f4b7', 'f6c6c289-8ab4-40fb-be72-b9a72c46f250', '2025-09-29 12:08:24.999778+03');
INSERT INTO public.login_logs VALUES ('00dcb198-6027-44f6-a8e3-d44374bcdbd6', 'f6c6c289-8ab4-40fb-be72-b9a72c46f250', '2025-09-29 12:08:25.650292+03');
INSERT INTO public.login_logs VALUES ('35f529d6-56c5-4dcf-943b-071f563273b0', 'f6c6c289-8ab4-40fb-be72-b9a72c46f250', '2025-09-29 12:54:04.185521+03');
INSERT INTO public.login_logs VALUES ('35db621c-3fca-4bd1-bd5d-d0fa019c2b33', 'f6c6c289-8ab4-40fb-be72-b9a72c46f250', '2025-09-29 13:38:08.040249+03');
INSERT INTO public.login_logs VALUES ('f75e1c2c-57a6-4695-9349-c7aebdff5cb2', 'f6c6c289-8ab4-40fb-be72-b9a72c46f250', '2025-09-29 14:11:04.961702+03');
INSERT INTO public.login_logs VALUES ('b0ccc374-c1be-48b0-b7dd-6328f75f9490', '1e79d958-9e84-4d3a-b352-64cf8aa9d18f', '2025-09-29 14:21:01.673378+03');
INSERT INTO public.login_logs VALUES ('b2e35e6f-36ec-4cd5-842a-12595429d665', '96b2cdca-e45b-462e-805c-af417df065e0', '2025-09-29 14:36:55.559126+03');
INSERT INTO public.login_logs VALUES ('d0d2ea19-9994-42ee-a21b-868fc9579495', 'efc297b8-def8-4bfb-8b26-a6fb2fde502e', '2025-09-29 14:42:22.06836+03');
INSERT INTO public.login_logs VALUES ('39940185-273d-4117-9fef-496c30d589e2', '8de6ff31-e7f3-474a-a2e9-9602cddec1b6', '2025-09-29 15:02:53.009853+03');
INSERT INTO public.login_logs VALUES ('30c24716-36e5-4729-9a2e-4f5d9f61d041', '8de6ff31-e7f3-474a-a2e9-9602cddec1b6', '2025-09-29 15:04:12.236642+03');
INSERT INTO public.login_logs VALUES ('f7e16947-133a-4ec2-bcac-eb15452992c4', 'f6c6c289-8ab4-40fb-be72-b9a72c46f250', '2025-09-29 15:16:14.961932+03');
INSERT INTO public.login_logs VALUES ('43006f6c-6c5b-4d64-b33f-b97ce9b883a7', 'f6c6c289-8ab4-40fb-be72-b9a72c46f250', '2025-09-29 16:08:42.522806+03');
INSERT INTO public.login_logs VALUES ('a591908b-8272-4f0a-889d-3647925ea188', 'f6c6c289-8ab4-40fb-be72-b9a72c46f250', '2025-09-29 16:08:44.633154+03');
INSERT INTO public.login_logs VALUES ('458ee1cf-c99e-4fe8-a6ca-fc96e1d507bb', 'f6c6c289-8ab4-40fb-be72-b9a72c46f250', '2025-09-29 16:42:47.070956+03');
INSERT INTO public.login_logs VALUES ('b42bb384-d28f-496d-aee6-70c0cbf9f566', 'f6c6c289-8ab4-40fb-be72-b9a72c46f250', '2025-09-29 16:42:48.245038+03');
INSERT INTO public.login_logs VALUES ('e8873e5c-eb1f-414d-8855-5318d2bf1d29', 'f6c6c289-8ab4-40fb-be72-b9a72c46f250', '2025-09-29 17:28:37.654123+03');
INSERT INTO public.login_logs VALUES ('c4c0bf43-6340-4a89-afed-2869116c9454', 'f6c6c289-8ab4-40fb-be72-b9a72c46f250', '2025-09-29 17:28:38.405143+03');
INSERT INTO public.login_logs VALUES ('77de1887-bcf0-48f8-a7f5-9d8c191cd9e1', 'f6c6c289-8ab4-40fb-be72-b9a72c46f250', '2025-09-29 17:56:47.684233+03');
INSERT INTO public.login_logs VALUES ('acfff11a-1086-4a3a-8a89-bfed7db1584a', '8de6ff31-e7f3-474a-a2e9-9602cddec1b6', '2025-09-29 20:24:20.404679+03');
INSERT INTO public.login_logs VALUES ('fca54da8-7047-4517-84f6-bff7eaf0d6e4', '96b2cdca-e45b-462e-805c-af417df065e0', '2025-09-29 22:46:29.945448+03');
INSERT INTO public.login_logs VALUES ('7330eea8-75c4-4ed6-835d-6bbbdb3caa3b', '8de6ff31-e7f3-474a-a2e9-9602cddec1b6', '2025-09-30 02:19:44.453925+03');
INSERT INTO public.login_logs VALUES ('918a1232-cdfc-480e-bd35-b15450234bac', '8de6ff31-e7f3-474a-a2e9-9602cddec1b6', '2025-09-30 11:03:28.062638+03');
INSERT INTO public.login_logs VALUES ('e9e9546a-1fc0-4543-a855-a6a5a8fe864e', '8de6ff31-e7f3-474a-a2e9-9602cddec1b6', '2025-09-30 11:12:51.133227+03');
INSERT INTO public.login_logs VALUES ('f86db320-bf1e-4e6e-a66e-027703c4a51d', 'f6c6c289-8ab4-40fb-be72-b9a72c46f250', '2025-09-30 11:14:22.485344+03');
INSERT INTO public.login_logs VALUES ('010abda3-41ed-4ab2-a1f2-6f268be5fcf5', 'f6c6c289-8ab4-40fb-be72-b9a72c46f250', '2025-09-30 12:49:52.526701+03');
INSERT INTO public.login_logs VALUES ('9170c01d-c36e-418a-8fee-40aadc39b6f6', 'f6c6c289-8ab4-40fb-be72-b9a72c46f250', '2025-09-30 12:49:53.207303+03');
INSERT INTO public.login_logs VALUES ('d4edb29a-bbe1-4760-a8fd-f34a3ceadf38', 'f6c6c289-8ab4-40fb-be72-b9a72c46f250', '2025-09-30 14:14:50.069479+03');
INSERT INTO public.login_logs VALUES ('f9741868-572f-418e-8fbc-402dd29887f3', 'f6c6c289-8ab4-40fb-be72-b9a72c46f250', '2025-09-30 14:14:50.648636+03');
INSERT INTO public.login_logs VALUES ('ba1fc398-e22b-441d-808e-e9fb146d7654', 'f6c6c289-8ab4-40fb-be72-b9a72c46f250', '2025-09-30 14:32:16.431543+03');
INSERT INTO public.login_logs VALUES ('b49972ed-ba7a-4f1f-8509-54d88b24f844', 'f6c6c289-8ab4-40fb-be72-b9a72c46f250', '2025-09-30 14:32:17.616201+03');
INSERT INTO public.login_logs VALUES ('59507ba1-1411-46e4-ac90-b95fb71a37f8', '8de6ff31-e7f3-474a-a2e9-9602cddec1b6', '2025-09-30 15:17:49.793874+03');
INSERT INTO public.login_logs VALUES ('8111c6fa-fbcf-4f05-9959-6531d160e352', 'f6c6c289-8ab4-40fb-be72-b9a72c46f250', '2025-09-30 15:22:21.046793+03');
INSERT INTO public.login_logs VALUES ('3396e746-d17a-419e-978d-0ae09934aed0', 'f6c6c289-8ab4-40fb-be72-b9a72c46f250', '2025-09-30 15:37:42.117516+03');
INSERT INTO public.login_logs VALUES ('da30a64f-33a5-4a0b-a536-fc5cc2593405', 'f6c6c289-8ab4-40fb-be72-b9a72c46f250', '2025-09-30 15:37:43.17788+03');
INSERT INTO public.login_logs VALUES ('c662b26a-0b84-4c62-8f53-6802af09798e', '8de6ff31-e7f3-474a-a2e9-9602cddec1b6', '2025-09-30 17:32:37.918371+03');
INSERT INTO public.login_logs VALUES ('d11723c4-640c-4670-a67b-ff05a86722fe', '8de6ff31-e7f3-474a-a2e9-9602cddec1b6', '2025-09-30 19:25:25.074454+03');
INSERT INTO public.login_logs VALUES ('373ed283-3a85-4804-9a1c-034d3bf3f182', '8de6ff31-e7f3-474a-a2e9-9602cddec1b6', '2025-10-01 00:34:45.063964+03');
INSERT INTO public.login_logs VALUES ('5cbc7c09-4f79-4618-ba64-5ad45fa5cc1d', '96b2cdca-e45b-462e-805c-af417df065e0', '2025-10-01 08:14:17.070945+03');
INSERT INTO public.login_logs VALUES ('7cb19381-608f-470c-a237-97ae706d9ec5', '8de6ff31-e7f3-474a-a2e9-9602cddec1b6', '2025-10-01 09:30:58.659708+03');
INSERT INTO public.login_logs VALUES ('b93d7423-948f-426d-9a5a-a56f27bbc06d', '96b2cdca-e45b-462e-805c-af417df065e0', '2025-10-01 09:32:16.471594+03');
INSERT INTO public.login_logs VALUES ('b41bc5ae-b9de-4b6e-af32-447548e466da', '9c4ace49-3623-4871-8532-f6447f152593', '2025-10-01 12:34:45.64751+03');
INSERT INTO public.login_logs VALUES ('754d74ff-57ee-4b28-a630-91fac500aaed', '8de6ff31-e7f3-474a-a2e9-9602cddec1b6', '2025-10-01 13:39:41.905072+03');
INSERT INTO public.login_logs VALUES ('0d461770-ace0-4bc4-a646-14dde0c8e8a7', '8de6ff31-e7f3-474a-a2e9-9602cddec1b6', '2025-10-01 13:39:43.416072+03');
INSERT INTO public.login_logs VALUES ('293e3360-72ce-4bc5-8cbc-9c853756ae85', 'f6c6c289-8ab4-40fb-be72-b9a72c46f250', '2025-10-01 13:54:01.844814+03');
INSERT INTO public.login_logs VALUES ('5fe23212-f1e5-4cbd-8025-19d7c5fb86a7', '9c4ace49-3623-4871-8532-f6447f152593', '2025-10-01 14:31:21.232244+03');
INSERT INTO public.login_logs VALUES ('f947b691-888c-4238-b532-e97e451e7221', '8de6ff31-e7f3-474a-a2e9-9602cddec1b6', '2025-10-01 16:22:37.460978+03');
INSERT INTO public.login_logs VALUES ('aa98c369-2209-421a-bfa0-7b34684e74f9', 'f6c6c289-8ab4-40fb-be72-b9a72c46f250', '2025-10-01 17:23:23.855033+03');
INSERT INTO public.login_logs VALUES ('61192a2b-91c3-4da0-8285-892d1b881aa5', 'f6c6c289-8ab4-40fb-be72-b9a72c46f250', '2025-10-01 17:27:45.462566+03');
INSERT INTO public.login_logs VALUES ('f6428e57-ea2a-4f33-a40c-50d4eb5b3ac3', '8de6ff31-e7f3-474a-a2e9-9602cddec1b6', '2025-10-01 18:56:38.822633+03');
INSERT INTO public.login_logs VALUES ('410d66cc-f28b-482d-b008-fb8770d83230', 'f6c6c289-8ab4-40fb-be72-b9a72c46f250', '2025-10-01 19:41:12.707073+03');
INSERT INTO public.login_logs VALUES ('51b9b868-ea28-45d5-8e6f-6cd44421a9a5', 'f6c6c289-8ab4-40fb-be72-b9a72c46f250', '2025-10-01 19:41:19.030403+03');
INSERT INTO public.login_logs VALUES ('41815c09-aa4d-410c-8e81-cf40abf45814', '8de6ff31-e7f3-474a-a2e9-9602cddec1b6', '2025-10-01 20:18:09.249852+03');
INSERT INTO public.login_logs VALUES ('301ae9a5-7d64-4f46-b568-93810f8f30d5', '8de6ff31-e7f3-474a-a2e9-9602cddec1b6', '2025-10-01 20:51:51.629644+03');
INSERT INTO public.login_logs VALUES ('c5acb018-eabf-4553-a91b-640184ead809', 'efc297b8-def8-4bfb-8b26-a6fb2fde502e', '2025-10-01 20:55:37.243824+03');
INSERT INTO public.login_logs VALUES ('f1279b1b-1147-4a2f-b7c8-2ee44d79cc1b', '8de6ff31-e7f3-474a-a2e9-9602cddec1b6', '2025-10-02 01:21:12.666885+03');
INSERT INTO public.login_logs VALUES ('927a0b75-ffcf-443c-af04-c7caa3c94234', '8de6ff31-e7f3-474a-a2e9-9602cddec1b6', '2025-10-02 09:09:38.985125+03');
INSERT INTO public.login_logs VALUES ('617bc813-7637-48b3-bf00-df2f11288275', 'f6c6c289-8ab4-40fb-be72-b9a72c46f250', '2025-10-02 16:13:05.097617+03');
INSERT INTO public.login_logs VALUES ('8db55f7a-d40e-4147-b95a-791301686a3f', '1e79d958-9e84-4d3a-b352-64cf8aa9d18f', '2025-10-02 17:24:54.232498+03');
INSERT INTO public.login_logs VALUES ('d4f04cec-afa5-43cb-b7a1-10101a3e5149', 'f6c6c289-8ab4-40fb-be72-b9a72c46f250', '2025-10-02 17:56:40.014357+03');
INSERT INTO public.login_logs VALUES ('6d15edcf-3625-4752-90af-235681de32e5', 'f6c6c289-8ab4-40fb-be72-b9a72c46f250', '2025-10-02 17:56:41.195162+03');
INSERT INTO public.login_logs VALUES ('263eda31-d47d-4dda-ac14-f3292dff743d', '8de6ff31-e7f3-474a-a2e9-9602cddec1b6', '2025-10-02 20:51:59.07589+03');
INSERT INTO public.login_logs VALUES ('30a56086-8ae2-4da8-86cc-6af4594fe591', '8de6ff31-e7f3-474a-a2e9-9602cddec1b6', '2025-10-02 21:38:01.612493+03');
INSERT INTO public.login_logs VALUES ('7bdb3c28-ea61-4754-8ff7-3c3e60d76ecf', '8de6ff31-e7f3-474a-a2e9-9602cddec1b6', '2025-10-02 22:04:09.570322+03');
INSERT INTO public.login_logs VALUES ('085af06c-f044-4fbd-a744-c42894c8f8e1', '8de6ff31-e7f3-474a-a2e9-9602cddec1b6', '2025-10-03 08:24:07.531847+03');
INSERT INTO public.login_logs VALUES ('c398231a-5746-4f72-8162-0a9de3fac86f', '8de6ff31-e7f3-474a-a2e9-9602cddec1b6', '2025-10-03 12:32:37.387543+03');
INSERT INTO public.login_logs VALUES ('99b2d055-812b-4132-86e5-93645a4a8c5b', '9c4ace49-3623-4871-8532-f6447f152593', '2025-10-03 12:42:22.410839+03');
INSERT INTO public.login_logs VALUES ('5ae25aee-e57b-452b-853e-079173a57f39', 'f6c6c289-8ab4-40fb-be72-b9a72c46f250', '2025-10-03 13:11:11.257618+03');
INSERT INTO public.login_logs VALUES ('f9f6fa79-132c-47a0-be2b-4d793c890139', 'f6c6c289-8ab4-40fb-be72-b9a72c46f250', '2025-10-03 13:11:12.179665+03');
INSERT INTO public.login_logs VALUES ('ad577f72-8c52-4365-a9ae-e4f904b0b972', 'f6c6c289-8ab4-40fb-be72-b9a72c46f250', '2025-10-03 13:21:36.425572+03');
INSERT INTO public.login_logs VALUES ('847b42ba-90c5-4495-b5f9-54cdbe9cb1b8', 'f6c6c289-8ab4-40fb-be72-b9a72c46f250', '2025-10-03 13:21:37.414598+03');
INSERT INTO public.login_logs VALUES ('bd3f81b4-b1f3-485c-9960-1fc8d8eebdb9', '9c4ace49-3623-4871-8532-f6447f152593', '2025-10-03 13:55:07.72039+03');
INSERT INTO public.login_logs VALUES ('75d46fad-be69-49d7-890d-767f2e158525', 'f6c6c289-8ab4-40fb-be72-b9a72c46f250', '2025-10-03 13:55:33.618741+03');
INSERT INTO public.login_logs VALUES ('772ed51d-af24-4944-b215-cf7989afb75a', 'f6c6c289-8ab4-40fb-be72-b9a72c46f250', '2025-10-03 13:55:34.464154+03');
INSERT INTO public.login_logs VALUES ('4424700b-c1fa-4af0-a538-628b15500e5e', 'f6c6c289-8ab4-40fb-be72-b9a72c46f250', '2025-10-03 14:39:26.613827+03');
INSERT INTO public.login_logs VALUES ('01edb798-a602-4a1c-a896-250bc246b13b', 'f6c6c289-8ab4-40fb-be72-b9a72c46f250', '2025-10-03 14:39:27.463372+03');
INSERT INTO public.login_logs VALUES ('181f8465-13af-4dd9-9e1b-dd6f3648e31e', '96b2cdca-e45b-462e-805c-af417df065e0', '2025-10-03 17:10:33.856712+03');
INSERT INTO public.login_logs VALUES ('e347cdd3-a620-4e06-8cfa-2cdd78f0c80c', '8de6ff31-e7f3-474a-a2e9-9602cddec1b6', '2025-10-03 17:11:05.666444+03');
INSERT INTO public.login_logs VALUES ('d3cbaca5-23cb-42ed-a3e4-9cfd6c4692b7', '8de6ff31-e7f3-474a-a2e9-9602cddec1b6', '2025-10-03 17:11:06.880555+03');
INSERT INTO public.login_logs VALUES ('f8c68c55-3764-49e5-bd4e-d71c15022569', '8de6ff31-e7f3-474a-a2e9-9602cddec1b6', '2025-10-03 17:11:08.261147+03');
INSERT INTO public.login_logs VALUES ('a3d078f4-94b0-4efc-87d3-e9c5545a5782', '8de6ff31-e7f3-474a-a2e9-9602cddec1b6', '2025-10-03 17:43:00.307983+03');
INSERT INTO public.login_logs VALUES ('c3779d20-21b5-436c-a153-03be58ebe9ee', 'f6c6c289-8ab4-40fb-be72-b9a72c46f250', '2025-10-03 18:11:56.535083+03');
INSERT INTO public.login_logs VALUES ('8985f550-a966-496d-ae2c-22a4a040ecb7', '3430ed10-b646-4d3e-be86-9583c7f8b62e', '2025-10-03 18:27:55.046329+03');
INSERT INTO public.login_logs VALUES ('d56101e4-f90a-4714-9a9c-7d43153c42ea', '9c4ace49-3623-4871-8532-f6447f152593', '2025-10-04 00:00:44.980148+03');
INSERT INTO public.login_logs VALUES ('2324affa-e5d6-435f-a97e-5da4aeee2a6e', '8de6ff31-e7f3-474a-a2e9-9602cddec1b6', '2025-10-04 00:57:01.400543+03');
INSERT INTO public.login_logs VALUES ('2f595da5-b69f-4d6b-b9c7-7cf4a2f9f14e', '3430ed10-b646-4d3e-be86-9583c7f8b62e', '2025-10-04 10:46:45.041576+03');
INSERT INTO public.login_logs VALUES ('278ab113-2768-4e9a-bd69-a70189a42ffa', 'f6c6c289-8ab4-40fb-be72-b9a72c46f250', '2025-10-04 16:13:12.010244+03');
INSERT INTO public.login_logs VALUES ('5016a150-76b3-45cf-b181-651e12a0fcdf', '8de6ff31-e7f3-474a-a2e9-9602cddec1b6', '2025-10-04 16:44:13.593943+03');
INSERT INTO public.login_logs VALUES ('9aba7deb-313c-4125-889b-38553d81f92a', '8de6ff31-e7f3-474a-a2e9-9602cddec1b6', '2025-10-04 18:15:45.306299+03');
INSERT INTO public.login_logs VALUES ('2abeb034-82f3-4c03-a00a-6252c48fccd9', '8de6ff31-e7f3-474a-a2e9-9602cddec1b6', '2025-10-04 20:47:13.845985+03');
INSERT INTO public.login_logs VALUES ('cae41380-3839-4156-907f-b0882050d895', '8de6ff31-e7f3-474a-a2e9-9602cddec1b6', '2025-10-04 20:47:16.732713+03');
INSERT INTO public.login_logs VALUES ('4c962301-a629-45a0-b5fe-937b0c56d909', '8de6ff31-e7f3-474a-a2e9-9602cddec1b6', '2025-10-04 20:47:18.686926+03');
INSERT INTO public.login_logs VALUES ('c4929b24-271a-4ec2-97ed-7e8412195cc1', '8de6ff31-e7f3-474a-a2e9-9602cddec1b6', '2025-10-04 22:35:45.916339+03');
INSERT INTO public.login_logs VALUES ('a3d8daab-456b-420d-85b9-cffc80ca9dce', '8de6ff31-e7f3-474a-a2e9-9602cddec1b6', '2025-10-05 00:45:59.195574+03');
INSERT INTO public.login_logs VALUES ('1e79b1d4-1cee-4d23-9705-356c973f7836', '8de6ff31-e7f3-474a-a2e9-9602cddec1b6', '2025-10-05 11:40:14.386741+03');
INSERT INTO public.login_logs VALUES ('6f507f8c-a8d7-4566-8add-b92372225ec4', '8de6ff31-e7f3-474a-a2e9-9602cddec1b6', '2025-10-05 12:08:50.227338+03');
INSERT INTO public.login_logs VALUES ('6de328cc-57d1-4779-92b0-e8a8d3651c81', '8de6ff31-e7f3-474a-a2e9-9602cddec1b6', '2025-10-05 20:00:44.346313+03');
INSERT INTO public.login_logs VALUES ('904bac8f-d80d-4178-b4aa-12f86b50e52b', '1e79d958-9e84-4d3a-b352-64cf8aa9d18f', '2025-10-05 20:41:20.42088+03');
INSERT INTO public.login_logs VALUES ('841027a0-f5c7-4155-806e-e38102513112', '8de6ff31-e7f3-474a-a2e9-9602cddec1b6', '2025-10-05 20:49:05.863235+03');
INSERT INTO public.login_logs VALUES ('ed5a4de7-843d-4147-9c23-54767756c7cc', '8de6ff31-e7f3-474a-a2e9-9602cddec1b6', '2025-10-05 20:51:55.571037+03');
INSERT INTO public.login_logs VALUES ('e40641e5-0ce5-475a-bfdf-dfe3dcd493c1', '8de6ff31-e7f3-474a-a2e9-9602cddec1b6', '2025-10-06 12:29:11.696558+03');
INSERT INTO public.login_logs VALUES ('ac22ac24-05cd-4598-a8de-f68b56d7bd15', '96b2cdca-e45b-462e-805c-af417df065e0', '2025-10-06 13:32:12.583942+03');
INSERT INTO public.login_logs VALUES ('77f02f83-c481-4811-9e9a-0d81838671b4', '8de6ff31-e7f3-474a-a2e9-9602cddec1b6', '2025-10-06 13:39:50.224517+03');
INSERT INTO public.login_logs VALUES ('acd5e744-d914-47af-bf0b-fff9f1eb3df3', '8de6ff31-e7f3-474a-a2e9-9602cddec1b6', '2025-10-06 15:34:54.001822+03');
INSERT INTO public.login_logs VALUES ('3cd9bb1b-a212-45a3-a2a5-61b16d851f38', '3430ed10-b646-4d3e-be86-9583c7f8b62e', '2025-10-06 17:34:54.984165+03');
INSERT INTO public.login_logs VALUES ('4c0c1126-babf-48dd-bc50-93ea1291b029', '3430ed10-b646-4d3e-be86-9583c7f8b62e', '2025-10-06 18:26:54.597019+03');
INSERT INTO public.login_logs VALUES ('b6357ac2-7a63-4954-90b0-296230621c4d', '3430ed10-b646-4d3e-be86-9583c7f8b62e', '2025-10-06 18:30:26.027966+03');
INSERT INTO public.login_logs VALUES ('75456861-1010-47d0-ac31-33da41c75d83', 'f6c6c289-8ab4-40fb-be72-b9a72c46f250', '2025-10-06 18:35:06.1044+03');
INSERT INTO public.login_logs VALUES ('ff1400ea-1ae8-41b6-b49b-d123541e1f14', 'f6c6c289-8ab4-40fb-be72-b9a72c46f250', '2025-10-06 18:35:07.096267+03');
INSERT INTO public.login_logs VALUES ('d7143e9f-5b0b-42f8-aec9-d5d458dbfd20', 'f6c6c289-8ab4-40fb-be72-b9a72c46f250', '2025-10-06 18:54:35.480375+03');
INSERT INTO public.login_logs VALUES ('5a0bfc7a-ed53-4853-a3b1-a20bdeefcc2b', '8de6ff31-e7f3-474a-a2e9-9602cddec1b6', '2025-10-06 22:56:05.023627+03');
INSERT INTO public.login_logs VALUES ('0baf983c-c0ab-4098-a72e-cce14bc17a02', 'f6c6c289-8ab4-40fb-be72-b9a72c46f250', '2025-10-07 08:44:09.407742+03');
INSERT INTO public.login_logs VALUES ('0b6899e9-5842-4e93-8b96-7e781818ea25', 'f6c6c289-8ab4-40fb-be72-b9a72c46f250', '2025-10-07 08:44:10.446967+03');
INSERT INTO public.login_logs VALUES ('4245f22c-a213-478a-bd61-2814e6bc33f6', '8de6ff31-e7f3-474a-a2e9-9602cddec1b6', '2025-10-07 10:03:30.711179+03');
INSERT INTO public.login_logs VALUES ('a5fa0c99-6c8c-45db-8a33-285f7f42f0c4', '3430ed10-b646-4d3e-be86-9583c7f8b62e', '2025-10-07 10:08:05.556517+03');
INSERT INTO public.login_logs VALUES ('29ff3984-cc86-4f29-9a2e-77aa1cde03ad', '8de6ff31-e7f3-474a-a2e9-9602cddec1b6', '2025-10-07 10:41:03.168287+03');
INSERT INTO public.login_logs VALUES ('9502c18c-19f8-41dd-808a-26f027aa3661', '96b2cdca-e45b-462e-805c-af417df065e0', '2025-10-07 12:26:38.578034+03');
INSERT INTO public.login_logs VALUES ('26388335-2f79-4f7f-b939-3bfcb1a19b48', '8de6ff31-e7f3-474a-a2e9-9602cddec1b6', '2025-10-07 12:46:10.33583+03');
INSERT INTO public.login_logs VALUES ('2c9a95cd-d04b-4a28-a162-18d451c9f494', 'f6c6c289-8ab4-40fb-be72-b9a72c46f250', '2025-10-07 14:03:57.52192+03');
INSERT INTO public.login_logs VALUES ('c142f092-7532-4e91-9201-0a650c12779c', '8de6ff31-e7f3-474a-a2e9-9602cddec1b6', '2025-10-07 14:06:45.877224+03');
INSERT INTO public.login_logs VALUES ('9f3845a8-6189-4345-9ace-e99e4d6afbda', 'f6c6c289-8ab4-40fb-be72-b9a72c46f250', '2025-10-07 15:38:15.79649+03');
INSERT INTO public.login_logs VALUES ('9b0da198-a09a-44f0-9fa3-2681f815d49a', 'f6c6c289-8ab4-40fb-be72-b9a72c46f250', '2025-10-07 16:03:13.432959+03');
INSERT INTO public.login_logs VALUES ('a581cae6-2499-4044-84d3-610781f4e611', '8de6ff31-e7f3-474a-a2e9-9602cddec1b6', '2025-10-07 16:04:36.893775+03');
INSERT INTO public.login_logs VALUES ('85eb59b9-48ae-4f5c-8199-1ab5cc843f58', 'f6c6c289-8ab4-40fb-be72-b9a72c46f250', '2025-10-07 16:05:44.827226+03');
INSERT INTO public.login_logs VALUES ('448b738c-c70f-4438-b4c1-3fe0c0da8420', '8de6ff31-e7f3-474a-a2e9-9602cddec1b6', '2025-10-07 16:28:18.046198+03');
INSERT INTO public.login_logs VALUES ('f668a329-445c-4c3b-bf4e-287126cce9fc', 'f6c6c289-8ab4-40fb-be72-b9a72c46f250', '2025-10-07 18:04:44.999547+03');
INSERT INTO public.login_logs VALUES ('04083bd4-3db5-4fe6-8b22-0135c233658f', '8de6ff31-e7f3-474a-a2e9-9602cddec1b6', '2025-10-08 00:20:00.626292+03');
INSERT INTO public.login_logs VALUES ('e7f3901c-7a60-46ad-ba1c-7313b5e0238c', '3430ed10-b646-4d3e-be86-9583c7f8b62e', '2025-10-08 10:01:48.418486+03');
INSERT INTO public.login_logs VALUES ('ac70be52-4132-4c12-91f3-4042116840ea', '8de6ff31-e7f3-474a-a2e9-9602cddec1b6', '2025-10-08 12:34:44.778542+03');
INSERT INTO public.login_logs VALUES ('991b5e7b-90c5-40be-90ae-d5d143cac35c', 'f6c6c289-8ab4-40fb-be72-b9a72c46f250', '2025-10-08 13:24:40.169609+03');
INSERT INTO public.login_logs VALUES ('ac573903-934f-41f7-9a79-b8e9ae82f200', 'f6c6c289-8ab4-40fb-be72-b9a72c46f250', '2025-10-08 13:47:16.001892+03');
INSERT INTO public.login_logs VALUES ('f195539f-29c5-4750-a4fd-76347745f1d2', '8de6ff31-e7f3-474a-a2e9-9602cddec1b6', '2025-10-08 13:53:15.934218+03');
INSERT INTO public.login_logs VALUES ('fe1f240a-f0d9-4027-ac44-811799e843eb', '8de6ff31-e7f3-474a-a2e9-9602cddec1b6', '2025-10-08 15:48:28.898714+03');
INSERT INTO public.login_logs VALUES ('a0bbf689-d123-40ae-9441-ea41fa70c2fb', '8de6ff31-e7f3-474a-a2e9-9602cddec1b6', '2025-10-08 16:28:20.166516+03');
INSERT INTO public.login_logs VALUES ('9c076f42-8766-40d6-989d-cfce4051f12d', 'f6c6c289-8ab4-40fb-be72-b9a72c46f250', '2025-10-08 16:45:53.053494+03');
INSERT INTO public.login_logs VALUES ('d4fc55aa-6913-438f-bc16-0ea34a741e71', 'f6c6c289-8ab4-40fb-be72-b9a72c46f250', '2025-10-08 16:46:26.626374+03');
INSERT INTO public.login_logs VALUES ('f5233eda-b581-4940-a421-0cc5afbd47e1', 'f6c6c289-8ab4-40fb-be72-b9a72c46f250', '2025-10-08 16:53:26.778506+03');
INSERT INTO public.login_logs VALUES ('1c2bcf4f-8a94-4eaa-922b-ceced3f9928b', 'f6c6c289-8ab4-40fb-be72-b9a72c46f250', '2025-10-08 17:42:42.302346+03');
INSERT INTO public.login_logs VALUES ('329842d0-a8dd-45be-9009-d3088b0c1741', 'f6c6c289-8ab4-40fb-be72-b9a72c46f250', '2025-10-08 17:42:43.442347+03');
INSERT INTO public.login_logs VALUES ('35944feb-7724-42ec-bc39-ff912da36311', 'f6c6c289-8ab4-40fb-be72-b9a72c46f250', '2025-10-08 17:50:44.137488+03');
INSERT INTO public.login_logs VALUES ('cacf05f1-cf64-4d04-a067-bea60005804e', '8de6ff31-e7f3-474a-a2e9-9602cddec1b6', '2025-10-08 19:37:32.280662+03');
INSERT INTO public.login_logs VALUES ('e2dc0194-bd97-4d4d-bcc9-5207c1653135', '1e79d958-9e84-4d3a-b352-64cf8aa9d18f', '2025-10-08 21:50:07.145319+03');
INSERT INTO public.login_logs VALUES ('f1c1578f-b0b8-4a7d-88da-10f3f69d4a12', '1e79d958-9e84-4d3a-b352-64cf8aa9d18f', '2025-10-08 21:50:10.392024+03');
INSERT INTO public.login_logs VALUES ('f0b63807-bf22-4e25-a979-4cf50caf79a1', '8de6ff31-e7f3-474a-a2e9-9602cddec1b6', '2025-10-08 23:03:37.009753+03');
INSERT INTO public.login_logs VALUES ('8fac0193-43da-4208-8e5e-5e47b9838955', 'f6c6c289-8ab4-40fb-be72-b9a72c46f250', '2025-10-09 13:23:55.943368+03');
INSERT INTO public.login_logs VALUES ('16ef614e-c594-4faf-b8e6-a8f4fbfe307f', 'f6c6c289-8ab4-40fb-be72-b9a72c46f250', '2025-10-09 14:40:49.986114+03');
INSERT INTO public.login_logs VALUES ('65d63595-fdc9-433d-be93-f1112e030c4e', 'efc297b8-def8-4bfb-8b26-a6fb2fde502e', '2025-10-09 15:05:21.905489+03');
INSERT INTO public.login_logs VALUES ('3b47e98e-8245-4a20-880b-e2a0591caea2', 'f6c6c289-8ab4-40fb-be72-b9a72c46f250', '2025-10-09 15:27:24.438483+03');
INSERT INTO public.login_logs VALUES ('cd20bbb7-1fd8-4bee-bb19-8491486e78ad', 'f6c6c289-8ab4-40fb-be72-b9a72c46f250', '2025-10-09 16:06:51.167872+03');
INSERT INTO public.login_logs VALUES ('0f44b55f-70eb-4653-b8de-75a6ef238d33', '8de6ff31-e7f3-474a-a2e9-9602cddec1b6', '2025-10-09 16:40:51.304721+03');
INSERT INTO public.login_logs VALUES ('e1ba8b0c-b9a8-4f30-8bd6-2016cfdcf2d4', 'f6c6c289-8ab4-40fb-be72-b9a72c46f250', '2025-10-09 17:14:40.834511+03');
INSERT INTO public.login_logs VALUES ('e75ddf39-4906-4720-a127-1d43935cf96a', '8de6ff31-e7f3-474a-a2e9-9602cddec1b6', '2025-10-09 20:33:31.230764+03');
INSERT INTO public.login_logs VALUES ('d6e93919-bf05-4d32-be4b-a0ecf5474485', '8de6ff31-e7f3-474a-a2e9-9602cddec1b6', '2025-10-09 22:16:54.324827+03');
INSERT INTO public.login_logs VALUES ('14bc433d-762a-4d85-83a0-3aa189efbcf7', '8de6ff31-e7f3-474a-a2e9-9602cddec1b6', '2025-10-09 22:16:56.14633+03');
INSERT INTO public.login_logs VALUES ('fe90afa6-a4f6-4a78-ba02-84d5c1135a6b', '8de6ff31-e7f3-474a-a2e9-9602cddec1b6', '2025-10-09 22:16:57.249446+03');
INSERT INTO public.login_logs VALUES ('d1364bf9-5921-471c-8590-1bf6c9646f5d', '8de6ff31-e7f3-474a-a2e9-9602cddec1b6', '2025-10-10 00:02:35.099034+03');
INSERT INTO public.login_logs VALUES ('82f9e415-de9f-4a93-beba-e91e41dede60', '3430ed10-b646-4d3e-be86-9583c7f8b62e', '2025-10-10 10:49:37.005722+03');
INSERT INTO public.login_logs VALUES ('b968fcaf-f9f7-4b58-b98e-e080d794583c', '3430ed10-b646-4d3e-be86-9583c7f8b62e', '2025-10-10 10:54:22.059453+03');
INSERT INTO public.login_logs VALUES ('0c8537f1-e4e1-44ae-ba90-b5e7fa306462', '8de6ff31-e7f3-474a-a2e9-9602cddec1b6', '2025-10-10 12:30:37.823595+03');
INSERT INTO public.login_logs VALUES ('c3a71dd1-2e15-410a-8957-f5f8efd3d939', 'f6c6c289-8ab4-40fb-be72-b9a72c46f250', '2025-10-10 13:43:14.072702+03');
INSERT INTO public.login_logs VALUES ('661f62d5-bdf6-4f70-abab-6c4350b7abdb', 'f6c6c289-8ab4-40fb-be72-b9a72c46f250', '2025-10-10 13:43:14.989362+03');
INSERT INTO public.login_logs VALUES ('11ec8de0-9928-43cf-918d-06fd4eda737e', '3430ed10-b646-4d3e-be86-9583c7f8b62e', '2025-10-10 13:52:49.918513+03');
INSERT INTO public.login_logs VALUES ('6bffa074-a5be-4efd-8102-9875b79fe0cb', 'f6c6c289-8ab4-40fb-be72-b9a72c46f250', '2025-10-10 14:20:34.285032+03');
INSERT INTO public.login_logs VALUES ('245238a1-ca12-4719-ac26-8696e0a5a375', '8de6ff31-e7f3-474a-a2e9-9602cddec1b6', '2025-10-10 16:47:31.428585+03');
INSERT INTO public.login_logs VALUES ('39d9268c-2b77-421f-9475-401f2308f4df', '8de6ff31-e7f3-474a-a2e9-9602cddec1b6', '2025-10-10 21:04:22.742183+03');
INSERT INTO public.login_logs VALUES ('b778d2f0-c2db-452e-a7f8-edbf110113de', '8de6ff31-e7f3-474a-a2e9-9602cddec1b6', '2025-10-10 22:03:16.627527+03');
INSERT INTO public.login_logs VALUES ('ae8b6ec2-f9b6-4e9e-8370-3ea7e7631a7c', '8de6ff31-e7f3-474a-a2e9-9602cddec1b6', '2025-10-11 00:45:55.670129+03');
INSERT INTO public.login_logs VALUES ('1ab8b387-7885-4f4e-9e5b-af726cd6cb61', '8de6ff31-e7f3-474a-a2e9-9602cddec1b6', '2025-10-11 02:16:53.411744+03');
INSERT INTO public.login_logs VALUES ('09f01afe-d3dc-4291-bfc0-fa98cd52a6c6', '3430ed10-b646-4d3e-be86-9583c7f8b62e', '2025-10-11 11:11:15.89744+03');
INSERT INTO public.login_logs VALUES ('f6ac27bb-2b59-4576-9d6d-3e68f9ba116b', 'f6c6c289-8ab4-40fb-be72-b9a72c46f250', '2025-10-11 12:58:00.003606+03');
INSERT INTO public.login_logs VALUES ('bb41247a-087b-4fba-9657-e268dfe34459', 'f6c6c289-8ab4-40fb-be72-b9a72c46f250', '2025-10-11 13:56:54.585223+03');
INSERT INTO public.login_logs VALUES ('d0584301-1f97-4279-99cf-3fc513fb7090', 'f6c6c289-8ab4-40fb-be72-b9a72c46f250', '2025-10-11 14:50:17.254281+03');
INSERT INTO public.login_logs VALUES ('3965442d-efe4-45f3-9019-451bc9191f81', '9c4ace49-3623-4871-8532-f6447f152593', '2025-10-11 15:01:14.80932+03');
INSERT INTO public.login_logs VALUES ('1342c247-f07d-477e-829e-0e7da66a1205', 'f6c6c289-8ab4-40fb-be72-b9a72c46f250', '2025-10-11 15:14:04.783612+03');
INSERT INTO public.login_logs VALUES ('2f1035f5-51a1-4f0a-8e9e-0187e6a878d6', 'efc297b8-def8-4bfb-8b26-a6fb2fde502e', '2025-10-11 15:20:40.723503+03');
INSERT INTO public.login_logs VALUES ('316d1dcb-43e6-4f42-938f-05131fbf84c9', 'f6c6c289-8ab4-40fb-be72-b9a72c46f250', '2025-10-11 16:19:35.871172+03');
INSERT INTO public.login_logs VALUES ('831c134d-8da8-4a64-bc54-deaa26d42e96', 'f6c6c289-8ab4-40fb-be72-b9a72c46f250', '2025-10-11 16:52:19.676522+03');
INSERT INTO public.login_logs VALUES ('cf0b0c5a-7335-4f5c-8ab3-1fdb4f6b388c', 'f6c6c289-8ab4-40fb-be72-b9a72c46f250', '2025-10-11 16:52:20.39206+03');
INSERT INTO public.login_logs VALUES ('9984e31c-f3eb-4374-b7e9-2cf1453bd1d6', 'f6c6c289-8ab4-40fb-be72-b9a72c46f250', '2025-10-11 17:38:58.66533+03');
INSERT INTO public.login_logs VALUES ('e817fdba-0f0b-4b16-a6bb-a2dccd947914', '8de6ff31-e7f3-474a-a2e9-9602cddec1b6', '2025-10-11 18:13:20.303484+03');
INSERT INTO public.login_logs VALUES ('52969c61-6d8a-432f-b629-0915856f4284', '8de6ff31-e7f3-474a-a2e9-9602cddec1b6', '2025-10-11 18:37:51.985549+03');
INSERT INTO public.login_logs VALUES ('aff76643-3f9b-486b-99fc-8ce70388d2d0', 'f6c6c289-8ab4-40fb-be72-b9a72c46f250', '2025-10-11 19:19:33.434036+03');
INSERT INTO public.login_logs VALUES ('4c202cc3-444b-4f75-b334-69bdc7cbc1d8', '3430ed10-b646-4d3e-be86-9583c7f8b62e', '2025-10-11 20:43:00.980222+03');
INSERT INTO public.login_logs VALUES ('71283c26-2865-4bba-8180-e2545986afea', '1e79d958-9e84-4d3a-b352-64cf8aa9d18f', '2025-10-11 23:11:07.040063+03');
INSERT INTO public.login_logs VALUES ('2ecf6eeb-8e48-4eb3-87ef-ad67c4dcea4f', '8de6ff31-e7f3-474a-a2e9-9602cddec1b6', '2025-10-11 23:48:52.248452+03');
INSERT INTO public.login_logs VALUES ('0d018717-4318-4d47-8098-7ecf1c507f1f', '8de6ff31-e7f3-474a-a2e9-9602cddec1b6', '2025-10-12 00:34:55.868571+03');
INSERT INTO public.login_logs VALUES ('16a9e51d-dd98-4bad-a951-d7d48b32323c', 'efc297b8-def8-4bfb-8b26-a6fb2fde502e', '2025-10-12 14:08:22.853824+03');
INSERT INTO public.login_logs VALUES ('29ff6f88-db0b-4f8c-bfc0-1b9134128add', '8de6ff31-e7f3-474a-a2e9-9602cddec1b6', '2025-10-12 14:14:27.176424+03');
INSERT INTO public.login_logs VALUES ('418e204c-e047-49fc-9f9b-53e55ea0b41c', '8de6ff31-e7f3-474a-a2e9-9602cddec1b6', '2025-10-12 22:08:07.097064+03');
INSERT INTO public.login_logs VALUES ('fc516985-2a54-4046-be56-9d187b92efbd', '8de6ff31-e7f3-474a-a2e9-9602cddec1b6', '2025-10-12 23:24:16.64094+03');
INSERT INTO public.login_logs VALUES ('74b41be7-abab-4d94-85b0-843f23aa9e3f', '8de6ff31-e7f3-474a-a2e9-9602cddec1b6', '2025-10-13 10:50:05.628985+03');
INSERT INTO public.login_logs VALUES ('723bdf32-ea7b-4f61-9c74-35f04f830aae', 'f6c6c289-8ab4-40fb-be72-b9a72c46f250', '2025-10-13 12:24:54.583807+03');
INSERT INTO public.login_logs VALUES ('e34fa00c-a5dc-4008-9edc-c3b519f87c70', 'f6c6c289-8ab4-40fb-be72-b9a72c46f250', '2025-10-13 12:24:55.433845+03');
INSERT INTO public.login_logs VALUES ('03aac6b0-963c-453f-87ed-c2ef21f1e499', '8de6ff31-e7f3-474a-a2e9-9602cddec1b6', '2025-10-13 14:58:10.030341+03');
INSERT INTO public.login_logs VALUES ('adf94992-1541-4beb-89da-7d5e7a3b6c70', 'f6c6c289-8ab4-40fb-be72-b9a72c46f250', '2025-10-13 16:16:15.99949+03');
INSERT INTO public.login_logs VALUES ('a83640b6-0bb9-4310-919d-f7cf282ef46e', 'f6c6c289-8ab4-40fb-be72-b9a72c46f250', '2025-10-13 16:16:16.78169+03');
INSERT INTO public.login_logs VALUES ('d1a94861-f41e-4891-847e-7d0ba3d6cd62', '8de6ff31-e7f3-474a-a2e9-9602cddec1b6', '2025-10-13 17:01:53.967495+03');
INSERT INTO public.login_logs VALUES ('c3245e36-b680-4434-b83b-3a2057bef8b0', '8de6ff31-e7f3-474a-a2e9-9602cddec1b6', '2025-10-13 18:48:55.758026+03');
INSERT INTO public.login_logs VALUES ('88f1b587-509c-4027-8b42-7d387698c7db', '8de6ff31-e7f3-474a-a2e9-9602cddec1b6', '2025-10-13 19:01:11.401074+03');
INSERT INTO public.login_logs VALUES ('3086777b-504d-40a8-9757-fc0582f19ab6', '8de6ff31-e7f3-474a-a2e9-9602cddec1b6', '2025-10-13 19:07:33.555168+03');
INSERT INTO public.login_logs VALUES ('935c7b56-0937-4d42-9e42-a4706721ae1f', '8de6ff31-e7f3-474a-a2e9-9602cddec1b6', '2025-10-13 19:35:46.712372+03');
INSERT INTO public.login_logs VALUES ('1a03dc66-de3a-4e28-9981-4ac49ea3b7a5', '3430ed10-b646-4d3e-be86-9583c7f8b62e', '2025-10-13 20:19:29.591678+03');
INSERT INTO public.login_logs VALUES ('b56bbc95-0a98-45cf-931f-163cae28774e', 'f6c6c289-8ab4-40fb-be72-b9a72c46f250', '2025-10-13 21:46:58.67962+03');
INSERT INTO public.login_logs VALUES ('f23c6327-332d-4971-bb5f-83647d38117a', 'f6c6c289-8ab4-40fb-be72-b9a72c46f250', '2025-10-13 21:48:39.952205+03');
INSERT INTO public.login_logs VALUES ('712929b4-3447-48c2-94a4-1a0671efcfb4', '8de6ff31-e7f3-474a-a2e9-9602cddec1b6', '2025-10-14 00:16:19.491852+03');
INSERT INTO public.login_logs VALUES ('0761cc54-8659-4c8f-8d54-954f59325339', '8de6ff31-e7f3-474a-a2e9-9602cddec1b6', '2025-10-14 00:21:07.453319+03');
INSERT INTO public.login_logs VALUES ('260712ed-01b7-4956-a024-9bab9e4cff4c', '8de6ff31-e7f3-474a-a2e9-9602cddec1b6', '2025-10-14 00:46:28.711603+03');
INSERT INTO public.login_logs VALUES ('7ed6dfb1-ba48-4063-a151-4f41ced875ff', '8de6ff31-e7f3-474a-a2e9-9602cddec1b6', '2025-10-14 01:02:38.701678+03');
INSERT INTO public.login_logs VALUES ('342443d9-e837-4284-8b0e-fb5261d86a45', '8de6ff31-e7f3-474a-a2e9-9602cddec1b6', '2025-10-14 10:07:51.77146+03');
INSERT INTO public.login_logs VALUES ('0d9a025d-b089-46a9-b5cc-212152678de4', '3430ed10-b646-4d3e-be86-9583c7f8b62e', '2025-10-14 10:42:19.181789+03');
INSERT INTO public.login_logs VALUES ('71731ee3-9980-423f-9e35-0a53cbc2a13b', '8de6ff31-e7f3-474a-a2e9-9602cddec1b6', '2025-10-14 12:13:01.263418+03');
INSERT INTO public.login_logs VALUES ('32fef3bc-e4ca-4a0d-9e80-08f0511a11c9', '3430ed10-b646-4d3e-be86-9583c7f8b62e', '2025-10-14 14:49:45.815587+03');
INSERT INTO public.login_logs VALUES ('4dd38020-2374-4076-9575-7aef2353f969', '8de6ff31-e7f3-474a-a2e9-9602cddec1b6', '2025-10-14 14:59:54.151695+03');
INSERT INTO public.login_logs VALUES ('a24fadea-871f-4af5-8307-5d466e9260fa', 'f6c6c289-8ab4-40fb-be72-b9a72c46f250', '2025-10-14 15:04:17.36607+03');
INSERT INTO public.login_logs VALUES ('61c06c72-af90-4f8c-bb3a-c4953b7dd461', '8de6ff31-e7f3-474a-a2e9-9602cddec1b6', '2025-10-14 15:10:15.434351+03');
INSERT INTO public.login_logs VALUES ('802d690a-23c7-491e-bf5a-cc588e4ffa62', '8de6ff31-e7f3-474a-a2e9-9602cddec1b6', '2025-10-14 17:20:50.56423+03');
INSERT INTO public.login_logs VALUES ('9ecdcf16-5cc5-4a86-82bd-ef780310901c', '3430ed10-b646-4d3e-be86-9583c7f8b62e', '2025-10-14 17:44:29.131162+03');
INSERT INTO public.login_logs VALUES ('9659c359-dde2-4584-8bf4-b7e5a3964972', '9c4ace49-3623-4871-8532-f6447f152593', '2025-10-14 18:08:23.988976+03');
INSERT INTO public.login_logs VALUES ('3480d89a-163c-463d-b6af-e5b247f97205', '1e79d958-9e84-4d3a-b352-64cf8aa9d18f', '2025-10-14 23:11:45.249114+03');
INSERT INTO public.login_logs VALUES ('80dae02f-5e14-4caf-ba7b-e93cb2257f20', '8de6ff31-e7f3-474a-a2e9-9602cddec1b6', '2025-10-15 03:31:17.089419+03');
INSERT INTO public.login_logs VALUES ('582d0d64-a10e-419c-aad6-b72d4917a01e', '8de6ff31-e7f3-474a-a2e9-9602cddec1b6', '2025-10-15 11:24:31.668892+03');
INSERT INTO public.login_logs VALUES ('4e693960-c24f-4896-af34-22796c3b261f', '3430ed10-b646-4d3e-be86-9583c7f8b62e', '2025-10-15 11:28:10.407391+03');
INSERT INTO public.login_logs VALUES ('b66d21f4-687c-4ad5-ab55-70701c419ff5', '8de6ff31-e7f3-474a-a2e9-9602cddec1b6', '2025-10-15 13:33:23.592433+03');
INSERT INTO public.login_logs VALUES ('111639cf-71eb-413c-9ee1-52b63c4f2dce', 'f6c6c289-8ab4-40fb-be72-b9a72c46f250', '2025-10-15 13:58:04.853811+03');
INSERT INTO public.login_logs VALUES ('b3f3d9b1-8430-46d8-b5b1-28ac4841364c', '3430ed10-b646-4d3e-be86-9583c7f8b62e', '2025-10-15 14:43:00.876041+03');
INSERT INTO public.login_logs VALUES ('41bf5941-ccb2-4e64-9712-2d754093b272', 'f6c6c289-8ab4-40fb-be72-b9a72c46f250', '2025-10-15 15:25:08.300803+03');
INSERT INTO public.login_logs VALUES ('9efb5313-7b88-4188-aa88-664862f41cb5', 'f6c6c289-8ab4-40fb-be72-b9a72c46f250', '2025-10-15 15:25:09.188584+03');
INSERT INTO public.login_logs VALUES ('6498e169-c5d8-4a0e-a85d-0022fea35cb3', 'f6c6c289-8ab4-40fb-be72-b9a72c46f250', '2025-10-15 15:26:52.545396+03');
INSERT INTO public.login_logs VALUES ('a4f1e178-0a16-49c3-93f3-242794fabb77', 'f6c6c289-8ab4-40fb-be72-b9a72c46f250', '2025-10-15 15:26:53.318861+03');
INSERT INTO public.login_logs VALUES ('fa8941d0-cd2a-495f-a6a0-5594d0f5a817', 'f6c6c289-8ab4-40fb-be72-b9a72c46f250', '2025-10-15 16:43:54.054817+03');
INSERT INTO public.login_logs VALUES ('9c8c8c29-2581-4b04-8eb0-d1f86ef7804f', '8de6ff31-e7f3-474a-a2e9-9602cddec1b6', '2025-10-15 19:35:17.864611+03');
INSERT INTO public.login_logs VALUES ('f8a10c25-d3e6-457f-8d5c-56de833eb80a', 'f6c6c289-8ab4-40fb-be72-b9a72c46f250', '2025-10-15 21:07:44.624986+03');
INSERT INTO public.login_logs VALUES ('bcf94f28-607b-4617-a946-7bcc1d65ad2c', 'f6c6c289-8ab4-40fb-be72-b9a72c46f250', '2025-10-15 21:07:45.837556+03');
INSERT INTO public.login_logs VALUES ('b72c94e6-26e3-4c82-80c2-38918fc6a87a', '1e79d958-9e84-4d3a-b352-64cf8aa9d18f', '2025-10-15 23:12:11.50878+03');
INSERT INTO public.login_logs VALUES ('718b45ba-dbe6-4968-9d3b-7a88c544d078', '8de6ff31-e7f3-474a-a2e9-9602cddec1b6', '2025-10-16 01:24:30.455822+03');
INSERT INTO public.login_logs VALUES ('e35e1e0a-e6aa-40d5-94dc-754478ff40e8', '8de6ff31-e7f3-474a-a2e9-9602cddec1b6', '2025-10-16 10:16:47.5448+03');
INSERT INTO public.login_logs VALUES ('7fde0eb2-1762-4db1-a679-06d845b3f313', '3430ed10-b646-4d3e-be86-9583c7f8b62e', '2025-10-16 10:49:59.242701+03');
INSERT INTO public.login_logs VALUES ('876bd68a-9449-4ad4-994e-30722765c26a', '3430ed10-b646-4d3e-be86-9583c7f8b62e', '2025-10-16 14:34:58.579867+03');
INSERT INTO public.login_logs VALUES ('31885e24-8ee3-41fc-9c7f-f5606b5a431d', 'f6c6c289-8ab4-40fb-be72-b9a72c46f250', '2025-10-16 14:47:04.489389+03');
INSERT INTO public.login_logs VALUES ('a0576994-89a7-4564-ae27-94d7efe4fe8f', '3430ed10-b646-4d3e-be86-9583c7f8b62e', '2025-10-16 14:54:19.341031+03');
INSERT INTO public.login_logs VALUES ('42080940-46c6-4437-a22e-e9a468b43a40', '8de6ff31-e7f3-474a-a2e9-9602cddec1b6', '2025-10-16 15:46:01.194882+03');
INSERT INTO public.login_logs VALUES ('8cdf1457-e857-4fbe-9ef7-b76438ac2522', '8de6ff31-e7f3-474a-a2e9-9602cddec1b6', '2025-10-16 22:32:14.257054+03');
INSERT INTO public.login_logs VALUES ('34d2f122-207f-4918-aaf9-e4fd15f4cb2b', '8de6ff31-e7f3-474a-a2e9-9602cddec1b6', '2025-10-17 11:08:07.761618+03');
INSERT INTO public.login_logs VALUES ('97740d71-002b-46c1-9e69-d7abd4dde6a6', '3430ed10-b646-4d3e-be86-9583c7f8b62e', '2025-10-17 14:22:13.639327+03');
INSERT INTO public.login_logs VALUES ('a4392297-712a-41a8-9744-18959e1f7012', '8de6ff31-e7f3-474a-a2e9-9602cddec1b6', '2025-10-17 16:33:47.842511+03');
INSERT INTO public.login_logs VALUES ('312c952b-f5f2-4bdb-9cac-9e4c191b7962', 'f6c6c289-8ab4-40fb-be72-b9a72c46f250', '2025-10-17 16:36:42.982862+03');
INSERT INTO public.login_logs VALUES ('43720074-9951-4892-801c-8d4409cbd8ad', 'f6c6c289-8ab4-40fb-be72-b9a72c46f250', '2025-10-17 16:36:44.038304+03');
INSERT INTO public.login_logs VALUES ('db04f640-4d4a-41e0-ab3f-f82801638ec9', 'f6c6c289-8ab4-40fb-be72-b9a72c46f250', '2025-10-17 16:43:17.366392+03');
INSERT INTO public.login_logs VALUES ('c61ff238-e726-466e-a968-d298c92d0d5f', 'f6c6c289-8ab4-40fb-be72-b9a72c46f250', '2025-10-17 16:43:18.113146+03');
INSERT INTO public.login_logs VALUES ('3dd1419b-bb36-4c5c-8245-2188b0ecbd6d', '8de6ff31-e7f3-474a-a2e9-9602cddec1b6', '2025-10-17 19:38:09.883846+03');
INSERT INTO public.login_logs VALUES ('bff610ca-05ac-4b85-b646-9357c0d2c55e', '8de6ff31-e7f3-474a-a2e9-9602cddec1b6', '2025-10-17 19:38:12.921272+03');
INSERT INTO public.login_logs VALUES ('2358a4d9-106e-4442-942d-aaea9376fc15', '8de6ff31-e7f3-474a-a2e9-9602cddec1b6', '2025-10-17 19:38:15.680135+03');
INSERT INTO public.login_logs VALUES ('4d8411ac-397f-4d5e-8cfe-34d90b475c77', '8de6ff31-e7f3-474a-a2e9-9602cddec1b6', '2025-10-17 23:37:26.098021+03');
INSERT INTO public.login_logs VALUES ('a083bdad-d739-4683-b080-e6b19c2ea086', '3430ed10-b646-4d3e-be86-9583c7f8b62e', '2025-10-18 14:17:08.783671+03');
INSERT INTO public.login_logs VALUES ('46454458-dcdf-4ef4-9a8a-3c993b82a5df', '8de6ff31-e7f3-474a-a2e9-9602cddec1b6', '2025-10-18 19:47:14.875431+03');
INSERT INTO public.login_logs VALUES ('13841a0a-93b6-404d-97b2-c689257462c0', '8de6ff31-e7f3-474a-a2e9-9602cddec1b6', '2025-10-18 23:16:07.632465+03');
INSERT INTO public.login_logs VALUES ('4532637b-5c75-458f-9469-3f61640b0873', 'f6c6c289-8ab4-40fb-be72-b9a72c46f250', '2025-10-18 23:32:05.652175+03');
INSERT INTO public.login_logs VALUES ('3a006c84-db32-40e0-af0a-0aa497b27e25', 'f6c6c289-8ab4-40fb-be72-b9a72c46f250', '2025-10-18 23:32:06.646192+03');
INSERT INTO public.login_logs VALUES ('f8f6a837-93bf-4a7a-b458-f333e7ea6182', '8de6ff31-e7f3-474a-a2e9-9602cddec1b6', '2025-10-18 23:36:56.10802+03');
INSERT INTO public.login_logs VALUES ('9aec9770-4445-4a11-8575-861b93955d37', '1e79d958-9e84-4d3a-b352-64cf8aa9d18f', '2025-10-19 02:06:37.444168+03');
INSERT INTO public.login_logs VALUES ('0b6a7587-7726-4c98-9806-7d428e26d206', '8de6ff31-e7f3-474a-a2e9-9602cddec1b6', '2025-10-19 13:09:40.371825+03');
INSERT INTO public.login_logs VALUES ('bd68f261-ac13-44f9-b272-831c0aa3b5a4', 'f6c6c289-8ab4-40fb-be72-b9a72c46f250', '2025-10-19 14:14:55.168508+03');
INSERT INTO public.login_logs VALUES ('e8579925-3012-45b0-a2d3-fea6d7b1596a', 'f6c6c289-8ab4-40fb-be72-b9a72c46f250', '2025-10-19 14:14:55.995536+03');
INSERT INTO public.login_logs VALUES ('b9f61529-4ce0-465a-b9cf-1d8b3331b32f', 'f6c6c289-8ab4-40fb-be72-b9a72c46f250', '2025-10-19 14:44:49.960243+03');
INSERT INTO public.login_logs VALUES ('f0e1facf-4c07-47b6-9f83-c61a3748f30f', '8de6ff31-e7f3-474a-a2e9-9602cddec1b6', '2025-10-19 20:41:22.785665+03');
INSERT INTO public.login_logs VALUES ('41332f0c-5233-4a1d-8454-a6c6d10b0e83', '8de6ff31-e7f3-474a-a2e9-9602cddec1b6', '2025-10-20 00:37:37.072734+03');
INSERT INTO public.login_logs VALUES ('eda51058-d96a-478d-b338-e24c2dce7a88', 'f6c6c289-8ab4-40fb-be72-b9a72c46f250', '2025-10-20 13:40:10.102424+03');
INSERT INTO public.login_logs VALUES ('953400c1-cb98-4501-b1d2-bcff525ecdf9', 'f6c6c289-8ab4-40fb-be72-b9a72c46f250', '2025-10-20 13:40:10.843146+03');
INSERT INTO public.login_logs VALUES ('f73c9841-6e0e-4833-befa-5eaff2d73aff', '8de6ff31-e7f3-474a-a2e9-9602cddec1b6', '2025-10-20 14:10:02.575956+03');
INSERT INTO public.login_logs VALUES ('23b9f55b-f79d-4564-a4f6-de98a93cff5a', '3430ed10-b646-4d3e-be86-9583c7f8b62e', '2025-10-20 14:33:37.990767+03');
INSERT INTO public.login_logs VALUES ('07ceee65-6523-4b1c-8dde-1df1d217201f', '3430ed10-b646-4d3e-be86-9583c7f8b62e', '2025-10-20 14:52:51.061066+03');
INSERT INTO public.login_logs VALUES ('3cbecc91-1657-4098-936f-fcefb954beb6', '3430ed10-b646-4d3e-be86-9583c7f8b62e', '2025-10-20 14:54:29.021637+03');
INSERT INTO public.login_logs VALUES ('e9447fb3-0b64-44c9-9edd-f437fb9d8098', '2c0fdd19-d70e-412d-915c-b961e1f57bc9', '2025-10-20 17:27:46.381437+03');
INSERT INTO public.login_logs VALUES ('02b95919-8f14-4c54-9d10-8a79b8b8aec3', 'f6c6c289-8ab4-40fb-be72-b9a72c46f250', '2025-10-20 17:31:47.960165+03');
INSERT INTO public.login_logs VALUES ('56c2835c-e028-4540-be56-57b920b6cb9c', '9c4ace49-3623-4871-8532-f6447f152593', '2025-10-20 17:56:01.195315+03');
INSERT INTO public.login_logs VALUES ('5ee14d93-68c0-40c5-af25-e4714ad14f3c', '9c4ace49-3623-4871-8532-f6447f152593', '2025-10-20 17:56:03.491275+03');
INSERT INTO public.login_logs VALUES ('0ded27d8-d827-4ff3-9dc7-fc2a5ca86aad', '9c4ace49-3623-4871-8532-f6447f152593', '2025-10-20 17:56:06.167038+03');
INSERT INTO public.login_logs VALUES ('177cda4f-59c3-4922-b6a5-e6806a7e72fa', '9c4ace49-3623-4871-8532-f6447f152593', '2025-10-20 17:56:08.978462+03');
INSERT INTO public.login_logs VALUES ('5e88f881-d471-415d-ac02-10b78660b5f9', '9c4ace49-3623-4871-8532-f6447f152593', '2025-10-20 17:56:51.471017+03');
INSERT INTO public.login_logs VALUES ('85ced172-1cb5-4915-8cec-42a44c7a1cd9', '9c4ace49-3623-4871-8532-f6447f152593', '2025-10-20 17:56:57.318222+03');
INSERT INTO public.login_logs VALUES ('dc7e4113-4285-41c5-b516-6f33c4f747ef', '9c4ace49-3623-4871-8532-f6447f152593', '2025-10-20 17:57:03.725745+03');
INSERT INTO public.login_logs VALUES ('9b71d2af-e5ed-4891-8ec5-4ef4e7214803', '9c4ace49-3623-4871-8532-f6447f152593', '2025-10-20 17:57:05.34012+03');
INSERT INTO public.login_logs VALUES ('93419444-a578-4c76-af93-7e2931e07064', '9c4ace49-3623-4871-8532-f6447f152593', '2025-10-20 17:57:33.580139+03');
INSERT INTO public.login_logs VALUES ('b67fdec6-e1e6-461c-aa90-685a492b42ff', 'f6c6c289-8ab4-40fb-be72-b9a72c46f250', '2025-10-20 18:10:13.965215+03');
INSERT INTO public.login_logs VALUES ('34e3905f-8feb-41df-a722-09fe8d0729bc', '1e79d958-9e84-4d3a-b352-64cf8aa9d18f', '2025-10-20 19:51:08.989855+03');
INSERT INTO public.login_logs VALUES ('fb38092e-7998-423e-9b94-ab9c50337110', 'f6c6c289-8ab4-40fb-be72-b9a72c46f250', '2025-10-20 21:40:31.317547+03');
INSERT INTO public.login_logs VALUES ('eb3e16f0-c7ec-4f2e-b035-b8c1ea3566fe', '8de6ff31-e7f3-474a-a2e9-9602cddec1b6', '2025-10-20 22:47:44.282279+03');
INSERT INTO public.login_logs VALUES ('b61d1a2a-b71e-4705-8a0f-d346301dc299', '8de6ff31-e7f3-474a-a2e9-9602cddec1b6', '2025-10-20 22:48:33.383767+03');
INSERT INTO public.login_logs VALUES ('923b0c6f-b429-433b-bf23-95a8d4d4365e', 'efc297b8-def8-4bfb-8b26-a6fb2fde502e', '2025-10-20 23:12:29.895948+03');
INSERT INTO public.login_logs VALUES ('b7d05746-2246-4e92-a3b5-b26a0fa3159b', '8de6ff31-e7f3-474a-a2e9-9602cddec1b6', '2025-10-20 23:54:22.981297+03');
INSERT INTO public.login_logs VALUES ('72e1191a-f7d8-4c33-bdec-a251fe92c7ac', '96b2cdca-e45b-462e-805c-af417df065e0', '2025-10-21 11:39:06.223506+03');
INSERT INTO public.login_logs VALUES ('a188882a-829b-491f-98c4-cfc7a2d208bf', '96b2cdca-e45b-462e-805c-af417df065e0', '2025-10-21 11:39:07.407175+03');
INSERT INTO public.login_logs VALUES ('5a660200-c4a6-4515-ac0b-df85711947fb', '8de6ff31-e7f3-474a-a2e9-9602cddec1b6', '2025-10-21 11:50:42.539062+03');
INSERT INTO public.login_logs VALUES ('5391c535-e508-4d0b-a903-22f6d434922f', '3430ed10-b646-4d3e-be86-9583c7f8b62e', '2025-10-21 12:15:25.02769+03');
INSERT INTO public.login_logs VALUES ('46101695-8a99-461f-b9cc-d406c16290fb', '3430ed10-b646-4d3e-be86-9583c7f8b62e', '2025-10-21 12:15:25.89006+03');
INSERT INTO public.login_logs VALUES ('84da125c-3e1d-4cca-91fd-e88e4e070656', 'f6c6c289-8ab4-40fb-be72-b9a72c46f250', '2025-10-21 13:24:23.060252+03');
INSERT INTO public.login_logs VALUES ('0960cfee-2d06-4d0d-878c-f0cd25577c3d', 'f6c6c289-8ab4-40fb-be72-b9a72c46f250', '2025-10-21 13:24:24.31057+03');
INSERT INTO public.login_logs VALUES ('7d28c9c9-f9b2-4b62-bc37-a33f3c483c8c', '3430ed10-b646-4d3e-be86-9583c7f8b62e', '2025-10-21 14:52:47.973637+03');
INSERT INTO public.login_logs VALUES ('8ef23dda-68a4-441c-9bf7-aab641518f35', '8de6ff31-e7f3-474a-a2e9-9602cddec1b6', '2025-10-21 14:59:19.428522+03');
INSERT INTO public.login_logs VALUES ('916afeca-471f-42d0-b01b-29e6be33aee7', '3430ed10-b646-4d3e-be86-9583c7f8b62e', '2025-10-21 16:32:20.207382+03');
INSERT INTO public.login_logs VALUES ('aa001970-5115-480d-907b-25863807663f', '8de6ff31-e7f3-474a-a2e9-9602cddec1b6', '2025-10-21 16:39:44.551998+03');
INSERT INTO public.login_logs VALUES ('274a4019-5cc9-45b7-97d9-08776402e775', 'f6c6c289-8ab4-40fb-be72-b9a72c46f250', '2025-10-21 16:45:06.873391+03');
INSERT INTO public.login_logs VALUES ('7955ad5a-a813-425f-bb18-9cce8601a58e', 'f6c6c289-8ab4-40fb-be72-b9a72c46f250', '2025-10-21 16:45:07.753309+03');
INSERT INTO public.login_logs VALUES ('ce9822f8-c565-4f89-93ff-97f0201b88e4', 'f6c6c289-8ab4-40fb-be72-b9a72c46f250', '2025-10-21 16:52:49.587235+03');
INSERT INTO public.login_logs VALUES ('736d7958-ab4b-40a2-bb24-f5353655b42d', '8de6ff31-e7f3-474a-a2e9-9602cddec1b6', '2025-10-21 17:26:41.96783+03');
INSERT INTO public.login_logs VALUES ('e539530c-45ca-46ac-bc2f-27dc1179cebf', '8de6ff31-e7f3-474a-a2e9-9602cddec1b6', '2025-10-21 17:29:53.9276+03');
INSERT INTO public.login_logs VALUES ('30a0834c-8a86-4b62-b915-63cbc8292f3e', '96b2cdca-e45b-462e-805c-af417df065e0', '2025-10-21 17:33:21.040623+03');
INSERT INTO public.login_logs VALUES ('7301626c-fdc8-418b-a92b-dbad23d7330a', '8de6ff31-e7f3-474a-a2e9-9602cddec1b6', '2025-10-21 17:42:46.567837+03');
INSERT INTO public.login_logs VALUES ('be9599da-9109-410e-832c-b810d3d00bd1', 'f6c6c289-8ab4-40fb-be72-b9a72c46f250', '2025-10-21 17:59:05.026301+03');
INSERT INTO public.login_logs VALUES ('0f5986cf-0a2c-4270-93c6-5094db763369', 'f6c6c289-8ab4-40fb-be72-b9a72c46f250', '2025-10-21 18:11:07.149377+03');
INSERT INTO public.login_logs VALUES ('c9eaf215-4397-42c0-bb70-829d37185275', 'f6c6c289-8ab4-40fb-be72-b9a72c46f250', '2025-10-21 18:11:08.21421+03');
INSERT INTO public.login_logs VALUES ('16ea3561-6b04-42c8-83f3-82d22b6e8b71', 'f6c6c289-8ab4-40fb-be72-b9a72c46f250', '2025-10-21 20:13:03.153094+03');
INSERT INTO public.login_logs VALUES ('50b382e3-871c-4761-9888-a1b4b2a3c99a', 'f6c6c289-8ab4-40fb-be72-b9a72c46f250', '2025-10-21 20:13:04.045636+03');
INSERT INTO public.login_logs VALUES ('a2f84c9c-cef5-4548-8d13-bd822779aa1d', 'f6c6c289-8ab4-40fb-be72-b9a72c46f250', '2025-10-21 20:33:28.317375+03');
INSERT INTO public.login_logs VALUES ('bc4aaada-69bb-45f9-8753-5cc8a7eecc43', '9c4ace49-3623-4871-8532-f6447f152593', '2025-10-21 20:42:11.194458+03');
INSERT INTO public.login_logs VALUES ('85e2e137-8ba0-41cc-89a1-aad08f26cdaa', '8de6ff31-e7f3-474a-a2e9-9602cddec1b6', '2025-10-21 23:40:38.641379+03');
INSERT INTO public.login_logs VALUES ('0fda4ef7-fccd-4fea-9014-ae71fadd50c9', '9c4ace49-3623-4871-8532-f6447f152593', '2025-10-22 10:07:00.171965+03');
INSERT INTO public.login_logs VALUES ('106dc94b-5134-460f-9811-c35a2da58a7f', '3430ed10-b646-4d3e-be86-9583c7f8b62e', '2025-10-22 10:50:01.733398+03');
INSERT INTO public.login_logs VALUES ('708c1e60-c355-4eaa-abd9-98fbf7346365', '8de6ff31-e7f3-474a-a2e9-9602cddec1b6', '2025-10-22 11:07:39.014317+03');
INSERT INTO public.login_logs VALUES ('5c1fd3dc-8c5e-4aa8-8f26-8fbfb29abaa1', '1e79d958-9e84-4d3a-b352-64cf8aa9d18f', '2025-10-22 11:40:58.577804+03');
INSERT INTO public.login_logs VALUES ('df7a1b84-150b-477b-b43a-221d6ec496a9', 'f6c6c289-8ab4-40fb-be72-b9a72c46f250', '2025-10-22 12:06:02.779959+03');
INSERT INTO public.login_logs VALUES ('d656a060-d46a-4e0a-992b-71f60bc788f3', '8de6ff31-e7f3-474a-a2e9-9602cddec1b6', '2025-10-22 12:19:34.140134+03');
INSERT INTO public.login_logs VALUES ('9fce0e9e-b1a9-497a-a197-4a2248079ca8', 'f6c6c289-8ab4-40fb-be72-b9a72c46f250', '2025-10-22 13:07:56.051546+03');
INSERT INTO public.login_logs VALUES ('7ec7cbd8-d4c0-446a-889a-13981027f9eb', 'f6c6c289-8ab4-40fb-be72-b9a72c46f250', '2025-10-22 15:19:04.675482+03');
INSERT INTO public.login_logs VALUES ('d3c12cdd-4ffa-4bb1-ab2e-93b5dd729dd1', 'f6c6c289-8ab4-40fb-be72-b9a72c46f250', '2025-10-22 15:19:05.458213+03');
INSERT INTO public.login_logs VALUES ('95bec2e6-f3a3-4f9a-a90c-b22e5ca52e59', 'f6c6c289-8ab4-40fb-be72-b9a72c46f250', '2025-10-22 16:03:15.575533+03');
INSERT INTO public.login_logs VALUES ('09e5153e-a9fc-4911-a56e-31e88eea6bcc', '8de6ff31-e7f3-474a-a2e9-9602cddec1b6', '2025-10-22 16:57:33.253517+03');
INSERT INTO public.login_logs VALUES ('bfbda153-c80e-454a-a986-2d0056d611c1', 'f6c6c289-8ab4-40fb-be72-b9a72c46f250', '2025-10-22 17:53:16.998323+03');
INSERT INTO public.login_logs VALUES ('1c319829-5124-442e-ba8a-72bfafbaa2f6', 'f6c6c289-8ab4-40fb-be72-b9a72c46f250', '2025-10-22 17:53:17.66557+03');
INSERT INTO public.login_logs VALUES ('63595152-cd6c-4f65-86f1-694e4194ec87', 'f6c6c289-8ab4-40fb-be72-b9a72c46f250', '2025-10-22 17:59:11.934895+03');
INSERT INTO public.login_logs VALUES ('fb425f89-9ad8-45fc-b91f-d397191d454b', 'f6c6c289-8ab4-40fb-be72-b9a72c46f250', '2025-10-22 18:03:28.298304+03');
INSERT INTO public.login_logs VALUES ('bf6e6562-e8f1-4479-9025-5d6d8eb04de2', '8de6ff31-e7f3-474a-a2e9-9602cddec1b6', '2025-10-22 22:45:00.579904+03');
INSERT INTO public.login_logs VALUES ('6c178127-4ff9-4f67-a18f-bb6338b5a8bd', '8de6ff31-e7f3-474a-a2e9-9602cddec1b6', '2025-10-23 04:55:04.455579+03');
INSERT INTO public.login_logs VALUES ('f6de153b-6f00-4070-9555-9d7a853192ec', 'efc297b8-def8-4bfb-8b26-a6fb2fde502e', '2025-10-23 09:39:19.85609+03');
INSERT INTO public.login_logs VALUES ('e16852b8-a7ef-42fc-8d91-caba3da07072', '3430ed10-b646-4d3e-be86-9583c7f8b62e', '2025-10-23 09:48:26.217771+03');
INSERT INTO public.login_logs VALUES ('c62b9f58-1ec9-4579-a34b-705dfc1c975d', '9c4ace49-3623-4871-8532-f6447f152593', '2025-10-23 11:13:48.867696+03');
INSERT INTO public.login_logs VALUES ('b4cd5828-c795-4235-901c-ec1f7c508c21', '3430ed10-b646-4d3e-be86-9583c7f8b62e', '2025-10-23 11:23:50.21678+03');
INSERT INTO public.login_logs VALUES ('14bfb1f7-185f-4981-8c4f-38f1489944c1', '8de6ff31-e7f3-474a-a2e9-9602cddec1b6', '2025-10-23 12:17:21.65231+03');
INSERT INTO public.login_logs VALUES ('bea15ad2-bc70-46fb-ade8-970be680d17d', 'f6c6c289-8ab4-40fb-be72-b9a72c46f250', '2025-10-23 14:10:25.555935+03');
INSERT INTO public.login_logs VALUES ('61a44b1f-7317-4790-bbbd-22a1a3d5794d', 'f6c6c289-8ab4-40fb-be72-b9a72c46f250', '2025-10-23 15:01:15.667307+03');
INSERT INTO public.login_logs VALUES ('ec54fdd8-2d01-4023-9c88-d2b0d89857d3', 'f6c6c289-8ab4-40fb-be72-b9a72c46f250', '2025-10-23 15:01:16.69752+03');
INSERT INTO public.login_logs VALUES ('88d8cb13-806a-4184-9315-c2ef6fab151f', 'f6c6c289-8ab4-40fb-be72-b9a72c46f250', '2025-10-23 15:20:56.618644+03');
INSERT INTO public.login_logs VALUES ('f5deb9ce-7a2f-4b9f-87c1-da59c5c70500', '8de6ff31-e7f3-474a-a2e9-9602cddec1b6', '2025-10-23 15:57:56.863335+03');
INSERT INTO public.login_logs VALUES ('b5d58139-949b-4615-a322-357c75fa331a', '3430ed10-b646-4d3e-be86-9583c7f8b62e', '2025-10-23 16:28:25.937801+03');
INSERT INTO public.login_logs VALUES ('8f2903a3-0177-4e7e-90d3-f6e6f2f991ed', '3430ed10-b646-4d3e-be86-9583c7f8b62e', '2025-10-23 16:31:46.166299+03');
INSERT INTO public.login_logs VALUES ('1ffb7a36-8dac-40ae-a6d7-39c0ffc00e5d', 'f6c6c289-8ab4-40fb-be72-b9a72c46f250', '2025-10-23 17:49:27.650625+03');
INSERT INTO public.login_logs VALUES ('89985fa1-9b89-439f-b15e-d549e291f0c4', '8de6ff31-e7f3-474a-a2e9-9602cddec1b6', '2025-10-23 18:26:59.584545+03');
INSERT INTO public.login_logs VALUES ('0101e883-8552-460a-a092-f79e1f8d939f', '8de6ff31-e7f3-474a-a2e9-9602cddec1b6', '2025-10-23 20:09:03.509879+03');
INSERT INTO public.login_logs VALUES ('12b3e941-0bb0-4a01-9817-94efe7c7fcc8', 'f6c6c289-8ab4-40fb-be72-b9a72c46f250', '2025-10-23 21:22:05.412957+03');
INSERT INTO public.login_logs VALUES ('a118f627-ab2d-4bf5-8cbb-95bb7054a486', '8de6ff31-e7f3-474a-a2e9-9602cddec1b6', '2025-10-24 02:42:21.343866+03');
INSERT INTO public.login_logs VALUES ('0c066903-9693-41a3-9709-af255b067d3d', '9c4ace49-3623-4871-8532-f6447f152593', '2025-10-24 08:25:39.935186+03');
INSERT INTO public.login_logs VALUES ('2bf3bd98-418e-4490-8157-e9a1c1a2c3ed', '3430ed10-b646-4d3e-be86-9583c7f8b62e', '2025-10-24 10:25:09.804856+03');
INSERT INTO public.login_logs VALUES ('2995e488-8f73-4e8e-a3a3-6c59a77e4062', '8de6ff31-e7f3-474a-a2e9-9602cddec1b6', '2025-10-24 11:15:08.453375+03');
INSERT INTO public.login_logs VALUES ('44b2a3e5-4b4d-4e5b-a5c0-2aed28f13565', '8de6ff31-e7f3-474a-a2e9-9602cddec1b6', '2025-10-24 13:22:00.17086+03');
INSERT INTO public.login_logs VALUES ('1a9c3511-ec6d-4f12-8b47-976ce3b92b05', 'f6c6c289-8ab4-40fb-be72-b9a72c46f250', '2025-10-24 13:39:49.059904+03');
INSERT INTO public.login_logs VALUES ('b9ffddf1-b0a6-40f1-a32b-861160cf4f16', 'f6c6c289-8ab4-40fb-be72-b9a72c46f250', '2025-10-24 15:31:08.451847+03');
INSERT INTO public.login_logs VALUES ('ad73d92e-0da2-4745-bd8d-b6e8fc490fe8', 'f6c6c289-8ab4-40fb-be72-b9a72c46f250', '2025-10-24 15:31:09.288742+03');
INSERT INTO public.login_logs VALUES ('e168b658-065e-4fae-b4c8-540031a194de', '8de6ff31-e7f3-474a-a2e9-9602cddec1b6', '2025-10-24 15:42:21.080596+03');
INSERT INTO public.login_logs VALUES ('a62fc4f0-f3bb-4469-8dc4-c43cb12be770', 'f6c6c289-8ab4-40fb-be72-b9a72c46f250', '2025-10-24 16:14:27.390485+03');
INSERT INTO public.login_logs VALUES ('a85c2202-6f39-4f54-8ec0-984ec6884b39', 'f6c6c289-8ab4-40fb-be72-b9a72c46f250', '2025-10-24 16:14:28.528876+03');
INSERT INTO public.login_logs VALUES ('0c27c0a2-2243-4ece-ad24-0bcc7c16aaf5', '3430ed10-b646-4d3e-be86-9583c7f8b62e', '2025-10-24 17:50:32.602974+03');
INSERT INTO public.login_logs VALUES ('33c16135-e6ed-4d78-93e0-c92335272ef1', '8de6ff31-e7f3-474a-a2e9-9602cddec1b6', '2025-10-24 22:18:08.248865+03');
INSERT INTO public.login_logs VALUES ('b3946a9a-01bc-4cee-80ad-ff3719b83492', '8de6ff31-e7f3-474a-a2e9-9602cddec1b6', '2025-10-25 00:12:52.14987+03');
INSERT INTO public.login_logs VALUES ('58f0e6e0-0185-418c-8f1f-7ca17cb04a80', '3430ed10-b646-4d3e-be86-9583c7f8b62e', '2025-10-25 10:05:16.166473+03');
INSERT INTO public.login_logs VALUES ('1a279b2a-9e75-434b-820f-1feb4a0ddcf3', '8de6ff31-e7f3-474a-a2e9-9602cddec1b6', '2025-10-25 11:47:18.925181+03');
INSERT INTO public.login_logs VALUES ('10fac17e-3feb-43f6-b1c6-3d28f066cd41', '8de6ff31-e7f3-474a-a2e9-9602cddec1b6', '2025-10-25 12:53:39.827953+03');
INSERT INTO public.login_logs VALUES ('49c19a3f-2e4f-4b33-9ec6-6a581c0f94c3', 'f6c6c289-8ab4-40fb-be72-b9a72c46f250', '2025-10-25 13:17:30.180071+03');
INSERT INTO public.login_logs VALUES ('fe020f70-adcb-4a27-a2e6-03e7513f8950', 'f6c6c289-8ab4-40fb-be72-b9a72c46f250', '2025-10-25 13:17:31.289283+03');
INSERT INTO public.login_logs VALUES ('9d2b8ab0-0c51-449e-b9f2-72be7e5263f3', 'f6c6c289-8ab4-40fb-be72-b9a72c46f250', '2025-10-25 13:21:42.374717+03');
INSERT INTO public.login_logs VALUES ('c7595685-bb74-4379-b36f-ed8edc3ad932', '8de6ff31-e7f3-474a-a2e9-9602cddec1b6', '2025-10-25 13:30:54.405555+03');
INSERT INTO public.login_logs VALUES ('2985e03d-647c-4c92-8613-b4368bf72294', '3430ed10-b646-4d3e-be86-9583c7f8b62e', '2025-10-25 13:47:22.278513+03');
INSERT INTO public.login_logs VALUES ('b1cb40a8-174d-4b90-89cf-90f6d1b0baf5', 'f6c6c289-8ab4-40fb-be72-b9a72c46f250', '2025-10-25 14:41:39.104877+03');
INSERT INTO public.login_logs VALUES ('112d2abd-5d48-4653-8926-32a9f859b03e', 'f6c6c289-8ab4-40fb-be72-b9a72c46f250', '2025-10-25 14:41:40.186446+03');
INSERT INTO public.login_logs VALUES ('247f6077-165d-496c-9a5f-a3d91681b483', '8de6ff31-e7f3-474a-a2e9-9602cddec1b6', '2025-10-25 16:24:45.4096+03');
INSERT INTO public.login_logs VALUES ('0ab851f7-6b19-4719-a84d-0e656bdb2976', 'f6c6c289-8ab4-40fb-be72-b9a72c46f250', '2025-10-25 16:27:24.536542+03');
INSERT INTO public.login_logs VALUES ('827440bf-fd02-4455-bc89-8944130a9ed8', 'f6c6c289-8ab4-40fb-be72-b9a72c46f250', '2025-10-25 17:50:44.675417+03');
INSERT INTO public.login_logs VALUES ('51ebb7ae-728e-49c1-92e5-ab73b03465c1', 'f6c6c289-8ab4-40fb-be72-b9a72c46f250', '2025-10-25 17:55:29.672581+03');
INSERT INTO public.login_logs VALUES ('d7056a8b-fe19-47ed-b863-1d29eee21202', 'f6c6c289-8ab4-40fb-be72-b9a72c46f250', '2025-10-25 17:55:30.514774+03');
INSERT INTO public.login_logs VALUES ('d573008a-89c4-4c9e-99ae-9e5546fb09df', 'f6c6c289-8ab4-40fb-be72-b9a72c46f250', '2025-10-25 18:33:52.221135+03');
INSERT INTO public.login_logs VALUES ('6ff887d2-b216-42f6-af1d-f09ee7224b1b', 'f6c6c289-8ab4-40fb-be72-b9a72c46f250', '2025-10-25 18:33:53.339574+03');
INSERT INTO public.login_logs VALUES ('28c869fb-e5ba-4d2c-a8e6-85eb4a6a0eea', 'f6c6c289-8ab4-40fb-be72-b9a72c46f250', '2025-10-25 18:49:27.08567+03');
INSERT INTO public.login_logs VALUES ('9b727567-0128-475c-afee-a7aca4f1b2be', 'f6c6c289-8ab4-40fb-be72-b9a72c46f250', '2025-10-25 18:52:35.987547+03');
INSERT INTO public.login_logs VALUES ('3d9e669a-7ed5-40f9-ad2c-8d35fb4ec8cd', 'f6c6c289-8ab4-40fb-be72-b9a72c46f250', '2025-10-25 19:40:38.173652+03');
INSERT INTO public.login_logs VALUES ('a70790e9-00a2-48b4-a5c1-8a005c4aecb6', 'f6c6c289-8ab4-40fb-be72-b9a72c46f250', '2025-10-25 19:40:38.851796+03');
INSERT INTO public.login_logs VALUES ('11186553-d697-4552-9dc1-f140e474a1d0', 'f6c6c289-8ab4-40fb-be72-b9a72c46f250', '2025-10-25 20:36:26.724707+03');
INSERT INTO public.login_logs VALUES ('d6738765-86b6-492b-b712-bc1e5cb76fed', 'f6c6c289-8ab4-40fb-be72-b9a72c46f250', '2025-10-25 20:36:27.744317+03');
INSERT INTO public.login_logs VALUES ('0a0c322e-5795-4fca-888a-ce79f363bbc0', 'f6c6c289-8ab4-40fb-be72-b9a72c46f250', '2025-10-25 21:06:31.248951+03');
INSERT INTO public.login_logs VALUES ('e6aa7d74-61b8-4750-946a-14c6a774a49c', 'f6c6c289-8ab4-40fb-be72-b9a72c46f250', '2025-10-25 21:40:52.89005+03');
INSERT INTO public.login_logs VALUES ('a2d95a62-ce63-4424-86db-73d3d41bdfbf', 'f6c6c289-8ab4-40fb-be72-b9a72c46f250', '2025-10-25 21:40:53.714332+03');
INSERT INTO public.login_logs VALUES ('edae75bd-b4b6-4c1d-b619-daca7731cdea', 'f6c6c289-8ab4-40fb-be72-b9a72c46f250', '2025-10-26 00:00:40.752449+03');
INSERT INTO public.login_logs VALUES ('f1c3bfc8-2656-4dbf-805a-9f031a1c4682', '8de6ff31-e7f3-474a-a2e9-9602cddec1b6', '2025-10-26 02:38:30.206402+03');
INSERT INTO public.login_logs VALUES ('008040e0-58ec-4100-a1ce-736b5eb675fe', '8de6ff31-e7f3-474a-a2e9-9602cddec1b6', '2025-10-26 11:10:24.718146+03');
INSERT INTO public.login_logs VALUES ('7f067dbf-575a-4732-a994-27464ec43dc9', '8de6ff31-e7f3-474a-a2e9-9602cddec1b6', '2025-10-26 11:22:39.368298+03');
INSERT INTO public.login_logs VALUES ('e84a3e91-4923-40ae-8acd-5362d8dfd7bb', '8de6ff31-e7f3-474a-a2e9-9602cddec1b6', '2025-10-26 12:37:11.814396+03');
INSERT INTO public.login_logs VALUES ('971e56f1-683f-4c53-9318-0d77000fb71d', '8de6ff31-e7f3-474a-a2e9-9602cddec1b6', '2025-10-26 13:07:58.03834+03');
INSERT INTO public.login_logs VALUES ('1220f25f-b280-4988-beb0-8e371ae02553', 'f6c6c289-8ab4-40fb-be72-b9a72c46f250', '2025-10-26 13:34:51.772762+03');
INSERT INTO public.login_logs VALUES ('39d637cd-a4ba-4111-8fe0-17424643b031', 'f6c6c289-8ab4-40fb-be72-b9a72c46f250', '2025-10-26 13:34:52.44467+03');
INSERT INTO public.login_logs VALUES ('a61b4de2-3654-4783-8887-a53b728c7a0f', 'f6c6c289-8ab4-40fb-be72-b9a72c46f250', '2025-10-26 13:40:37.572378+03');
INSERT INTO public.login_logs VALUES ('4938252f-46e0-44f9-ade3-8fd05d58a1d3', 'f6c6c289-8ab4-40fb-be72-b9a72c46f250', '2025-10-26 13:40:38.400204+03');
INSERT INTO public.login_logs VALUES ('eabc4089-6406-4954-821d-831fd650961a', '8de6ff31-e7f3-474a-a2e9-9602cddec1b6', '2025-10-26 15:39:57.240656+03');
INSERT INTO public.login_logs VALUES ('19067562-540c-4bc9-8ad0-ccee7c44c9ec', '9c4ace49-3623-4871-8532-f6447f152593', '2025-10-26 15:45:24.975319+03');
INSERT INTO public.login_logs VALUES ('2a21a6bc-c5be-4f5a-ac7f-9fb2dc0f674e', '9c4ace49-3623-4871-8532-f6447f152593', '2025-10-26 15:45:26.624871+03');
INSERT INTO public.login_logs VALUES ('8014f231-5558-49be-bba7-b8bd295070b1', '8de6ff31-e7f3-474a-a2e9-9602cddec1b6', '2025-10-26 16:38:20.867024+03');
INSERT INTO public.login_logs VALUES ('8c4dacd6-bdc0-4ee9-ab4a-85bfaa5acd5e', '8de6ff31-e7f3-474a-a2e9-9602cddec1b6', '2025-10-26 18:00:00.904422+03');
INSERT INTO public.login_logs VALUES ('891b5046-285f-4d91-a918-2666ea648663', 'f6c6c289-8ab4-40fb-be72-b9a72c46f250', '2025-10-26 18:35:39.882678+03');
INSERT INTO public.login_logs VALUES ('3c096b86-0050-475b-9e22-234bdd5f8adf', 'f6c6c289-8ab4-40fb-be72-b9a72c46f250', '2025-10-26 18:35:40.63657+03');
INSERT INTO public.login_logs VALUES ('6064d10a-4fb9-447d-87b7-f3da441786bc', '8de6ff31-e7f3-474a-a2e9-9602cddec1b6', '2025-10-26 20:57:37.479539+03');
INSERT INTO public.login_logs VALUES ('5d3daecc-1ff8-4e75-b5ae-f41418071682', 'f6c6c289-8ab4-40fb-be72-b9a72c46f250', '2025-10-26 21:28:57.424931+03');
INSERT INTO public.login_logs VALUES ('ee77732f-1838-4921-9aee-f8d94c64c4af', 'f6c6c289-8ab4-40fb-be72-b9a72c46f250', '2025-10-26 22:46:37.073397+03');
INSERT INTO public.login_logs VALUES ('e2d6315a-b55b-4628-84fe-c1e68bcac947', 'f6c6c289-8ab4-40fb-be72-b9a72c46f250', '2025-10-26 22:49:29.055122+03');
INSERT INTO public.login_logs VALUES ('9d32cc08-6622-4dbc-aba2-63a9d2fb94e7', '8de6ff31-e7f3-474a-a2e9-9602cddec1b6', '2025-10-26 22:50:52.993173+03');
INSERT INTO public.login_logs VALUES ('813799ca-07f3-44ab-8e26-75710599aeaf', '9c4ace49-3623-4871-8532-f6447f152593', '2025-10-27 10:22:25.203212+03');
INSERT INTO public.login_logs VALUES ('8c75e38a-0d26-4be4-bebc-78761bfb58ba', '3430ed10-b646-4d3e-be86-9583c7f8b62e', '2025-10-27 10:33:49.514622+03');
INSERT INTO public.login_logs VALUES ('d546ee44-7e0d-469d-9df7-f54c6d9298b8', '3430ed10-b646-4d3e-be86-9583c7f8b62e', '2025-10-27 12:19:38.154768+03');
INSERT INTO public.login_logs VALUES ('7d3d14e3-2ce0-47ab-aca7-75f07c4a7dd3', '1e79d958-9e84-4d3a-b352-64cf8aa9d18f', '2025-10-27 13:52:01.042724+03');
INSERT INTO public.login_logs VALUES ('ccc8ba97-bc2b-47df-9831-1589c2b8dd50', 'f6c6c289-8ab4-40fb-be72-b9a72c46f250', '2025-10-27 14:47:52.282419+03');
INSERT INTO public.login_logs VALUES ('71a7bef6-d550-4553-96c3-496f4cc0d4f5', '3430ed10-b646-4d3e-be86-9583c7f8b62e', '2025-10-27 15:07:21.61224+03');
INSERT INTO public.login_logs VALUES ('9e8fd141-2790-4dd6-8c0b-d2c307fa4024', 'f6c6c289-8ab4-40fb-be72-b9a72c46f250', '2025-10-27 15:10:54.146355+03');
INSERT INTO public.login_logs VALUES ('725df1a2-e410-4d5b-bc55-6aa5b4e41d2c', '8de6ff31-e7f3-474a-a2e9-9602cddec1b6', '2025-10-27 15:43:26.374373+03');
INSERT INTO public.login_logs VALUES ('f09f68b9-0f59-47b9-9b11-556826e39d25', 'f6c6c289-8ab4-40fb-be72-b9a72c46f250', '2025-10-27 15:44:18.806273+03');
INSERT INTO public.login_logs VALUES ('1fc0f6aa-8999-4138-b90a-fe6e0d431fb0', 'f6c6c289-8ab4-40fb-be72-b9a72c46f250', '2025-10-27 17:05:45.339989+03');
INSERT INTO public.login_logs VALUES ('27031735-bbd6-4556-b614-6f48bcc4721a', 'f6c6c289-8ab4-40fb-be72-b9a72c46f250', '2025-10-27 17:55:00.62093+03');
INSERT INTO public.login_logs VALUES ('4f2567ba-b26e-4cc5-8c7e-b4531d2932c7', 'f6c6c289-8ab4-40fb-be72-b9a72c46f250', '2025-10-27 21:28:22.038908+03');
INSERT INTO public.login_logs VALUES ('1bbe5348-1a32-4371-bc7b-89a196ebd60c', '8de6ff31-e7f3-474a-a2e9-9602cddec1b6', '2025-10-27 23:17:56.566251+03');
INSERT INTO public.login_logs VALUES ('bc03515d-2eed-437f-a19e-5abe3377b2bc', '8de6ff31-e7f3-474a-a2e9-9602cddec1b6', '2025-10-28 01:04:19.767179+03');
INSERT INTO public.login_logs VALUES ('0a01d12c-88fe-47f1-b124-5aa39fa3f61f', '8de6ff31-e7f3-474a-a2e9-9602cddec1b6', '2025-10-28 03:19:21.186297+03');
INSERT INTO public.login_logs VALUES ('6c236ecc-bac8-421b-8c17-7a90f267e1ff', 'f6c6c289-8ab4-40fb-be72-b9a72c46f250', '2025-10-28 13:56:36.847319+03');
INSERT INTO public.login_logs VALUES ('4d67b416-1c5d-4205-bb78-9b7078057818', 'f6c6c289-8ab4-40fb-be72-b9a72c46f250', '2025-10-28 14:26:19.57254+03');
INSERT INTO public.login_logs VALUES ('a467c29e-92d5-4eab-b1b8-0a436f1cded5', '8de6ff31-e7f3-474a-a2e9-9602cddec1b6', '2025-10-28 15:49:28.559798+03');
INSERT INTO public.login_logs VALUES ('4e04340f-2183-4ecb-9b54-1af0d83b7ecb', '9c4ace49-3623-4871-8532-f6447f152593', '2025-10-28 15:54:59.747927+03');
INSERT INTO public.login_logs VALUES ('d02c68fe-b7e0-42a0-aa73-72c957e9f3be', 'f6c6c289-8ab4-40fb-be72-b9a72c46f250', '2025-10-28 15:58:10.328221+03');
INSERT INTO public.login_logs VALUES ('fb99d10a-37a7-4963-a73b-2539a262c711', 'efc297b8-def8-4bfb-8b26-a6fb2fde502e', '2025-10-28 15:59:30.41407+03');
INSERT INTO public.login_logs VALUES ('463716af-48cf-4e61-b559-8191ff30026a', 'f6c6c289-8ab4-40fb-be72-b9a72c46f250', '2025-10-28 16:22:33.6897+03');
INSERT INTO public.login_logs VALUES ('d407b883-c3c5-4252-b610-0b61552bff7a', 'f6c6c289-8ab4-40fb-be72-b9a72c46f250', '2025-10-28 16:54:41.670551+03');
INSERT INTO public.login_logs VALUES ('95a2cd0b-9fc8-4eda-96d7-4308ffac2505', 'f6c6c289-8ab4-40fb-be72-b9a72c46f250', '2025-10-28 16:54:42.360419+03');
INSERT INTO public.login_logs VALUES ('ad7c5b48-f3bd-4477-a445-eecf2bcc9807', '8de6ff31-e7f3-474a-a2e9-9602cddec1b6', '2025-10-28 17:33:50.242969+03');
INSERT INTO public.login_logs VALUES ('2624450b-bd0d-4fef-91c5-6c38798bb15e', 'f6c6c289-8ab4-40fb-be72-b9a72c46f250', '2025-10-28 17:56:58.366123+03');
INSERT INTO public.login_logs VALUES ('d82e0a4b-d174-4f4e-9708-a3574c1c6c1a', 'f6c6c289-8ab4-40fb-be72-b9a72c46f250', '2025-10-28 17:56:59.566014+03');
INSERT INTO public.login_logs VALUES ('446ad327-ed9c-4bfb-9f49-a2601dba8ad5', '8de6ff31-e7f3-474a-a2e9-9602cddec1b6', '2025-10-28 17:57:55.613088+03');
INSERT INTO public.login_logs VALUES ('ffac6be7-4ce0-43e0-b599-b1524575981b', '8de6ff31-e7f3-474a-a2e9-9602cddec1b6', '2025-10-28 21:51:02.196059+03');
INSERT INTO public.login_logs VALUES ('cb562072-2bd1-4d15-94bb-41aaaae257d3', '8de6ff31-e7f3-474a-a2e9-9602cddec1b6', '2025-10-29 00:37:33.88695+03');
INSERT INTO public.login_logs VALUES ('8a99ce11-21be-40bb-9262-d383a93b321e', '8de6ff31-e7f3-474a-a2e9-9602cddec1b6', '2025-10-29 00:55:47.351548+03');
INSERT INTO public.login_logs VALUES ('6c39f464-5321-4444-9f2a-9af9ae4150ac', '8de6ff31-e7f3-474a-a2e9-9602cddec1b6', '2025-10-29 02:50:11.291522+03');
INSERT INTO public.login_logs VALUES ('68576c39-9ea3-4598-bf13-1a0ac3598fe1', '9c4ace49-3623-4871-8532-f6447f152593', '2025-10-29 10:08:45.758706+03');
INSERT INTO public.login_logs VALUES ('c08c1c23-d1ca-4038-a0f6-349dde54afbc', '8de6ff31-e7f3-474a-a2e9-9602cddec1b6', '2025-10-29 17:47:15.707684+03');
INSERT INTO public.login_logs VALUES ('919e924a-b0b0-4998-92f2-292ee2554c2b', '8de6ff31-e7f3-474a-a2e9-9602cddec1b6', '2025-10-29 18:45:45.030223+03');
INSERT INTO public.login_logs VALUES ('3736c7a0-06e1-458a-8824-d9e4a5f6729c', 'efc297b8-def8-4bfb-8b26-a6fb2fde502e', '2025-10-29 19:59:47.747886+03');
INSERT INTO public.login_logs VALUES ('0ea6b9d2-03e8-44a0-ab51-738db3cb71b7', '8de6ff31-e7f3-474a-a2e9-9602cddec1b6', '2025-10-29 21:19:12.219199+03');
INSERT INTO public.login_logs VALUES ('34fd9607-5d54-4645-b1d2-ab5f3e24a4aa', '8de6ff31-e7f3-474a-a2e9-9602cddec1b6', '2025-10-30 02:42:47.502858+03');
INSERT INTO public.login_logs VALUES ('20ea7087-827d-41a9-8b90-84fab2e6238b', 'efc297b8-def8-4bfb-8b26-a6fb2fde502e', '2025-10-30 08:48:17.82908+03');
INSERT INTO public.login_logs VALUES ('108e8b1b-4166-4c64-9dae-52e4d58a7534', '9c4ace49-3623-4871-8532-f6447f152593', '2025-10-30 11:49:56.094402+03');
INSERT INTO public.login_logs VALUES ('24a88e25-fdfd-4825-ab78-d25f5a1643a0', '8de6ff31-e7f3-474a-a2e9-9602cddec1b6', '2025-10-30 11:55:20.101124+03');
INSERT INTO public.login_logs VALUES ('4775b30f-2fb5-4a78-a283-0e021fcc9190', '8de6ff31-e7f3-474a-a2e9-9602cddec1b6', '2025-10-30 12:32:43.32824+03');
INSERT INTO public.login_logs VALUES ('b624e4ee-268a-404c-b33c-ac556c30ffbb', '8de6ff31-e7f3-474a-a2e9-9602cddec1b6', '2025-10-30 14:03:24.816193+03');
INSERT INTO public.login_logs VALUES ('b4250fca-4263-402c-a567-472753b18893', 'f6c6c289-8ab4-40fb-be72-b9a72c46f250', '2025-10-30 14:05:29.736028+03');
INSERT INTO public.login_logs VALUES ('c6605157-0f27-4127-8843-9a50fee75b29', 'f6c6c289-8ab4-40fb-be72-b9a72c46f250', '2025-10-30 14:05:30.470432+03');
INSERT INTO public.login_logs VALUES ('c8eb71e8-ec78-4be4-89b9-a5f9e92b0cf0', 'f6c6c289-8ab4-40fb-be72-b9a72c46f250', '2025-10-30 14:09:44.670198+03');
INSERT INTO public.login_logs VALUES ('d206172e-e4c6-4eae-84d0-77eda8b8f12c', 'f6c6c289-8ab4-40fb-be72-b9a72c46f250', '2025-10-30 14:09:45.658336+03');
INSERT INTO public.login_logs VALUES ('03761d9c-db11-46a6-80a2-e464941cf84b', 'f6c6c289-8ab4-40fb-be72-b9a72c46f250', '2025-10-30 14:12:20.353816+03');
INSERT INTO public.login_logs VALUES ('788784c0-7259-4c13-8972-853d6725977c', '3430ed10-b646-4d3e-be86-9583c7f8b62e', '2025-10-30 15:05:29.750769+03');
INSERT INTO public.login_logs VALUES ('82c1b78a-8e64-4ee9-afda-4b9b6d1dc2b2', 'f6c6c289-8ab4-40fb-be72-b9a72c46f250', '2025-10-30 15:18:45.185942+03');
INSERT INTO public.login_logs VALUES ('0fc91396-38d9-4e41-9e32-15b1e89daae6', 'f6c6c289-8ab4-40fb-be72-b9a72c46f250', '2025-10-30 17:46:34.709651+03');
INSERT INTO public.login_logs VALUES ('77e2c34a-b83e-4c3a-99ea-fc881a71af36', '1e79d958-9e84-4d3a-b352-64cf8aa9d18f', '2025-10-30 20:07:59.517017+03');
INSERT INTO public.login_logs VALUES ('140b5348-5de5-4eee-8d31-4f6fca29ce78', '8de6ff31-e7f3-474a-a2e9-9602cddec1b6', '2025-10-30 22:07:31.289058+03');
INSERT INTO public.login_logs VALUES ('08f82006-cd40-4c48-9ed9-84014009e299', '8de6ff31-e7f3-474a-a2e9-9602cddec1b6', '2025-10-30 23:00:12.446467+03');
INSERT INTO public.login_logs VALUES ('65e4e370-6f85-4882-adc9-0ddf31d530a6', '8de6ff31-e7f3-474a-a2e9-9602cddec1b6', '2025-10-31 00:47:20.521796+03');
INSERT INTO public.login_logs VALUES ('4db72ead-5f6d-4190-b395-a1cd69e934d2', '8de6ff31-e7f3-474a-a2e9-9602cddec1b6', '2025-10-31 01:33:58.234315+03');
INSERT INTO public.login_logs VALUES ('c016b9f6-cb13-4e37-b52a-be88fd1b6b84', '8de6ff31-e7f3-474a-a2e9-9602cddec1b6', '2025-10-31 02:21:32.322443+03');
INSERT INTO public.login_logs VALUES ('fcdf2945-5e3e-4d39-b5f2-a6056b5ecf34', '3430ed10-b646-4d3e-be86-9583c7f8b62e', '2025-10-31 10:54:58.091829+03');
INSERT INTO public.login_logs VALUES ('2cf7768d-92db-42c0-99dd-43419783fba2', '8de6ff31-e7f3-474a-a2e9-9602cddec1b6', '2025-10-31 12:10:15.881005+03');
INSERT INTO public.login_logs VALUES ('44e8fbce-c3a7-4217-af09-5234055d38ff', '8de6ff31-e7f3-474a-a2e9-9602cddec1b6', '2025-10-31 14:14:30.291252+03');
INSERT INTO public.login_logs VALUES ('7d2cccbd-bdd7-4a89-aa7e-9edbf2a2d28b', '8de6ff31-e7f3-474a-a2e9-9602cddec1b6', '2025-10-31 15:30:50.248619+03');
INSERT INTO public.login_logs VALUES ('744d7352-7bac-48b3-8972-9128bd5974dc', '3430ed10-b646-4d3e-be86-9583c7f8b62e', '2025-10-31 16:35:16.557689+03');
INSERT INTO public.login_logs VALUES ('01cfd605-a4c5-4cc4-b85b-4816d87134e0', '8de6ff31-e7f3-474a-a2e9-9602cddec1b6', '2025-10-31 17:09:34.848433+03');
INSERT INTO public.login_logs VALUES ('006256e0-594e-4002-be41-ca40102cf406', '3430ed10-b646-4d3e-be86-9583c7f8b62e', '2025-10-31 17:50:29.242698+03');
INSERT INTO public.login_logs VALUES ('c0b8d306-43aa-4aba-a9bf-d63ff25de86b', 'f6c6c289-8ab4-40fb-be72-b9a72c46f250', '2025-10-31 19:04:21.274687+03');
INSERT INTO public.login_logs VALUES ('cb6414fa-4982-4d5c-a5e7-76ac17accaaa', '8de6ff31-e7f3-474a-a2e9-9602cddec1b6', '2025-11-01 00:12:46.038218+03');


--
-- Data for Name: medicines; Type: TABLE DATA; Schema: public; Owner: -
--

INSERT INTO public.medicines VALUES ('62b8df03-b1c4-46c6-ad78-253047ddff32', 'cb7d0977-f750-4f9a-b3f8-f9f29ca57d45', '10 tane  sağlık kabinde ', '180699285255', 'Parol 10 mg/ml IV', 'C62', 0.000000, 10.000000, 0, 58.000000);
INSERT INTO public.medicines VALUES ('35c2af82-495a-4307-81f1-23ceebc8715d', 'ba051b32-7eba-4151-802e-75af9d6bea92', '1 tane kabindedir', '330329897926', 'Bemix B1 B2 B6 Niasinamid D-pantenol', 'C62', 0.000000, 0.000000, 0, 26.000000);
INSERT INTO public.medicines VALUES ('592d6f75-3527-47dc-8bf6-6f4527d93322', '60299ba4-e291-4b09-a315-e7101f837dfd', '09002', '257272146027', '  500 mL İzotonik Sodyum Klorür %0.9', 'C62', 0.000000, 0.000000, 0, 26.000000);
INSERT INTO public.medicines VALUES ('1fa9a470-ec7a-4148-b4ae-225ba81da4a0', NULL, 'GI001', '684630274463', 'GIDA İN TOLERANS Lİ TEST ', 'C62', 0.000000, 0.000000, 0, 68.000000);
INSERT INTO public.medicines VALUES ('f5ce94b3-b8ee-489d-822d-e1dc60dfb460', '7c372729-2819-4ff2-b39b-a0d08aa6a5b4', 'Cİ001', '078864282596', 'CİPRO 500 MG TABLET  14 ADET ', 'C62', 800.000000, 0.000000, 0, 2.000000);
INSERT INTO public.medicines VALUES ('e0a401f1-76c3-418e-86f5-79c66bede210', '7c372729-2819-4ff2-b39b-a0d08aa6a5b4', 'Cİ002', '256604950536', 'CİPRO 750 MG 14 ADET 1 KUTU ', 'C62', 0.000000, 0.000000, 0, 1.000000);
INSERT INTO public.medicines VALUES ('41981cf9-4211-41ef-b492-2afe3e357dd4', 'd5740c89-f8a1-4309-864b-304b65770d1e', 'Vİ001', '423885551564', 'VİSİNE 0,5', 'C62', 0.000000, 0.000000, 0, 2.000000);
INSERT INTO public.medicines VALUES ('256d3e33-b5af-4356-96e2-21494ec828db', 'ba051b32-7eba-4151-802e-75af9d6bea92', '2 adet kabın', '213362515159', 'TAD 600 GLUTAYON ', 'C62', 0.000000, 2880.000000, 0, 13.000000);
INSERT INTO public.medicines VALUES ('f20189ac-7e62-4f01-bc64-7accce0c1e10', 'c6a110a2-dd10-4b0a-b673-e949dd6cf20f', '10 adet sağlık kabiini', '995792800549', 'Arveles 50 mg/2 ml IM/IV', 'C62', 0.000000, 0.000000, 0, 37.000000);
INSERT INTO public.medicines VALUES ('3c9fc139-8377-44d6-bb7a-aeae913f776b', '4e033ddb-9309-45d4-9952-9464a891b54b', 'PR003', '903598910951', 'PREPAGEL %1 +%5 JEL ', 'C62', 0.000000, 0.000000, 0, 1.000000);
INSERT INTO public.medicines VALUES ('c74123a7-a3fd-4459-b58e-92344cd8f05d', 'cb7d0977-f750-4f9a-b3f8-f9f29ca57d45', 'PA003', '097706371399', 'PAROL TABLET 500 MG ', 'C62', 0.000000, 0.000000, 0, 2.000000);
INSERT INTO public.medicines VALUES ('b2e99522-4a68-406f-832d-1c0cbb34f1e8', 'f7ec8644-06ac-486d-8f0b-ed33287cd5c7', 'Sİ001', '341874573014', 'SİLİKON SONDA 16 NUMARA ', 'C62', 0.000000, 0.000000, 0, 18.000000);
INSERT INTO public.medicines VALUES ('571cd63e-d468-4525-b1e6-f6dda888044b', 'ba051b32-7eba-4151-802e-75af9d6bea92', 'EV001', '313451723469', 'Evigen 300 mg / 2 mL IM', 'C62', 0.000000, 0.000000, 0, 9.000000);
INSERT INTO public.medicines VALUES ('400bd0d6-e396-42bb-8731-b4f77fa22bcc', 'ae92f824-c553-4611-8ee9-2f567bcafd41', 'AS002', '425286955755', 'Aspirasyon sondası ', 'C62', 0.000000, 0.000000, 0, 0.000000);
INSERT INTO public.medicines VALUES ('1eb37abc-9201-46f7-8a87-a13dc6b769d3', '5aefe0bf-8151-4fdf-ad33-ea08b7309565', 'PR004', '349485646148', 'PROGESTAN 50 MG /1 mL  İM ', 'C62', 0.000000, 0.000000, 0, 2.000000);
INSERT INTO public.medicines VALUES ('0a18978d-1c43-422c-b06c-71b88aa149e5', 'd5740c89-f8a1-4309-864b-304b65770d1e', 'NO006', '239031164273', 'NOVAQUA%1,4+%0,6', 'C62', 0.000000, 0.000000, 0, 90.000000);
INSERT INTO public.medicines VALUES ('b7bbafee-eb26-4e83-8d33-250e191401e2', 'f7ec8644-06ac-486d-8f0b-ed33287cd5c7', 'İD001', '272344376870', 'İdrar Sonda Torbası ', 'C62', 0.000000, 0.000000, 0, 65.000000);
INSERT INTO public.medicines VALUES ('4e0af439-f915-488c-ac23-8e743b982e6f', '903eca7f-3813-4423-a345-9e47143ac2c0', 'ON001', '218180168101', 'ONADRON SİMPLE %0,1 DEKSAMMETAZON 21-FOSFAT ', 'C62', 0.000000, 0.000000, 0, 1.000000);
INSERT INTO public.medicines VALUES ('5062b40e-af6a-4059-989e-146e24c4afc4', 'e7415b26-b6f9-4071-aecc-5366c13c7e6a', '5 tane kabinde ', '587473419395', 'Zofer 4 mg/2 ml IM/IV', 'C62', 0.000000, 0.000000, 0, 76.000000);
INSERT INTO public.medicines VALUES ('ce496153-79b0-46f2-8861-7d70759e1204', 'ba051b32-7eba-4151-802e-75af9d6bea92', 'DO001', '188633071260', 'Dodex 1000 mcg/ml IM B12 Vitamini', 'C62', 0.000000, 0.000000, 0, 6.000000);
INSERT INTO public.medicines VALUES ('716fee51-34e0-4201-80fb-6f6179aa87eb', '53351f09-d424-4f39-8d10-247fe36199cb', 'GL002', '817448590192', 'GLUCAGEN HYPOKİT 1mL', 'C62', 0.000000, 0.000000, 0, 1.000000);
INSERT INTO public.medicines VALUES ('0f7e893f-565a-4ecd-8fd3-220ced912f90', 'c6a110a2-dd10-4b0a-b673-e949dd6cf20f', '10 tane kabindedir', '118831029689', 'Dikloron 75 mg/3 ml IM', 'C62', 0.000000, 0.000000, 0, 43.000000);
INSERT INTO public.medicines VALUES ('a4ff6657-2b29-4b13-becf-1cb40011ea6a', 'b24fbb85-fe9b-43d5-b047-f4ee976ff36d', 'TE002', '505710361328', 'TETAVAX 0,5 mL     IM / SC ', 'C62', 0.000000, 0.000000, 0, 1.000000);
INSERT INTO public.medicines VALUES ('ba774a8a-9e71-446f-ade6-ebe2f5f72ee6', '4e033ddb-9309-45d4-9952-9464a891b54b', '1 adet kabn', '326646996361', 'FUROCİN%0,2 MERHEM ', 'C62', 0.000000, 0.000000, 0, 3.000000);
INSERT INTO public.medicines VALUES ('165eafcd-e45c-4627-8c8d-8c09101e8afe', 'f7ec8644-06ac-486d-8f0b-ed33287cd5c7', 'Sİ006', '620111540067', 'SİLİKON SONDA 22  NUMARA ', 'C62', 0.000000, 0.000000, 0, 19.000000);
INSERT INTO public.medicines VALUES ('a502c4f4-978b-4eec-bfb6-397fa883b95b', 'd25c7a09-13bb-4583-87c2-1571bec8ae2d', 'Zİ001', '578862952002', 'ZİNK İNJEKT /ÇİNKO AMPUL', 'C62', 0.000000, 0.000000, 0, 9.000000);
INSERT INTO public.medicines VALUES ('550ce409-2a9c-4227-ab0e-f170464e7819', '2080b751-0d86-4095-a893-8c9b3933e881', 'PE001', '795129114705', 'PERLİNGANİT ', 'C62', 0.000000, 0.000000, 0, 30.000000);
INSERT INTO public.medicines VALUES ('77fe5c97-cae5-450b-9cc5-2c88708b4f80', 'f7ec8644-06ac-486d-8f0b-ed33287cd5c7', 'Sİ004', '602265039631', 'SİLİKON SONDA 14 NUMARA ', 'C62', 0.000000, 0.000000, 0, 6.000000);
INSERT INTO public.medicines VALUES ('5b29f4cf-3fad-43bd-8d0a-7fe931d0c6b2', 'd25c7a09-13bb-4583-87c2-1571bec8ae2d', 'SE004', '412256429792', 'SEROTANİN AMPUL', 'C62', 0.000000, 0.000000, 0, 5.000000);
INSERT INTO public.medicines VALUES ('7b5dabee-81df-44c9-8b67-62b415b90eef', '0d69db45-5520-4d35-aec0-15bdddef284e', 'JE001', '941409857849', 'JETOKAİN 20 MG AMPUL EPİNEFRİN BAZ ', 'C62', 0.000000, 0.000000, 0, 20.000000);
INSERT INTO public.medicines VALUES ('2ff1b59d-1a75-47b8-9d48-92d1e286b6c1', '0d69db45-5520-4d35-aec0-15bdddef284e', 'JE002', '694639456790', 'JETOKAİN  SİMPLEX', 'C62', 0.000000, 0.000000, 0, 30.000000);
INSERT INTO public.medicines VALUES ('22486db7-8e56-410b-a334-85398569600f', '1973ab17-d979-41a6-be12-4308b9cae367', 'NO007', '466371270697', 'NovoRapid FLEXEN PEN 100U/mL ENJEKSİYONLU ÇÖZELTİ ', 'C62', 0.000000, 0.000000, 0, 3.000000);
INSERT INTO public.medicines VALUES ('12bb6fcc-f113-4d33-a5d8-b402705af8cd', 'd8543501-4a6d-4e85-8c70-82eacd331737', 'VE003', '456611126562', 'VENTOLİN 2,5 MG/ 2,5 mL', 'C62', 0.000000, 0.000000, 0, 3.000000);
INSERT INTO public.medicines VALUES ('24d69612-ca72-4e21-96f0-d3d23c6342d1', '3d6d3554-0113-40c2-914f-55b872618f8e', 'NA001', '641961287299', 'NAZAL KANÜL YETİŞKİN', 'C62', 0.000000, 0.000000, 0, 22.000000);
INSERT INTO public.medicines VALUES ('00185f05-64c5-4787-8c2a-e13cb026a6fb', 'd8543501-4a6d-4e85-8c70-82eacd331737', 'CO001', '692951383469', 'CORTAİR 0.5 MG/mL', 'C62', 0.000000, 0.000000, 0, 16.000000);
INSERT INTO public.medicines VALUES ('cce12ef5-4dea-408b-8202-ddd1ae7a5f37', '4e033ddb-9309-45d4-9952-9464a891b54b', 'MA002', '754516798356', 'MADECASSOL %1 MERHEM', 'C62', 0.000000, 0.000000, 0, 4.000000);
INSERT INTO public.medicines VALUES ('1ac912a6-d17c-4af3-a24f-19b96ba8869b', 'f7ec8644-06ac-486d-8f0b-ed33287cd5c7', 'KA002', '818009776123', 'KAUÇUK SONDA 18 NUMARA ', 'C62', 0.000000, 0.000000, 0, 4.000000);
INSERT INTO public.medicines VALUES ('04f96eea-b6dc-4ff1-9270-2bbc66812bb9', '4e033ddb-9309-45d4-9952-9464a891b54b', 'TR001', '956376017932', 'TRAVAZOL % 1', 'C62', 0.000000, 0.000000, 0, 3.000000);
INSERT INTO public.medicines VALUES ('0edc1d98-9ba6-4c9e-bf30-0b54ce0eee8a', '4e033ddb-9309-45d4-9952-9464a891b54b', '1 adet kabinddir', '664533369402', 'ANESTOL %5', 'C62', 0.000000, 0.000000, 0, 1.000000);
INSERT INTO public.medicines VALUES ('700565e8-9b5d-4150-ac54-5061f1ea3d10', '3d6d3554-0113-40c2-914f-55b872618f8e', 'NE001', '144558543328', 'NEBÜL MASKE HAZNELİ ', 'C62', 0.000000, 0.000000, 0, 23.000000);
INSERT INTO public.medicines VALUES ('e1c27ca3-7753-460b-98be-b6cccecb6bb2', 'f49d881a-0fab-43ac-bbbc-b282a0266119', 'DA001', '713409750788', 'Damla ayar seti ', 'C62', 0.000000, 0.000000, 0, 4.000000);
INSERT INTO public.medicines VALUES ('31a2af7b-de5f-4cd2-8d82-2421f0d1f1b1', '6cfe854d-71cc-41ed-99d0-efc8fcaefa7e', 'NG001', '797409845805', 'NG SONDA BEYAZ', 'C62', 0.000000, 0.000000, 0, 3.000000);
INSERT INTO public.medicines VALUES ('49e25f27-f1e2-4e5e-a111-33b0ce9266c8', 'd9b0decb-4796-4a0c-bace-f74b9acb8d0d', 'PC001', '077627324294', 'PCR TESTİ', 'C62', 0.000000, 150.000000, 0, 10.000000);
INSERT INTO public.medicines VALUES ('4c75c384-a4c7-4edf-aee1-b0ec255d04f6', 'ba051b32-7eba-4151-802e-75af9d6bea92', 'Nİ001', '788268786722', 'NİSİ-L ALFA LİPOİK ASİT', 'C62', 2000.000000, 0.000000, 0, 9.000000);
INSERT INTO public.medicines VALUES ('8611a70b-099a-41e3-a527-518af41d75cd', '3d6d3554-0113-40c2-914f-55b872618f8e', 'OK001', '771117571389', 'OKSİJEN MASKESİ HAZNESİZ', 'C62', 0.000000, 0.000000, 0, 22.000000);
INSERT INTO public.medicines VALUES ('e895cba7-a08e-48eb-956c-cf6ef0622fc8', 'f49d881a-0fab-43ac-bbbc-b282a0266119', 'ST001', '899334838916', 'STERİL ELDİVEN 7.5 NUMARA ', 'C62', 0.000000, 0.000000, 0, 22.000000);
INSERT INTO public.medicines VALUES ('f1635182-6aec-41a8-a030-a41dad5615ce', 'dfb8f720-8ae2-4ea2-9cd9-f33c12387198', 'VA001', '036145038539', 'VASPARİN/ HEPARİN ', 'C62', 0.000000, 0.000000, 0, 1.000000);
INSERT INTO public.medicines VALUES ('ea1f9a87-e781-4b49-8845-9e56505919a9', '752220de-42ca-45d4-8964-63f089698975', 'FE001', '730034653651', 'Fervion 100 mg/2 ml IM', 'C62', 0.000000, 0.000000, 0, 0.000000);
INSERT INTO public.medicines VALUES ('1b1bf63b-5bce-4fba-ac37-c1bb2fa8fa2d', '752220de-42ca-45d4-8964-63f089698975', 'VE001', '725237060528', 'Venofer 100 mg/5 ml IV', 'C62', 0.000000, 0.000000, 0, 0.000000);
INSERT INTO public.medicines VALUES ('cfff9769-1648-4a70-baf9-b083eafbf654', 'de2c611d-41c7-43e6-a224-ce1cfa92e078', '4 tane kabinde ', '355420987638', 'Muscoril 4 mg/2 ml IM', 'C62', 0.000000, 0.000000, 0, 27.000000);
INSERT INTO public.medicines VALUES ('abb27388-59f6-4021-8259-90eaadbc6f53', '7c372729-2819-4ff2-b39b-a0d08aa6a5b4', 'RI001', '784933633839', 'Rif 250 mg IM', 'C62', 0.000000, 0.000000, 0, 0.000000);
INSERT INTO public.medicines VALUES ('cf5811d7-6ecd-45f9-830f-64efc7e9c596', 'd0bcabae-6488-4695-9a41-f5838092f92a', '9tane kabinde ', '642019607434', 'Buscopan 20 mg/ml IM/IV', 'C62', 0.000000, 0.000000, 0, 41.000000);
INSERT INTO public.medicines VALUES ('dff5a359-ebe5-439c-8481-c9ba3e356ad9', '20955b08-fd8c-4166-849a-46bcd18f4ae5', '5 kabinde ', '056614802997', 'Lasix 20 mg/2 mL IM/IV', 'C62', 0.000000, 0.000000, 0, 15.000000);
INSERT INTO public.medicines VALUES ('f447e828-8b68-44d3-afcd-9d29da25472b', '60299ba4-e291-4b09-a315-e7101f837dfd', 'PO001', '051878911719', 'POLGYL % 0.5 100 mL IV Perfüzyon Çözeltisi', 'C62', 0.000000, 0.000000, 0, 36.000000);
INSERT INTO public.medicines VALUES ('ece3ad00-6a01-443a-824f-854b23c7311f', '60299ba4-e291-4b09-a315-e7101f837dfd', 'İZ001', '912946336910', 'İzolen Dengeli 500mL', 'C62', 0.000000, 0.000000, 0, 0.000000);
INSERT INTO public.medicines VALUES ('f7ce2aec-e5fa-4398-a17b-5f1c1c134ee6', '7c372729-2819-4ff2-b39b-a0d08aa6a5b4', 'AK001', '657009174828', 'Aksef 750 mg IM/IV', 'C62', 0.000000, 0.000000, 0, 0.000000);
INSERT INTO public.medicines VALUES ('9f79085b-26b2-41a2-a219-936fbc7fd225', 'c24ae95e-f972-4c8d-abd5-fce573eff42b', 'AN001', '349681439008', ' SARI Anjiokat', 'C62', 0.000000, 0.000000, 0, 79.000000);
INSERT INTO public.medicines VALUES ('6e243c01-f1c4-49a8-997f-a89ca4a0f0eb', '7c372729-2819-4ff2-b39b-a0d08aa6a5b4', 'SE002', '137745193793', 'Sefazol 500mg IM', 'C62', 0.000000, 0.000000, 0, 0.000000);
INSERT INTO public.medicines VALUES ('d292ec00-b094-468d-ac9c-1592b628f837', '7c372729-2819-4ff2-b39b-a0d08aa6a5b4', 'NO001', '225538440446', 'Novosef 1g/3.5 mL IV', 'C62', 0.000000, 0.000000, 0, 24.000000);
INSERT INTO public.medicines VALUES ('b28c1647-0841-4016-b146-d933ce208b15', NULL, 'Fİ002', '683056382296', 'fizyoterapist', 'C62', 0.000000, 7500.000000, 0, 1.000000);
INSERT INTO public.medicines VALUES ('f8054f9d-b944-498e-9211-b8459f0d750a', '75c14e3d-2799-4e6a-b3ef-4f5d6628db8c', 'GL001', '390028097223', 'Glutatyon Tek Seans', 'C62', 600.000000, 0.000000, 0, -1.000000);
INSERT INTO public.medicines VALUES ('6e0944b3-4e88-4941-9f70-a2a61d38cc6d', 'c76370be-8392-4c3b-bccb-3e7df2fa0529', '3 adet kabınde ', '240760293403', 'Nootropil 1g/5 ml IV', 'C62', 0.000000, 0.000000, 0, 35.000000);
INSERT INTO public.medicines VALUES ('1c5b4a52-6629-4074-acf2-9189397e6f2a', '7c372729-2819-4ff2-b39b-a0d08aa6a5b4', 'NO002', '153131213506', 'Novosef 1g/3.5 mL IM', 'C62', 0.000000, 0.000000, 0, 4.000000);
INSERT INTO public.medicines VALUES ('fd3210d0-a5b5-4ff2-b32b-abaa41cde1f9', '60299ba4-e291-4b09-a315-e7101f837dfd', '9 ADET KABİNDE ', '660103986082', '100 mL İzotonik  Sodyum   %0.9', 'C62', 0.000000, 0.000000, 0, 275.000000);
INSERT INTO public.medicines VALUES ('38985ae7-3858-47c6-8c0b-b9490873c4cd', '60299ba4-e291-4b09-a315-e7101f837dfd', '10002', '835130029522', '%10 Dekstroz IV Solüsyon 1000 mL', 'C62', 0.000000, 0.000000, 0, 0.000000);
INSERT INTO public.medicines VALUES ('6ab4883a-e8b2-417f-aa3e-1bfa8d0e50a4', '68570769-2140-41e0-85ff-54afbef78278', '2 tane kabindedir', '077648284430', 'Dramamine 50 mg/ml IV', 'C62', 0.000000, 0.000000, 0, 12.000000);
INSERT INTO public.medicines VALUES ('47a6e79e-102e-484d-9c1c-03c8e6ce4224', 'ba051b32-7eba-4151-802e-75af9d6bea92', 'VE002', '857100796537', 'Venavit İ.M./İ.V.', 'C62', 0.000000, 0.000000, 0, 0.000000);
INSERT INTO public.medicines VALUES ('7bf6a9cf-cc4a-40d6-8d65-e600f86df3b7', 'c24ae95e-f972-4c8d-abd5-fce573eff42b', 'SE003', '463556859645', 'Serum Seti', 'C62', 0.000000, 10.000000, 0, -360.000000);
INSERT INTO public.medicines VALUES ('67791bcd-6bc4-4416-8203-f22f6c900684', '2e2881fa-c2d9-4c92-aff5-2bf619b9562a', 'PR002', '053300820422', 'Prednol-L 20mg IM/IV', 'C62', 0.000000, 0.000000, 0, 9.000000);
INSERT INTO public.medicines VALUES ('c8b26eba-f27f-4148-88b7-852a9b474c1b', 'f7ec8644-06ac-486d-8f0b-ed33287cd5c7', 'Sİ003', '881149492845', 'SİLİKON SONDA 24 NUMARA ', 'C62', 0.000000, 0.000000, 0, 0.000000);
INSERT INTO public.medicines VALUES ('8360dda1-7d57-463e-9741-643ec38843a0', 'd25c7a09-13bb-4583-87c2-1571bec8ae2d', 'MA001', '124624509693', 'Magnezyum Sülfat 1500 mg/10 ml IV', 'C62', 0.000000, 0.000000, 0, 10.000000);
INSERT INTO public.medicines VALUES ('a92d3654-ab01-4610-ad60-be9444104362', 'ba051b32-7eba-4151-802e-75af9d6bea92', 'TO001', '526029136614', 'Todavit İM/İV', 'C62', 0.000000, 0.000000, 0, 4.000000);
INSERT INTO public.medicines VALUES ('06afa308-8d78-4afd-9b73-2c8968d16878', 'ba051b32-7eba-4151-802e-75af9d6bea92', 'AC001', '602621028553', 'Acmel 500 mg/5 mL IM/IV C Vitamini', 'C62', 0.000000, 0.000000, 0, 6.000000);
INSERT INTO public.medicines VALUES ('59fde62a-8280-422f-923a-9c09b188b782', 'ba051b32-7eba-4151-802e-75af9d6bea92', 'PA002', '586092080960', 'Pascorbin', 'C62', 2200.000000, 1400.000000, 0, 2.000000);
INSERT INTO public.medicines VALUES ('8843a492-3ca7-4652-aa46-839e45876578', '60299ba4-e291-4b09-a315-e7101f837dfd', '10001', '935317303303', '%10 Dekstroz IV Solüsyon 500 mL', 'C62', 0.000000, 0.000000, 0, 4.000000);
INSERT INTO public.medicines VALUES ('424ed404-b179-40da-992a-242e5d828706', 'ba051b32-7eba-4151-802e-75af9d6bea92', 'DE003', '151889055400', 'Devit-3 300.000 I.U/mL IM/ORAL D Vitamini', 'C62', 0.000000, 0.000000, 0, 1.000000);
INSERT INTO public.medicines VALUES ('36ed4284-86e1-4e0d-84e5-8cab60af8b3d', 'd25c7a09-13bb-4583-87c2-1571bec8ae2d', 'KA001', '128273596026', 'Kalinor 2.17 g/2 g/2.057g Oral', 'C62', 0.000000, 0.000000, 0, 0.000000);
INSERT INTO public.medicines VALUES ('8bf6f433-f3fd-4cc1-95d3-afde6543fe40', '7c372729-2819-4ff2-b39b-a0d08aa6a5b4', 'SU001', '799646095651', 'Sulcid 1 g / 0.5 g IM', 'C62', 0.000000, 0.000000, 0, 9.000000);
INSERT INTO public.medicines VALUES ('0bbac9db-bb0a-49e0-8eb5-befddfdd0efc', 'd8a07b65-9bad-49c1-b070-ace29a93fe43', 'AT001', '444800776264', 'Atropin Sülfat 1 mg/ml IM/IV/SC', 'C62', 0.000000, 0.000000, 0, 15.000000);
INSERT INTO public.medicines VALUES ('0bab55f7-dcff-469d-ab99-ad49babb3560', '4aa191e1-54b1-4a7d-89bd-4b97c0f4886e', 'NO005', '499489404048', 'Norodol 10 mg / 2 mg IM/IV', 'C62', 0.000000, 0.000000, 0, 5.000000);
INSERT INTO public.medicines VALUES ('d7a90070-ae8f-4eeb-9e26-a3e939a78594', '60299ba4-e291-4b09-a315-e7101f837dfd', '10003', '332988995090', '%5 Desktroz %0.45 Sodyum Klorür 500 mL', 'C62', 0.000000, 0.000000, 0, 1.000000);
INSERT INTO public.medicines VALUES ('9b6018f0-0f40-4746-86f0-2bb113b63396', 'c6a110a2-dd10-4b0a-b673-e949dd6cf20f', '2 tane kabinde ', '253879423201', 'Novalgin 1g/2 ml IM/IV', 'C62', 0.000000, 0.000000, 0, 19.000000);
INSERT INTO public.medicines VALUES ('957a9f4e-cb77-45e8-9176-31393db5672e', 'd25c7a09-13bb-4583-87c2-1571bec8ae2d', 'CA001', '506156483523', 'Calcium Picken %10 IV', 'C62', 0.000000, 0.000000, 0, 8.000000);
INSERT INTO public.medicines VALUES ('11db78e7-28ae-4d93-90ce-0ceca3156e57', '60299ba4-e291-4b09-a315-e7101f837dfd', '20001', '085275010282', '%20 Mannitol 100 mL', 'C62', 0.000000, 0.000000, 0, 3.000000);
INSERT INTO public.medicines VALUES ('10b2e0b7-f15a-4c23-82d8-37194687a2db', '60299ba4-e291-4b09-a315-e7101f837dfd', '10004', '341478267110', '%5 Dekstroz IV Solüsyon 500 mL', 'C62', 0.000000, 0.000000, 0, 6.000000);
INSERT INTO public.medicines VALUES ('08cfbeb3-1ec6-430d-a543-7a113edc632f', 'f7ec8644-06ac-486d-8f0b-ed33287cd5c7', 'Sİ005', '672432719615', 'SİLİKON SONDA  20 NUMARA ', 'C62', 0.000000, 0.000000, 0, 16.000000);
INSERT INTO public.medicines VALUES ('aa65c6a1-097c-45b4-8946-cdae381f210b', '7c372729-2819-4ff2-b39b-a0d08aa6a5b4', 'DE001', '641298120290', 'Desefin 1g I.M.', 'C62', 0.000000, 0.000000, 0, -3.000000);
INSERT INTO public.medicines VALUES ('e9d4d238-12c1-4e52-a371-8f08deec0369', '60299ba4-e291-4b09-a315-e7101f837dfd', 'RI002', '293061758749', 'Ringer Laktat 1000 mL', 'C62', 0.000000, 0.000000, 0, 3.000000);
INSERT INTO public.medicines VALUES ('8675c1ea-6e32-4c6b-8f16-e4deeb2c81c4', 'c6a110a2-dd10-4b0a-b673-e949dd6cf20f', 'DI001', '191499542427', 'Diprospan 5 mg + 2 mg/1 ml IM', 'C62', 0.000000, 0.000000, 0, 4.000000);
INSERT INTO public.medicines VALUES ('35f1fdbd-3fa0-47f2-bdb3-72a059823cca', '752220de-42ca-45d4-8964-63f089698975', 'İN001', '459497163897', 'İnferject 500 mg/10 ml IV', 'C62', 5000.000000, 0.000000, 0, 0.000000);
INSERT INTO public.medicines VALUES ('5d99db39-ee1d-49d8-a4aa-439666690d4e', 'd8a07b65-9bad-49c1-b070-ace29a93fe43', '2 tane kabinde dir', '529437564446', 'Adrenalin Osel 1 mg/1 mL IM/IV/SC', 'C62', 0.000000, 0.000000, 0, 19.000000);
INSERT INTO public.medicines VALUES ('967b9ea0-6b0b-468f-8e71-692963d8b852', '60299ba4-e291-4b09-a315-e7101f837dfd', 'TE001', '695323665100', 'Teosel 200 mg/100 ml IV İnfüfyonluk Çözelti', 'C62', 0.000000, 0.000000, 0, 8.000000);
INSERT INTO public.medicines VALUES ('956efa9f-b441-4686-8891-a95ccc28a9da', 'f7ec8644-06ac-486d-8f0b-ed33287cd5c7', 'Sİ002', '427103452746', 'SİLİKON SONDA 18 NUMARA ', 'C62', 0.000000, 0.000000, 0, 4.000000);
INSERT INTO public.medicines VALUES ('9e900c13-1ff7-407b-b1f6-3ab2a91f0766', '60299ba4-e291-4b09-a315-e7101f837dfd', '13001', '769289441757', '1/3  İzomiks 250 mL', 'C62', 0.000000, 0.000000, 0, 2.000000);
INSERT INTO public.medicines VALUES ('e8268b13-b378-42b4-9d54-c69d506f9221', '68570769-2140-41e0-85ff-54afbef78278', '5 tane kabindedir', '084887726695', 'Metpamid 10 mg/2 ml IM/IV', 'C62', 0.000000, 0.000000, 0, 18.000000);
INSERT INTO public.medicines VALUES ('d4db479e-9602-4955-a202-c4e4b0ec5aa0', NULL, 'EL001', '103459324281', 'eliqus ', 'C62', 0.000000, 800.000000, 0, 8.000000);
INSERT INTO public.medicines VALUES ('aa47cc7b-57e6-4c11-94f6-4331893f94c6', '7c372729-2819-4ff2-b39b-a0d08aa6a5b4', 'SE001', '533943995800', 'Sefazol 1000 mg IM/IV', 'C62', 0.000000, 0.000000, 0, -1.000000);
INSERT INTO public.medicines VALUES ('ad38fb23-7e9e-4ddc-96a6-0cdf0a73d67a', '60299ba4-e291-4b09-a315-e7101f837dfd', '5 001', '674732476952', '%5 Dekstroz IV Solüsyon 1000 mL', 'C62', 0.000000, 0.000000, 0, 6.000000);
INSERT INTO public.medicines VALUES ('06250f8d-9a5c-45fd-88ab-33a34db91728', '3d6d3554-0113-40c2-914f-55b872618f8e', 'SA002', '060121221560', 'SARGI BEZİ 10*1,5', 'C62', 0.000000, 0.000000, 0, 50.000000);
INSERT INTO public.medicines VALUES ('c3a16408-0ca1-4d5e-8324-f90cdeb2059a', NULL, 'DO002', '634456006812', 'doktor muane eko ', 'C62', 0.000000, 10000.000000, 0, 1.000000);
INSERT INTO public.medicines VALUES ('52634090-8cb4-4a56-846b-04b4176b3e34', NULL, 'Dİ001', '263998397792', 'diognoCheck', 'C62', 0.000000, 80.000000, 0, 25.000000);
INSERT INTO public.medicines VALUES ('43781d3d-594a-4700-bcc3-557c2124aaa6', NULL, 'ME002', '870425703538', 'medikal malzeme', 'C62', 0.000000, 5000.000000, 0, 1.000000);
INSERT INTO public.medicines VALUES ('4367a830-cc7c-4297-a8c8-449083f6f94e', NULL, 'RÖ001', '554943033091', 'röntgen hizmeti miralis işletme ', 'C62', 0.000000, 3500.000000, 0, 1.000000);
INSERT INTO public.medicines VALUES ('54d66f43-5a8b-40bc-9c6f-4edc25690d47', '0d69db45-5520-4d35-aec0-15bdddef284e', 'CI001', '365585222333', 'CİTANEST', 'C62', 0.000000, 0.000000, 0, 4.000000);
INSERT INTO public.medicines VALUES ('85192bc7-bd9c-461a-a0e1-13003aa1160f', NULL, 'PA004', '159220694614', 'Parmak tendon dikilmesi parmak kırık tel takılması alçı yapılması dikiş atılması ', 'C62', 0.000000, 35000.000000, 0, 1.000000);
INSERT INTO public.medicines VALUES ('e3bd5aa8-8bbb-4354-9d0e-fdfad1cacd38', NULL, 'DO004', '591869322388', 'Doktor hizmeti', 'C62', 0.000000, 2250.000000, 0, 2.000000);
INSERT INTO public.medicines VALUES ('b3101826-5e45-4578-9266-90791bf3e9ee', '3d6d3554-0113-40c2-914f-55b872618f8e', 'SU002', '371043141425', 'SU GEÇİRMEZ BANT 9CM *30 CM', 'C62', 0.000000, 0.000000, 0, 1.000000);
INSERT INTO public.medicines VALUES ('0e947a47-299b-49bd-a848-76291b7fe8d2', '60299ba4-e291-4b09-a315-e7101f837dfd', '1010005', '182300099764', '1000 mL İzotonik sodyum', 'C62', 0.000000, 0.000000, 0, 2.000000);
INSERT INTO public.medicines VALUES ('6f497ef0-e40e-4f32-8ccf-c591441a8dcd', '3d6d3554-0113-40c2-914f-55b872618f8e', 'ŞE001', '529559536076', 'ŞEFAFTIBBI  FLASTER 10*10', 'C62', 0.000000, 0.000000, 0, 1.000000);
INSERT INTO public.medicines VALUES ('6c4d1f7b-109e-403f-9381-b4a6fa5d3034', '3d6d3554-0113-40c2-914f-55b872618f8e', 'KABİN DOWTOWN', '215557580856', 'SPANÇ 5 Lİ ', 'C62', 0.000000, 0.000000, 0, 13.000000);
INSERT INTO public.medicines VALUES ('4f8dad3b-f8fb-4c3a-80ad-58c105e41eee', NULL, 'FA001', '758159143784', 'FATMA SEMA TERCAN TOMAGRAFİ', 'C62', 0.000000, 9312.500000, 0, 1.000000);
INSERT INTO public.medicines VALUES ('0293dc80-c95d-4d54-9231-fa450a31b4d0', NULL, 'OZ001', '959638442759', 'OZON SEANS', 'C62', 0.000000, 1500.000000, 0, 1.000000);
INSERT INTO public.medicines VALUES ('ce1dd0fe-9f14-455e-9d4c-e4856c88d72e', NULL, 'MA003', '205783951435', 'MASA BAYRAK', 'C62', 0.000000, 254.000000, 20, 2.000000);
INSERT INTO public.medicines VALUES ('07a45e0a-3722-4291-80cf-f1d35bfc6e7a', NULL, 'FA002', '437747310425', 'FATİH YILMAZ PSK HİZMETİ', 'C62', 0.000000, 2000.000000, 0, 5.000000);
INSERT INTO public.medicines VALUES ('f28d06de-f4a2-4595-ac42-f37da50b5052', '60299ba4-e291-4b09-a315-e7101f837dfd', '1313002', '740764954213', '1/3 polideks 500 mL', 'C62', 0.000000, 0.000000, 0, 9.000000);
INSERT INTO public.medicines VALUES ('c0278741-0921-458b-bdbe-96cb55f033c7', '3d6d3554-0113-40c2-914f-55b872618f8e', 'PA005', '923289592054', 'pamuklu ped spanç 10*15 ', 'C62', 0.000000, 0.000000, 0, 29.000000);
INSERT INTO public.medicines VALUES ('3067e2f8-638e-4e9c-b377-3e1804b35fc8', '3d6d3554-0113-40c2-914f-55b872618f8e', 'EL004', '692523554379', 'ELASTİK SARGI BEZİ 6CM*4M', 'C62', 0.000000, 0.000000, 0, 14.000000);
INSERT INTO public.medicines VALUES ('a9e0a93e-8db3-46a9-bb73-d31fb96b8016', NULL, 'DO003', '896102821433', 'doktor muane ', 'C62', 0.000000, 2500.000000, 0, 1.000000);
INSERT INTO public.medicines VALUES ('eb6e0e5a-ff46-4af8-910b-6b0654b3235c', '3d6d3554-0113-40c2-914f-55b872618f8e', 'EL005', '705324112366', 'ELASTİK SARGI BEZİ 10*4', 'C62', 0.000000, 0.000000, 0, 12.000000);
INSERT INTO public.medicines VALUES ('2fef6be3-7d56-4458-b49f-8aa804f1d9a5', '3d6d3554-0113-40c2-914f-55b872618f8e', 'EL006', '285198405971', 'ELASTİK SARGI BEZİ 15 CM *2 CM ', 'C62', 0.000000, 0.000000, 0, 1.000000);
INSERT INTO public.medicines VALUES ('d4bf1c71-0120-45c6-aee1-e1a8fed195d1', '3d6d3554-0113-40c2-914f-55b872618f8e', 'EL007', '358128917235', 'ELASTİK BANDAJ ', 'C62', 0.000000, 0.000000, 0, 7.000000);
INSERT INTO public.medicines VALUES ('3b80d8ac-882d-4951-9668-80c44904100a', NULL, 'Tİ001', '005121419175', 'Tibbi laboratuvar ', 'C62', 0.000000, 25000.000000, 0, 1.000000);
INSERT INTO public.medicines VALUES ('d632a3f4-0f09-4e7d-8c2d-adbd6c93a6f9', 'f49d881a-0fab-43ac-bbbc-b282a0266119', '33 ADET SAĞLIK KABİNİNDE ', '245475186542', 'SİYAH İĞNE UÇLU ', 'C62', 0.000000, 0.000000, 0, 97.000000);
INSERT INTO public.medicines VALUES ('321731e8-ff22-49e3-8dbd-8b631641cdec', '3d6d3554-0113-40c2-914f-55b872618f8e', 'EN001', '507124204869', 'ENJEKTÖR 60 CC ', 'C62', 0.000000, 0.000000, 0, 1.000000);
INSERT INTO public.medicines VALUES ('4dd5b286-cda6-41a1-be77-ad5bb850dcd5', '3d6d3554-0113-40c2-914f-55b872618f8e', 'SAĞKIK KABİNDE 3 ADET', '778397313019', 'STERİL ELDİVEN NO:8', 'C62', 0.000000, 0.000000, 0, 3.000000);
INSERT INTO public.medicines VALUES ('2a006c93-6517-4392-8474-e3b3ef76d126', '60299ba4-e291-4b09-a315-e7101f837dfd', '	5001', '560126797986', '	%5 Desktroz %0.45 Sodyum Klorür 1000 mL', 'C62', 0.000000, 0.000000, 0, 4.000000);
INSERT INTO public.medicines VALUES ('63b07dc2-93c6-467a-bef9-a1036b148790', '3d6d3554-0113-40c2-914f-55b872618f8e', 'MO001', '946588418021', 'MOR ANJİOKET', 'C62', 0.000000, 0.000000, 0, 17.000000);
INSERT INTO public.medicines VALUES ('1996321b-c795-4237-92af-5661efab992a', NULL, 'EL003', '243210330707', 'EL AYAK BAKIM', 'C62', 0.000000, 1500.000000, 0, 1.000000);
INSERT INTO public.medicines VALUES ('ca61ff61-d5e8-4171-8fd4-17b00b859ebc', '3d6d3554-0113-40c2-914f-55b872618f8e', 'MA004', '841270654012', 'MAVİ ANJİOKET', 'C62', 0.000000, 0.000000, 0, 200.000000);
INSERT INTO public.medicines VALUES ('197cda9b-da7d-4978-aaec-9a9f4fa15687', NULL, 'EL002', '699874942498', 'el röntgen', 'C62', 0.000000, 2500.000000, 0, 1.000000);
INSERT INTO public.medicines VALUES ('a9a2cc24-5cd1-415f-becf-f1b84c141573', NULL, 'AG001', '576942410127', 'Agustos eylül ayı tıbbı görüntülemeler', 'C62', 0.000000, 24000.000000, 0, 1.000000);
INSERT INTO public.medicines VALUES ('5f8f31bd-a7a3-40f8-ad1a-f036b3ede62e', NULL, 'Fİ001', '883021232687', 'Fizik tedavi', 'C62', 0.000000, 1625.000000, 0, 4.000000);
INSERT INTO public.medicines VALUES ('e336299e-bd53-4053-ab1e-c3731368846d', 'f49d881a-0fab-43ac-bbbc-b282a0266119', 'SA001', '148795486476', 'SARI İĞNE UCU', 'C62', 0.000000, 0.000000, 0, 3.000000);
INSERT INTO public.medicines VALUES ('381d924c-6a56-4190-8a16-bf0822090505', 'f49d881a-0fab-43ac-bbbc-b282a0266119', 'FL001', '163672488044', 'FLASTER 10*10', 'C62', 0.000000, 0.000000, 0, 9.000000);
INSERT INTO public.medicines VALUES ('9fa66e3f-a9ce-45d4-870f-4395e0fd84fb', '3d6d3554-0113-40c2-914f-55b872618f8e', 'PE002', '673249669182', 'PEMPE ANJİOKET', 'C62', 0.000000, 0.000000, 0, 27.000000);
INSERT INTO public.medicines VALUES ('db5c6deb-572a-4e9e-a41b-16e39969c871', '3d6d3554-0113-40c2-914f-55b872618f8e', 'YE002', '430973810431', 'YEŞİL ANJİOKET', 'C62', 0.000000, 0.000000, 0, 19.000000);
INSERT INTO public.medicines VALUES ('4bb83893-8573-4327-b49c-874b11dc7e7d', '3d6d3554-0113-40c2-914f-55b872618f8e', 'GR001', '069881800782', 'GRİ ANJİOKET', 'C62', 0.000000, 0.000000, 0, 27.000000);
INSERT INTO public.medicines VALUES ('8d226f9b-c797-4ac7-a5a7-4e8b2a4f7f34', '3d6d3554-0113-40c2-914f-55b872618f8e', 'ÇA001', '766559036605', 'ÇAM UÇLU ENJEKTÖR 60 CC', 'C62', 0.000000, 0.000000, 0, 14.000000);
INSERT INTO public.medicines VALUES ('014651b0-7181-4c75-a71d-355722edd87b', '3d6d3554-0113-40c2-914f-55b872618f8e', 'SAĞLIK KABİNİNDE 100 ÇİFT ', '990786554451', 'PUDRASIZ NİTRİL ELDİVEN S BEDEN ', 'C62', 0.000000, 0.000000, 0, 100.000000);
INSERT INTO public.medicines VALUES ('975ae8ce-a2db-46d0-8119-87dabe275638', 'f49d881a-0fab-43ac-bbbc-b282a0266119', '1 ADET SAĞLIK KABİNDE ', '292173130498', 'SOĞUTUCU SPREY ', 'C62', 0.000000, 0.000000, 0, 3.000000);
INSERT INTO public.medicines VALUES ('d3ef8cc7-e34a-4759-a5c1-eb79bb67131a', 'f49d881a-0fab-43ac-bbbc-b282a0266119', 'EN002', '621457948568', 'ENJEKTÖR 5 CC ', 'C62', 0.000000, 0.000000, 0, 250.000000);
INSERT INTO public.medicines VALUES ('70fd7252-dd46-41eb-8ece-8b5a22180381', 'f49d881a-0fab-43ac-bbbc-b282a0266119', 'EN003', '937322258303', 'ENJEKTÖR 10 CC ', 'C62', 0.000000, 0.000000, 0, 225.000000);
INSERT INTO public.medicines VALUES ('1489bfe5-e8b5-45c6-b97e-ad5429f30a93', '3d6d3554-0113-40c2-914f-55b872618f8e', 'YE001', '437279312707', 'YEŞİL İĞNE UCU ', 'C62', 0.000000, 0.000000, 0, 2.000000);
INSERT INTO public.medicines VALUES ('24d58166-a564-49c9-894f-fa4bc35933cf', '3af724b0-32d3-4362-91db-a338700158fa', 'AL003', '669072640952', 'ALÇI ALTI PAMUK ', 'C62', 0.000000, 0.000000, 0, 11.000000);
INSERT INTO public.medicines VALUES ('f06c6965-1134-461a-91a9-0f6d3bb5a388', '60299ba4-e291-4b09-a315-e7101f837dfd', 'Rİ001', '560344493233', 'Ringer Laktat 500 mL', 'C62', 0.000000, 0.000000, 0, 4.000000);
INSERT INTO public.medicines VALUES ('8e9cbe51-e058-4e8b-a15e-b727ffa5e8c6', '480644c6-3faf-4dea-b34a-1d902902f130', '1 LİTRE KABİNDE ', '841701364071', 'BATİKON', 'LTR', 0.000000, 0.000000, 0, 3.000000);
INSERT INTO public.medicines VALUES ('7616650b-c43b-4617-97aa-14300657ef00', '3af724b0-32d3-4362-91db-a338700158fa', 'AL002', '486171346960', 'ALÇI PAMUĞU', 'C62', 0.000000, 0.000000, 0, 2.000000);
INSERT INTO public.medicines VALUES ('c55d9193-a85a-4e28-aa40-a50ba9be6758', '3af724b0-32d3-4362-91db-a338700158fa', 'AL004', '887230302568', 'ALÇILI SARGI ', 'C62', 0.000000, 0.000000, 0, 6.000000);
INSERT INTO public.medicines VALUES ('82153a05-e72f-46e8-9ac9-19382a82b0df', '67394c13-3ac9-4132-aa22-92beec8f4548', 'CL001', '162786674012', 'CLEXAN 0.4 ml sc.', 'C62', 0.000000, 0.000000, 0, 1.000000);
INSERT INTO public.medicines VALUES ('6d22bb5b-14d7-4fce-8a33-d8f4944d31ed', 'f49d881a-0fab-43ac-bbbc-b282a0266119', 'GE001', '259475577431', 'GEBELİK TESTİ', 'C62', 0.000000, 0.000000, 0, 2.000000);
INSERT INTO public.medicines VALUES ('9b91e12f-498e-4793-b7e4-895beaee0429', NULL, 'AK002', '328451864248', 'AKÇİĞER RÖNTGENI FATMA SEMA TERCAN ', 'C62', 0.000000, 2500.000000, 0, 0.000000);
INSERT INTO public.medicines VALUES ('920b3fc2-939b-4cae-8a96-d66a97800e0a', '7c372729-2819-4ff2-b39b-a0d08aa6a5b4', 'İE001', '563977582072', 'İespor 1000 mg ', 'C62', 0.000000, 0.000000, 0, 4.000000);
INSERT INTO public.medicines VALUES ('34567bcc-a3d5-4134-8369-571dbfc8d994', 'f49d881a-0fab-43ac-bbbc-b282a0266119', 'EN004', '490424456097', 'ENJEKTÖR 20 CC', 'C62', 0.000000, 0.000000, 0, 118.000000);
INSERT INTO public.medicines VALUES ('1fc96e84-1194-4c70-95e4-9170f26fd85f', '60299ba4-e291-4b09-a315-e7101f837dfd', '5 002', '340450484959', '%5 Dekstroz IV Solüsyon 100 mL', 'C62', 0.000000, 0.000000, 0, 1.000000);
INSERT INTO public.medicines VALUES ('da54eb1c-8e9f-492b-b1a8-f698379d640e', 'f49d881a-0fab-43ac-bbbc-b282a0266119', 'İN002', '637262117727', 'İNSÜLİN ENJEKTÖRÜ 1MM', 'C62', 0.000000, 0.000000, 0, 56.000000);
INSERT INTO public.medicines VALUES ('6820a6e2-7826-4291-8a95-3d677f10dac7', 'f49d881a-0fab-43ac-bbbc-b282a0266119', '3 001', '336862417967', '3 LÜ MUSLUK ', 'C62', 0.000000, 0.000000, 0, 27.000000);
INSERT INTO public.medicines VALUES ('152961a8-60cd-4003-9954-a823c20290c6', '3d6d3554-0113-40c2-914f-55b872618f8e', 'ST002', '510986032386', 'STERİL SPANÇ 7,5*7,5', 'C62', 0.000000, 0.000000, 0, 51.000000);
INSERT INTO public.medicines VALUES ('084113ea-34bd-4647-ab98-2d0166249b32', 'f49d881a-0fab-43ac-bbbc-b282a0266119', 'Aİ001', '618804685028', 'AİRWAY SARI', 'C62', 0.000000, 0.000000, 0, 3.000000);
INSERT INTO public.medicines VALUES ('ed9db847-de49-4d15-818e-3cf3d169bd15', 'f49d881a-0fab-43ac-bbbc-b282a0266119', 'Aİ002', '432663633282', 'AİRWAY KRIMIZI', 'C62', 0.000000, 0.000000, 0, 4.000000);
INSERT INTO public.medicines VALUES ('1a62616e-7206-4b24-8972-4086cf78078f', 'f49d881a-0fab-43ac-bbbc-b282a0266119', 'Aİ003', '163247658630', 'AİRWAY YEŞİL ', 'C62', 0.000000, 0.000000, 0, 1.000000);
INSERT INTO public.medicines VALUES ('4d078bbe-ad91-4cb3-b02a-94ed1d4457b2', 'f49d881a-0fab-43ac-bbbc-b282a0266119', 'DR002', '482858873818', 'DRENAJ TORBASI ', 'C62', 0.000000, 0.000000, 0, 1.000000);
INSERT INTO public.medicines VALUES ('dc55191a-f1af-4873-bdaa-05fe2924648a', 'f49d881a-0fab-43ac-bbbc-b282a0266119', 'PO002', '666046666299', 'PORT İĞNESİ ', 'C62', 0.000000, 0.000000, 0, 2.000000);
INSERT INTO public.medicines VALUES ('31800778-626d-4f7c-82b7-fc0f2dc472a6', 'f49d881a-0fab-43ac-bbbc-b282a0266119', 'OZ002', '250435789336', 'OZON İĞNESİ ', 'C62', 0.000000, 0.000000, 0, 3.000000);
INSERT INTO public.medicines VALUES ('11f908a7-84b2-4fc5-83a9-404b6331821c', 'f49d881a-0fab-43ac-bbbc-b282a0266119', 'UL001', '322100068956', 'ULTRASON JELİ', 'C62', 0.000000, 0.000000, 0, 1.000000);
INSERT INTO public.medicines VALUES ('85431284-e732-4bf3-978a-952ea3cb42a4', 'f802cd2d-8f34-4c6b-9889-f4f2b739d7ba', '21 adet sağlık kabinde ', '154602082526', 'Avil 45,5 mg/2 ml Ampul', 'C62', 0.000000, 0.000000, 0, 44.000000);
INSERT INTO public.medicines VALUES ('0dd19da6-8d21-4c41-a06c-397bfad065fa', '2e2881fa-c2d9-4c92-aff5-2bf619b9562a', '10 tane kabinde ', '028932822670', 'Dekort 8 mg/2 ml IM/IV', 'C62', 0.000000, 0.000000, 0, 88.000000);
INSERT INTO public.medicines VALUES ('3e24b1b8-e4e3-4943-b4a8-4d2550981513', '60299ba4-e291-4b09-a315-e7101f837dfd', '5 004', '657400018517', '%5 Desktroz %0.45 Sodyum Klorür 1000  mL', 'C62', 0.000000, 0.000000, 0, 3.000000);
INSERT INTO public.medicines VALUES ('1a739e74-737f-4dad-92bc-f6ac16b27a81', 'f7ec8644-06ac-486d-8f0b-ed33287cd5c7', 'KA007', '186852063711', 'KAUÇUK SONDA 22 NUMARA ', 'C62', 0.000000, 0.000000, 0, 2.000000);
INSERT INTO public.medicines VALUES ('59f88605-a825-4e67-b91d-c9aca3647e99', 'f7ec8644-06ac-486d-8f0b-ed33287cd5c7', 'KA004', '661156631314', 'KAUÇUK SONDA 12 NUMARA ', 'C62', 0.000000, 0.000000, 0, 1.000000);
INSERT INTO public.medicines VALUES ('2380fc31-74b7-457e-9134-09ee9ba076f7', 'f7ec8644-06ac-486d-8f0b-ed33287cd5c7', 'KA005', '813366854741', 'KAUÇUK SONDA 14 NUMARA ', 'C62', 0.000000, 0.000000, 0, 5.000000);
INSERT INTO public.medicines VALUES ('d0382020-6af0-4ee2-b055-52a30a4cfa43', 'f7ec8644-06ac-486d-8f0b-ed33287cd5c7', 'KA006', '749606672529', 'KAUÇUK SONDA 16 NUMARA ', 'C62', 0.000000, 0.000000, 0, 2.000000);
INSERT INTO public.medicines VALUES ('ac7f9c23-81df-4144-8f42-92c982261f0d', '6cfe854d-71cc-41ed-99d0-efc8fcaefa7e', 'NG002', '083397980126', 'NG SONDA YEŞİL ', 'C62', 0.000000, 0.000000, 0, 4.000000);
INSERT INTO public.medicines VALUES ('179958c6-2316-4fb6-a4a6-466122e80d8e', '6cfe854d-71cc-41ed-99d0-efc8fcaefa7e', 'NG003', '353192621978', 'NG SONDA TURUNCU ', 'C62', 0.000000, 0.000000, 0, 8.000000);
INSERT INTO public.medicines VALUES ('fbed85ea-09c8-437a-a0e7-028fb1fd3c4e', 'f7ec8644-06ac-486d-8f0b-ed33287cd5c7', 'KA003', '526278013593', 'KATEJEL STERİL TEK KULLANIMLIK ', 'C62', 0.000000, 0.000000, 0, 20.000000);
INSERT INTO public.medicines VALUES ('9339fb96-4d46-42c1-bb8a-35b2f0de75ca', '3166836c-1bff-4bb6-8a1a-4bf9ae110f70', '3 002', '903177648059', '%3 hipertonik sodyum klorür', 'C62', 0.000000, 0.000000, 0, 0.000000);
INSERT INTO public.medicines VALUES ('219fcb5d-e847-4135-92f3-4de2b7242c98', '68570769-2140-41e0-85ff-54afbef78278', '1 tane kabinde ', '177123987820', 'zofer 8 mg ', 'C62', 0.000000, 0.000000, 0, 1.000000);
INSERT INTO public.medicines VALUES ('3da528d3-7153-417f-ae33-cb7b593fc59a', '2e2881fa-c2d9-4c92-aff5-2bf619b9562a', '1 adet kabinde ', '161073056865', 'Prednol-L 250 mg IM/IV', 'C62', 0.000000, 0.000000, 0, 1.000000);
INSERT INTO public.medicines VALUES ('3cf7831c-3502-4ac0-98e3-09055989dd98', 'd8a07b65-9bad-49c1-b070-ace29a93fe43', '1 adet kabınde ', '071976760959', 'Adrenalin Osel 0.5 mg/1 mL IM/IV/SC', 'C62', 0.000000, 0.000000, 0, 1.000000);
INSERT INTO public.medicines VALUES ('63bd1c14-eeaa-4859-8d5c-247524810f49', '512f35ec-aeb8-43e8-a88c-4e3d3977577c', 'PR005', '003427481934', 'Prepagel jel +1 +%5 jel', 'C62', 0.000000, 0.000000, 0, 1.000000);
INSERT INTO public.medicines VALUES ('76f7bacd-9070-4baf-bae2-62c29c025d86', '90dc9c12-809f-4d64-80f9-0d3861f8164f', 'PA006', '476478052939', 'Parmak atel 5 uzun 2 kısa ', 'C62', 0.000000, 0.000000, 0, 7.000000);
INSERT INTO public.medicines VALUES ('d188af40-801d-4a8d-8e22-b478e925b887', 'e93374d3-5ab2-49e3-a23e-c9aecc3245fb', 'GL003', '132737797245', 'Gliserin 35gr ', 'C62', 0.000000, 0.000000, 0, 1.000000);
INSERT INTO public.medicines VALUES ('513b95e9-3433-4fff-96f8-c36c4c1de347', '273f179d-17da-4ee5-aa6a-f4429de540b1', 'DE004', '276576736407', 'Debridat Fort 200 mg Tablet KT', 'C62', 0.000000, 0.000000, 0, 41.000000);
INSERT INTO public.medicines VALUES ('c369db69-e544-4843-ae22-7233e31996af', 'df7d7c15-bbe6-44ea-9029-48e762a910bf', 'NU001', '678718875483', 'NUROFEN TABLET ', 'C62', 0.000000, 0.000000, 0, 1.000000);
INSERT INTO public.medicines VALUES ('7b505e9f-e7bc-40be-be26-01e558753802', '80e76c77-d448-4ca0-8d65-6538127927d4', 'KA008', '688664818017', 'KAPRİL 25 MG ', 'C62', 0.000000, 0.000000, 0, 1.000000);
INSERT INTO public.medicines VALUES ('eefbd5e7-d237-424c-8463-c5eaa5d638d5', '2e2881fa-c2d9-4c92-aff5-2bf619b9562a', '8 adet sağlık kabini', '262565649211', 'Prednol-L 40mg IM/IV', 'C62', 0.000000, 0.000000, 0, 46.000000);
INSERT INTO public.medicines VALUES ('d70e4073-41af-4fd6-a30c-23dd17f1269e', '60299ba4-e291-4b09-a315-e7101f837dfd', '101010006', '663438361340', '1000 mL İZOLEN DENGELİ ', 'C62', 0.000000, 0.000000, 0, 20.000000);
INSERT INTO public.medicines VALUES ('443b623b-f1a8-48c4-9dd6-83850cf0c464', 'c28bf1eb-8f66-45f5-8c10-c5cbef38517f', '3 tanesi kabinde', '3 tanesi kabinde', 'Zygosis 40 mg IV', 'C62', 0.000000, 0.000000, 0, 4.000000);
INSERT INTO public.medicines VALUES ('3c219f1b-2e6e-4213-8012-dcb7a82cde23', 'ba051b32-7eba-4151-802e-75af9d6bea92', '12 adet sağlık kabini ', '897215241451', 'Redox-C 500 mg/5 mL IV C Vitamin', 'C62', 0.000000, 0.000000, 0, 34.000000);
INSERT INTO public.medicines VALUES ('2a462d59-8e81-43a8-be93-b0db4ff8f944', '79a9f9d2-b0ad-4f0e-9de8-efdcd2f21bc0', 'AS001', '016909617161', 'Asist 300 mg/3 ml IM/IV', 'C62', 0.000000, 0.000000, 0, 56.000000);
INSERT INTO public.medicines VALUES ('761d528e-af33-4857-8785-dfa6877149fc', 'c6a110a2-dd10-4b0a-b673-e949dd6cf20f', '6 adet sağlık kabinide ', '113157448745', 'Tilcotil 20 mg/2 ml I.M/I.V.', 'C62', 0.000000, 0.000000, 0, 58.000000);
INSERT INTO public.medicines VALUES ('d513e69f-6af8-4f5e-b1db-e20d1924413a', '60299ba4-e291-4b09-a315-e7101f837dfd', '7 ADET SAĞLIK KABİNİ', '171633763519', '250 MLİZOTONİK  Sodyum Klorür ', 'C62', 0.000000, 0.000000, 0, 66.000000);


--
